000
CXUS55 KCAE 261400
CF6DNL
PRELIMINARY LOCAL CLIMATOLOGICAL DATA (WS FORM: F-6)

                                          STATION:   AUGUSTA DANIEL FIELD GA
                                          MONTH:     NOVEMBER
                                          YEAR:      2014
                                          LATITUDE:   33 28 N
                                          LONGITUDE:  82  2 W

  TEMPERATURE IN F:       :PCPN:    SNOW:  WIND      :SUNSHINE: SKY     :PK WND
================================================================================
1   2   3   4   5  6A  6B    7    8   9   10  11  12  13   14  15   16   17  18
                                     12Z  AVG MX 2MIN
DY MAX MIN AVG DEP HDD CDD  WTR  SNW DPTH SPD SPD DIR MIN PSBL S-S WX    SPD DR
================================================================================

 1  57  38  48 -13  17   0 0.21    M    M 12.1 22 340   M    M   7 1      33 350
 2  62  36  49 -12  16   0 0.00    M    M  6.6 16 310   M    M   0        22 300
 3  66  38  52  -9  13   0 0.00    M    M  3.2  8  40   M    M   0        10  30
 4  73  43  58  -2   7   0 0.00    M    M  2.9 12 200   M    M   0        16 200
 5  75  53  64   4   1   0 0.00    M    M  1.8 10 200   M    M   1        17 190
 6  78  58  68   8   0   3    T    M    M  8.0 18 310   M    M   2        28 220
 7  65  44  55  -5  10   0 0.00    M    M  5.3 15 310   M    M   0        22 300
 8  61  41  51  -8  14   0 0.00    M    M  2.3 10  70   M    M   0        14  60
 9  69  48  59   0   6   0 0.00    M    M  3.9 10 340   M    M   0        12 340
10  72  45  59   0   6   0 0.00    M    M  4.1 10  70   M    M   0        13  70
11  76  49  63   5   2   0 0.00    M    M  7.6 14 340   M    M   1        17 340
12  79  55  67   9   0   2 0.00    M    M  5.8 12 300   M    M   0        17 290
13  61  44  53  -5  12   0    T    M    M  6.4 13 290   M    M   3        21 290
14  47  39  43 -15  22   0 0.00    M    M  7.1 16  30   M    M   6        20  20
15  51  30  41 -16  24   0 0.00    M    M  7.5 15  50   M    M   0        20  50
16  56  40  48  -9  17   0 0.00    M    M  5.6 10  20   M    M   9        12  30
17  69  37  53  -4  12   0 1.14    M    M  8.8 18 300   M    M   8 123    29 280
18  42  29  36 -20  29   0 0.00    M    M  9.7 18 300   M    M   0        25 310
19  50  24  37 -19  28   0 0.00    M    M  4.0 10 300   M    M   0        14 210
20  65  37  51  -5  14   0 0.00    M    M  4.5 13 250   M    M   0        22 230
21  66  41  54  -2  11   0 0.00    M    M  5.8 10 100   M    M   0        14 320
22  64  39  52  -3  13   0 0.01    M    M  6.9 12  70   M    M   2        15 140
23  68  52  60   5   5   0 1.73    M    M  9.9 31 190   M    M   8 13     43 210
24  73  64  69  14   0   4 0.01    M    M  6.5 20 210   M    M   8 1      28 210
25  65  49  57   3   8   0 0.07    M    M  5.2 14 330   M    M   8 1      18 320
================================================================================
SM 1610 1073       287   9  3.17    M    151.5          M       63
================================================================================
AV 64.4 42.9                               6.1 FASTST   M    M   3    MAX(MPH)
                                 MISC ---->  # 31 190               # 43  210
================================================================================
NOTES:
# LAST OF SEVERAL OCCURRENCES

COLUMN 17 PEAK WIND IN M.P.H.

PRELIMINARY LOCAL CLIMATOLOGICAL DATA (WS FORM: F-6) , PAGE 2

                                          STATION:  AUGUSTA DANIEL FIELD GA
                                          MONTH:    NOVEMBER
                                          YEAR:     2014
                                          LATITUDE:   33 28 N
                                          LONGITUDE:  82  2 W

[TEMPERATURE DATA]      [PRECIPITATION DATA]       SYMBOLS USED IN COLUMN 16

AVERAGE MONTHLY: 53.7   TOTAL FOR MONTH:   3.17    1 = FOG OR MIST
DPTR FM NORMAL:  -4.2   DPTR FM NORMAL:    0.65    2 = FOG REDUCING VISIBILITY
HIGHEST:    79 ON 12    GRTST 24HR  1.74 ON 22-23      TO 1/4 MILE OR LESS
LOWEST:     24 ON 19                               3 = THUNDER
                        SNOW, ICE PELLETS, HAIL    4 = ICE PELLETS
                        TOTAL MONTH:    M          5 = HAIL
                        GRTST 24HR    M  ON   M    6 = FREEZING RAIN OR DRIZZLE
                        GRTST DEPTH:  M  ON   M    7 = DUSTSTORM OR SANDSTORM:
                                                       VSBY 1/2 MILE OR LESS
                                                   8 = SMOKE OR HAZE
[NO. OF DAYS WITH]      [WEATHER - DAYS WITH]      9 = BLOWING SNOW
                                                   X = TORNADO
MAX 32 OR BELOW:   0    0.01 INCH OR MORE:   6
MAX 90 OR ABOVE:   0    0.10 INCH OR MORE:   3
MIN 32 OR BELOW:   3    0.50 INCH OR MORE:   2
MIN  0 OR BELOW:   0    1.00 INCH OR MORE:   2

[HDD (BASE 65) ]
TOTAL THIS MO.   287    CLEAR  (SCALE 0-3)  17
DPTR FM NORMAL    90    PTCLDY (SCALE 4-7)   6
TOTAL FM JUL 1   321    CLOUDY (SCALE 8-10)  2
DPTR FM NORMAL    46

[CDD (BASE 65) ]
TOTAL THIS MO.     9
DPTR FM NORMAL    -5    [PRESSURE DATA]
TOTAL FM JAN 1  2634    HIGHEST SLP M ON M
DPTR FM NORMAL   383    LOWEST  SLP 29.66 ON 17

[REMARKS]
