000
CXUS55 KGJT 281000
CF6DRO
PRELIMINARY LOCAL CLIMATOLOGICAL DATA (WS FORM: F-6)

                                          STATION:   DURANGO AIRPORT CO
                                          MONTH:     FEBRUARY
                                          YEAR:      2015
                                          LATITUDE:   37  9 N
                                          LONGITUDE: 107 45 W

  TEMPERATURE IN F:       :PCPN:    SNOW:  WIND      :SUNSHINE: SKY     :PK WND
================================================================================
1   2   3   4   5  6A  6B    7    8   9   10  11  12  13   14  15   16   17  18
                                     12Z  AVG MX 2MIN
DY MAX MIN AVG DEP HDD CDD  WTR  SNW DPTH SPD SPD DIR MIN PSBL S-S WX    SPD DR
================================================================================

 1  40  27  34   9  31   0 0.00    M    M  2.9 12 250   M    M   6 12     13 250
 2  49  22  36  11  29   0 0.00    M    M  4.1 13 130   M    M   1        16  90
 3  52  25  39  13  26   0 0.00    M    M  4.1 16 220   M    M   0        21 220
 4  56  26  41  15  24   0 0.00    M    M  5.4 20 280   M    M   0        27 280
 5  52  27  40  14  25   0 0.00    M    M  3.6  9  50   M    M   0        12 120
 6  59  23  41  15  24   0 0.00    M    M  4.6 13 240   M    M   0        17 260
 7  58  23  41  15  24   0 0.00    M    M  8.1 29 250   M    M   0        38 250
 8  59  24  42  15  23   0 0.00    M    M  4.5 13 220   M    M   0        17 240
 9  60  24  42  15  23   0 0.00    M    M  4.8 16 270   M    M   0        20 260
10  58  23  41  14  24   0 0.00    M    M  5.2 18 250   M    M   0        25 250
11  51  26  39  12  26   0 0.01    M    M  6.0 15 270   M    M   4        19 150
12  50  21  36   8  29   0 0.00    M    M  3.1 12  10   M    M   0        17 290
13  59  22  41  13  24   0 0.00    M    M  5.0 13 200   M    M   0        16 200
14  60  22  41  13  24   0 0.00    M    M  4.2 13  10   M    M   0        18 250
15  61  24  43  15  22   0 0.00    M    M  9.5 31 270   M    M   0        39 300
16  47  22  35   6  30   0 0.00    M    M 11.2 38 280   M    M   1        48 280
17  47  10  29   0  36   0 0.00    M    M  6.9 24 260   M    M   0        30 220
18  55  13  34   5  31   0 0.00    M    M  5.2 14  90   M    M   0        19  90
19  59  17  38   8  27   0 0.00    M    M  6.0 21 270   M    M   0        25 230
20  57  17  37   7  28   0 0.00    M    M  9.0 35 280   M    M   1        45 270
21  45  22  34   4  31   0 0.04    M    M  7.4 23 260   M    M   6 1      29 250
22  34  29  32   1  33   0 0.41    M    M  4.2 12  60   M    M  10 12     14  80
23  32  25  29  -2  36   0 0.71    M    M  5.9 13 120   M    M  10 12     17 140
24  43  25  34   3  31   0    T    M    M  6.5 18 220   M    M   9 1      24 230
25  37  24  31  -1  34   0 0.00    M    M  4.1 14  60   M    M   6 12     15  60
26  36  12  24  -8  41   0 0.09    M    M  3.5 13 280   M    M   4 1      17 260
27  30  10  20 -12  45   0 0.05    M    M  4.0  9 140   M    M   9 128    11 140
================================================================================
SM 1346  585       781   0  1.31    M    149.0          M       67
================================================================================
AV 49.9 21.7                               5.5 FASTST   M    M   2    MAX(MPH)
                                 MISC ---->  # 38 280               # 48  280
================================================================================
NOTES:
# LAST OF SEVERAL OCCURRENCES

COLUMN 17 PEAK WIND IN M.P.H.

PRELIMINARY LOCAL CLIMATOLOGICAL DATA (WS FORM: F-6) , PAGE 2

                                          STATION:  DURANGO AIRPORT CO
                                          MONTH:    FEBRUARY
                                          YEAR:     2015
                                          LATITUDE:   37  9 N
                                          LONGITUDE: 107 45 W

[TEMPERATURE DATA]      [PRECIPITATION DATA]       SYMBOLS USED IN COLUMN 16

AVERAGE MONTHLY: 35.8   TOTAL FOR MONTH:   1.31    1 = FOG OR MIST
DPTR FM NORMAL:   7.4   DPTR FM NORMAL:    0.19    2 = FOG REDUCING VISIBILITY
HIGHEST:    61 ON 15    GRTST 24HR  0.71 ON 23-23      TO 1/4 MILE OR LESS
LOWEST:     10 ON 27,17                            3 = THUNDER
                        SNOW, ICE PELLETS, HAIL    4 = ICE PELLETS
                        TOTAL MONTH:    M          5 = HAIL
                        GRTST 24HR    M  ON   M    6 = FREEZING RAIN OR DRIZZLE
                        GRTST DEPTH:  M  ON   M    7 = DUSTSTORM OR SANDSTORM:
                                                       VSBY 1/2 MILE OR LESS
                                                   8 = SMOKE OR HAZE
[NO. OF DAYS WITH]      [WEATHER - DAYS WITH]      9 = BLOWING SNOW
                                                   X = TORNADO
MAX 32 OR BELOW:   2    0.01 INCH OR MORE:   6
MAX 90 OR ABOVE:   0    0.10 INCH OR MORE:   2
MIN 32 OR BELOW:  27    0.50 INCH OR MORE:   1
MIN  0 OR BELOW:   0    1.00 INCH OR MORE:   0

[HDD (BASE 65) ]
TOTAL THIS MO.   781    CLEAR  (SCALE 0-3)  18
DPTR FM NORMAL  -208    PTCLDY (SCALE 4-7)   5
TOTAL FM JUL 1  4412    CLOUDY (SCALE 8-10)  4
DPTR FM NORMAL  -731

[CDD (BASE 65) ]
TOTAL THIS MO.     0
DPTR FM NORMAL     0    [PRESSURE DATA]
TOTAL FM JAN 1     0    HIGHEST SLP M ON M
DPTR FM NORMAL     0    LOWEST  SLP 29.66 ON 20

[REMARKS]
