000
CXUS55 KGJT 251000
CF6DRO
PRELIMINARY LOCAL CLIMATOLOGICAL DATA (WS FORM: F-6)

                                          STATION:   DURANGO AIRPORT CO
                                          MONTH:     OCTOBER
                                          YEAR:      2014
                                          LATITUDE:   37  9 N
                                          LONGITUDE: 107 45 W

  TEMPERATURE IN F:       :PCPN:    SNOW:  WIND      :SUNSHINE: SKY     :PK WND
================================================================================
1   2   3   4   5  6A  6B    7    8   9   10  11  12  13   14  15   16   17  18
                                     12Z  AVG MX 2MIN
DY MAX MIN AVG DEP HDD CDD  WTR  SNW DPTH SPD SPD DIR MIN PSBL S-S WX    SPD DR
================================================================================

 1  64  37  51  -2  14   0 0.01    M    M  7.1 29 310   M    M   2 3      42 320
 2  62  33  48  -4  17   0 0.00    M    M  6.3 20 330   M    M   0        24 330
 3  67  31  49  -3  16   0 0.00    M    M  4.9 14 270   M    M   0        19 220
 4  71  34  53   1  12   0 0.00    M    M  4.8 21 250   M    M   0        26 260
 5  72  32  52   1  13   0 0.00    M    M  5.0 16  10   M    M   0        20 220
 6  75  32  54   3  11   0 0.00    M    M  6.4 23 270   M    M   0        30 250
 7  72  34  53   3  12   0 0.00    M    M  2.9 15 210   M    M   0        18 210
 8  71  37  54   4  11   0 0.00    M    M  3.5 14 220   M    M   2        17 210
 9  59  48  54   4  11   0 0.62    M    M  3.4 14 140   M    M  10 13     20 190
10  59  44  52   3  13   0 0.05    M    M  2.6  9 120   M    M   8 1      13 140
11  65  39  52   3  13   0 0.00    M    M  4.4 17 260   M    M   2 3      21 260
12  59  37  48   0  17   0    T    M    M 10.2 37 320   M    M   3        48 290
13  59  27  43  -5  22   0 0.00    M    M  5.8 20 330   M    M   0        25 320
14  66  28  47  -1  18   0 0.00    M    M  3.6 13  10   M    M   0        13  10
15  70  31  51   4  14   0 0.00    M    M  4.5 10 360   M    M   0        13 100
16  70  33  52   5  13   0 0.00    M    M  5.2 17 250   M    M   0        22 250
17  68  31  50   4  15   0    T    M    M  4.6 20 320   M    M   1        27 290
18  65  42  54   8  11   0    T    M    M  3.5 14 280   M    M   5        30 250
19  69  37  53   7  12   0 0.32    M    M  4.6 23 310   M    M   3 13     31 320
20  67  37  52   7  13   0 0.00    M    M  2.8 14 170   M    M   3        18 180
21  62  44  53   8  12   0 0.00    M    M  2.3 17 170   M    M   8 38     24 170
22  63  36  50   6  15   0 0.08    M    M  4.4 26 290   M    M   1        39 290
23  67  32  50   6  15   0 0.00    M    M  4.8 15 240   M    M   0        20 250
24  71  32  52   8  13   0 0.00    M    M  4.5 14 230   M    M   0        18 220
================================================================================
SM 1593  848       333   0  1.08    M    112.1          M       48
================================================================================
AV 66.4 35.3                               4.7 FASTST   M    M   2    MAX(MPH)
                                 MISC ---->  # 37 320               # 48  290
================================================================================
NOTES:
# LAST OF SEVERAL OCCURRENCES

COLUMN 17 PEAK WIND IN M.P.H.

PRELIMINARY LOCAL CLIMATOLOGICAL DATA (WS FORM: F-6) , PAGE 2

                                          STATION:  DURANGO AIRPORT CO
                                          MONTH:    OCTOBER
                                          YEAR:     2014
                                          LATITUDE:   37  9 N
                                          LONGITUDE: 107 45 W

[TEMPERATURE DATA]      [PRECIPITATION DATA]       SYMBOLS USED IN COLUMN 16

AVERAGE MONTHLY: 50.9   TOTAL FOR MONTH:   1.08    1 = FOG OR MIST
DPTR FM NORMAL:   2.6   DPTR FM NORMAL:    0.01    2 = FOG REDUCING VISIBILITY
HIGHEST:    75 ON  6    GRTST 24HR  0.67 ON  9-10      TO 1/4 MILE OR LESS
LOWEST:     27 ON 13                               3 = THUNDER
                        SNOW, ICE PELLETS, HAIL    4 = ICE PELLETS
                        TOTAL MONTH:    M          5 = HAIL
                        GRTST 24HR    M  ON   M    6 = FREEZING RAIN OR DRIZZLE
                        GRTST DEPTH:  M  ON   M    7 = DUSTSTORM OR SANDSTORM:
                                                       VSBY 1/2 MILE OR LESS
                                                   8 = SMOKE OR HAZE
[NO. OF DAYS WITH]      [WEATHER - DAYS WITH]      9 = BLOWING SNOW
                                                   X = TORNADO
MAX 32 OR BELOW:   0    0.01 INCH OR MORE:   5
MAX 90 OR ABOVE:   0    0.10 INCH OR MORE:   2
MIN 32 OR BELOW:   9    0.50 INCH OR MORE:   1
MIN  0 OR BELOW:   0    1.00 INCH OR MORE:   0

[HDD (BASE 65) ]
TOTAL THIS MO.   333    CLEAR  (SCALE 0-3)  19
DPTR FM NORMAL   -70    PTCLDY (SCALE 4-7)   4
TOTAL FM JUL 1   451    CLOUDY (SCALE 8-10)  1
DPTR FM NORMAL  -176

[CDD (BASE 65) ]
TOTAL THIS MO.     0
DPTR FM NORMAL     0    [PRESSURE DATA]
TOTAL FM JAN 1   305    HIGHEST SLP M ON M
DPTR FM NORMAL    62    LOWEST  SLP 29.57 ON 12

[REMARKS]
