000
CXUS54 KFWD 290730
CF6DTO
PRELIMINARY LOCAL CLIMATOLOGICAL DATA (WS FORM: F-6)

                                          STATION:   DENTON
                                          MONTH:     AUGUST
                                          YEAR:      2015
                                          LATITUDE:   33 12 N
                                          LONGITUDE:  97 12 W

  TEMPERATURE IN F:       :PCPN:    SNOW:  WIND      :SUNSHINE: SKY     :PK WND
================================================================================
1   2   3   4   5  6A  6B    7    8   9   10  11  12  13   14  15   16   17  18
                                     12Z  AVG MX 2MIN
DY MAX MIN AVG DEP HDD CDD  WTR  SNW DPTH SPD SPD DIR MIN PSBL S-S WX    SPD DR
================================================================================

 1  95  73  84  -1   0  19 0.00  0.0    0  4.0 12 140   M    M   2        15 150
 2  97  77  87   2   0  22 0.00  0.0    0  6.3 14 160   M    M   3        19 180
 3  99  71  85   0   0  20 0.00  0.0    0  3.9 12 140   M    M   1 8      16 150
 4  98  76  87   2   0  22 0.01  0.0    0  6.7 18 150   M    M   2        23 160
 5 102  80  91   6   0  26 0.00  0.0    0 10.8 20 200   M    M   1        25 170
 6 103  82  93   8   0  28 0.00  0.0    0 11.5 20 150   M    M   0        24 150
 7 102  80  91   6   0  26 0.00  0.0    0  9.6 16 170   M    M   0        21 160
 8 102  79  91   6   0  26 0.00  0.0    0  9.9 17 160   M    M   0        23 160
 9 104  78  91   6   0  26 0.00  0.0    0  8.9 17 220   M    M   0        20 220
10 104  72  88   3   0  23 0.00  0.0    0  4.6 15  40   M    M   0        18  50
11 101  82  92   7   0  27 0.00  0.0    0  8.8 17  40   M    M   1        24  50
12  97  76  87   3   0  22 0.00  0.0    0  9.2 17  40   M    M   0        24  20
13  97  72  85   1   0  20 0.00  0.0    0  6.3 14 140   M    M   0        21  70
14  91  75  83  -1   0  18 0.01  0.0    0  7.6 18 330   M    M   4 8      22 330
15  95  69  82  -2   0  17 0.00  0.0    0  5.4 14 100   M    M   0        21  70
16  96  64  80  -4   0  15 0.00  0.0    0  3.8 13 130   M    M   0 18     17 110
17  96  75  86   2   0  21 0.00  0.0    0  6.8 14 150   M    M   1        21 150
18  98  76  87   3   0  22 0.00  0.0    0 10.4 21 160   M    M   0        29 190
19  86  67  77  -7   0  12 0.10  0.0    0 13.9 25  20   M    M   4 13     32  10
20  80  65  73 -11   0   8    T  0.0    0  7.3 14 140   M    M   7        18 130
21  93  71  82  -1   0  17 0.00  0.0    0 13.2 23 150   M    M   4 1      27 150
22  98  76  87   4   0  22 0.00  0.0    0 12.3 22 160   M    M   2        26 160
23  99  78  89   6   0  24 0.00  0.0    0 11.0 24  90   M    M   1        29  90
24  97  74  86   3   0  21 0.00  0.0    0  5.4 14  60   M    M   0 3      19  40
25  93  75  84   1   0  19 0.00  0.0    0  7.6 15 140   M    M   2        19 150
26  95  72  84   2   0  19 0.00  0.0    0  5.4 12 120   M    M   0        16 120
27  97  68  83   1   0  18 0.00  0.0    0  6.0 16 130   M    M   0        33 100
28  96  69  83   1   0  18 0.00  0.0    0  8.5 17 140   M    M   0        21 130
================================================================================
SM 2711 2072         0 578  0.12     0.0 225.1          M       35
================================================================================
AV 96.8 74.0                               8.0 FASTST   M    M   1    MAX(MPH)
                                 MISC ---->  # 25  20               # 33  100
================================================================================
NOTES:
# LAST OF SEVERAL OCCURRENCES

COLUMN 17 PEAK WIND IN M.P.H.

PRELIMINARY LOCAL CLIMATOLOGICAL DATA (WS FORM: F-6) , PAGE 2

                                          STATION:  DENTON
                                          MONTH:    AUGUST
                                          YEAR:     2015
                                          LATITUDE:   33 12 N
                                          LONGITUDE:  97 12 W

[TEMPERATURE DATA]      [PRECIPITATION DATA]       SYMBOLS USED IN COLUMN 16

AVERAGE MONTHLY: 85.4   TOTAL FOR MONTH:   0.12    1 = FOG OR MIST
DPTR FM NORMAL:   1.4   DPTR FM NORMAL:   -1.40    2 = FOG REDUCING VISIBILITY
HIGHEST:   104 ON 10, 9 GRTST 24HR  0.10 ON 19-19      TO 1/4 MILE OR LESS
LOWEST:     64 ON 16                               3 = THUNDER
                        SNOW, ICE PELLETS, HAIL    4 = ICE PELLETS
                        TOTAL MONTH:   0.0 INCH    5 = HAIL
                        GRTST 24HR     0.0         6 = FREEZING RAIN OR DRIZZLE
                        GRTST DEPTH:   0           7 = DUSTSTORM OR SANDSTORM:
                                                       VSBY 1/2 MILE OR LESS
                                                   8 = SMOKE OR HAZE
[NO. OF DAYS WITH]      [WEATHER - DAYS WITH]      9 = BLOWING SNOW
                                                   X = TORNADO
MAX 32 OR BELOW:   0    0.01 INCH OR MORE:   3
MAX 90 OR ABOVE:  26    0.10 INCH OR MORE:   1
MIN 32 OR BELOW:   0    0.50 INCH OR MORE:   0
MIN  0 OR BELOW:   0    1.00 INCH OR MORE:   0

[HDD (BASE 65) ]
TOTAL THIS MO.     0    CLEAR  (SCALE 0-3)  23
DPTR FM NORMAL     0    PTCLDY (SCALE 4-7)   5
TOTAL FM JUL 1     0    CLOUDY (SCALE 8-10)  0
DPTR FM NORMAL     0

[CDD (BASE 65) ]
TOTAL THIS MO.   578
DPTR FM NORMAL    45    [PRESSURE DATA]
TOTAL FM JAN 1  1983    HIGHEST SLP M ON M
DPTR FM NORMAL    75    LOWEST  SLP 29.66 ON 18

[REMARKS]
