000
CXUS54 KFWD 230730
CF6DTO
PRELIMINARY LOCAL CLIMATOLOGICAL DATA (WS FORM: F-6)

                                          STATION:   DENTON
                                          MONTH:     OCTOBER
                                          YEAR:      2017
                                          LATITUDE:   33 12 N
                                          LONGITUDE:  97 12 W

  TEMPERATURE IN F:       :PCPN:    SNOW:  WIND      :SUNSHINE: SKY     :PK WND
================================================================================
1   2   3   4   5  6A  6B    7    8   9   10  11  12  13   14  15   16   17  18
                                     12Z  AVG MX 2MIN
DY MAX MIN AVG DEP HDD CDD  WTR  SNW DPTH SPD SPD DIR MIN PSBL S-S WX    SPD DR
================================================================================

 1  86  63  75   5   0  10 0.00  0.0    0  5.7 14 170   M    M   0        18 150
 2  90  63  77   7   0  12 0.00  0.0    0 11.7 25 140   M    M   1        33 150
 3  89  74  82  12   0  17 0.04  0.0    0 10.1 24 150   M    M   8 13     28 150
 4  87  70  79  10   0  14 0.21  0.0    0  7.7 17 160   M    M   4 1      23 160
 5  88  65  77   8   0  12 0.00  0.0    0  5.8 13 150   M    M   0        17 140
 6  88  67  78  10   0  13 0.00  0.0    0  9.9 20 170   M    M   0        24 160
 7  88  56  72   4   0   7 0.00  0.0    0  8.3 17  20   M    M   2        21  20
 8  90  48  69   1   0   4 0.00  0.0    0  5.0 14 200   M    M   0        17 190
 9  96  59  78  10   0  13    T  0.0    0 12.8 25 170   M    M   2 3      31 170
10  70  49  60  -7   5   0 0.10  0.0    0 12.4 22 320   M    M   3 13     29 300
11  75  44  60  -7   5   0 0.00  0.0    0  4.1 13  30   M    M   0        18  50
12  87  52  70   4   0   5 0.00  0.0    0  6.3 16 140   M    M   0 1      21 150
13  91  66  79  13   0  14 0.00  0.0    0 10.0 21 190   M    M   0        26 190
14  92  67  80  14   0  15 0.00  0.0    0 12.4 24 170   M    M   0        32 180
15  77  49  63  -2   2   0 0.47  0.0    0 14.8 30 360   M    M   3 13     38 360
16  73  43  58  -7   7   0 0.00  0.0    0  6.1 16  60   M    M   0 8      20  60
17  75  40  58  -7   7   0 0.00  0.0    0  4.9 14 180   M    M   0        19 150
18  82  44  63  -1   2   0 0.00  0.0    0  8.7 18 160   M    M   0        23 150
19  81  51  66   2   0   1 0.00  0.0    0  7.0 15 120   M    M   0 8      20 150
20  82  58  70   6   0   5 0.00  0.0    0 12.4 23 150   M    M   5        31 140
21  88  61  75  12   0  10 0.20  0.0    0 16.0 30 320   M    M   9 13     42 310
22  74  45  60  -3   5   0 0.21  0.0    0  9.6 24  30   M    M   3 13     30  20
================================================================================
SM 1849 1234        33 152  1.23     0.0 201.7          M       40
================================================================================
AV 84.1 56.1                               9.2 FASTST   M    M   2    MAX(MPH)
                                 MISC ---->  # 30 360               # 42  310
================================================================================
NOTES:
# LAST OF SEVERAL OCCURRENCES

COLUMN 17 PEAK WIND IN M.P.H.

PRELIMINARY LOCAL CLIMATOLOGICAL DATA (WS FORM: F-6) , PAGE 2

                                          STATION:  DENTON
                                          MONTH:    OCTOBER
                                          YEAR:     2017
                                          LATITUDE:   33 12 N
                                          LONGITUDE:  97 12 W

[TEMPERATURE DATA]      [PRECIPITATION DATA]       SYMBOLS USED IN COLUMN 16

AVERAGE MONTHLY: 70.1   TOTAL FOR MONTH:   1.23    1 = FOG OR MIST
DPTR FM NORMAL:   3.5   DPTR FM NORMAL:   -2.04    2 = FOG REDUCING VISIBILITY
HIGHEST:    96 ON  9    GRTST 24HR  0.47 ON 15-15      TO 1/4 MILE OR LESS
LOWEST:     40 ON 17                               3 = THUNDER
                        SNOW, ICE PELLETS, HAIL    4 = ICE PELLETS
                        TOTAL MONTH:   0.0 INCH    5 = HAIL
                        GRTST 24HR     0.0         6 = FREEZING RAIN OR DRIZZLE
                        GRTST DEPTH:   0           7 = DUSTSTORM OR SANDSTORM:
                                                       VSBY 1/2 MILE OR LESS
                                                   8 = SMOKE OR HAZE
[NO. OF DAYS WITH]      [WEATHER - DAYS WITH]      9 = BLOWING SNOW
                                                   X = TORNADO
MAX 32 OR BELOW:   0    0.01 INCH OR MORE:   6
MAX 90 OR ABOVE:   5    0.10 INCH OR MORE:   5
MIN 32 OR BELOW:   0    0.50 INCH OR MORE:   0
MIN  0 OR BELOW:   0    1.00 INCH OR MORE:   0

[HDD (BASE 65) ]
TOTAL THIS MO.    33    CLEAR  (SCALE 0-3)  18
DPTR FM NORMAL   -20    PTCLDY (SCALE 4-7)   3
TOTAL FM JUL 1    33    CLOUDY (SCALE 8-10)  1
DPTR FM NORMAL   -28

[CDD (BASE 65) ]
TOTAL THIS MO.   152
DPTR FM NORMAL    63    [PRESSURE DATA]
TOTAL FM JAN 1  2539    HIGHEST SLP M ON M
DPTR FM NORMAL   153    LOWEST  SLP 29.58 ON  8

[REMARKS]
