000
CXUS55 KDVN 211100
CF6DVN
PRELIMINARY LOCAL CLIMATOLOGICAL DATA (WS FORM: F-6)

                                          STATION:   DAVENPORT IA
                                          MONTH:     SEPTEMBER
                                          YEAR:      2014
                                          LATITUDE:   41 37 N
                                          LONGITUDE:  90 35 W

  TEMPERATURE IN F:       :PCPN:    SNOW:  WIND      :SUNSHINE: SKY     :PK WND
================================================================================
1   2   3   4   5  6A  6B    7    8   9   10  11  12  13   14  15   16   17  18
                                     12Z  AVG MX 2MIN
DY MAX MIN AVG DEP HDD CDD  WTR  SNW DPTH SPD SPD DIR MIN PSBL S-S WX    SPD DR
================================================================================

 1  81  65  73   5   0   8 0.27  0.0    0 11.0 30 290   M    M   3 13     41 290
 2  80  57  69   1   0   4 0.00  0.0    0  4.1 22 360   M    M   1 12     26 360
 3  83  55  69   1   0   4 0.00  0.0    0 10.5 22 180   M    M   0 1      28 190
 4  87  69  78  10   0  13 0.41  0.0    0 14.7 35 180   M    M   1 13     43 180
 5  81  57  69   2   0   4 0.39  0.0    0  9.4 28 320   M    M   6 13     37 320
 6  74  52  63  -4   2   0 0.00  0.0    0  6.1 14  20   M    M   0        17 340
 7  78  50  64  -3   1   0 0.00  0.0    0  3.9  9 120   M    M   1        11 120
 8  76  52  64  -2   1   0 0.08  0.0    0  8.1 23 130   M    M   0 13     31 150
 9  79  62  71   5   0   6 1.63  0.0    0 10.2 22 190   M    M   6 13     28 190
10  76  53  65  -1   0   0 1.28  0.0    0 15.6 24 310   M    M  10 1      32 310
11  55  47  51 -14  14   0    T  0.0    0  9.3 17 360   M    M   8 1      22  10
12  53  36  45 -20  20   0 0.12  0.0    0  8.1 20 360   M    M   6 1      23 360
13  60  33  47 -17  18   0 0.00  0.0    0  4.5 13  40   M    M   1 12     19  20
14  66  38  52 -12  13   0 0.00  0.0    0  5.6 14 220   M    M   1        18 160
15  67  43  55  -9  10   0 0.07  0.0    0  7.0 23 360   M    M   7 3      29 360
16  66  38  52 -11  13   0 0.00  0.0    0  3.5  9 170   M    M   0 18     14 200
17  70  45  58  -5   7   0 0.00  0.0    0  3.8 10 190   M    M   3 18     14 190
18  74  45  60  -2   5   0 0.00  0.0    0  5.6 15 110   M    M   1 18     19 110
19  76  50  63   1   2   0 0.00  0.0    0 12.1 21 200   M    M   0 18     26 200
20  79  62  71   9   0   6 0.01  0.0    0 10.9 26 300   M    M   4 18     34 260
================================================================================
SM 1461 1009       106  45  4.26     0.0 164.0          M       59
================================================================================
AV 73.1 50.5                               8.2 FASTST   M    M   3    MAX(MPH)
                                 MISC ---->  # 35 180               # 43  180
================================================================================
NOTES:
# LAST OF SEVERAL OCCURRENCES

COLUMN 17 PEAK WIND IN M.P.H.

PRELIMINARY LOCAL CLIMATOLOGICAL DATA (WS FORM: F-6) , PAGE 2

                                          STATION:  DAVENPORT IA
                                          MONTH:    SEPTEMBER
                                          YEAR:     2014
                                          LATITUDE:   41 37 N
                                          LONGITUDE:  90 35 W

[TEMPERATURE DATA]      [PRECIPITATION DATA]       SYMBOLS USED IN COLUMN 16

AVERAGE MONTHLY: 61.8   TOTAL FOR MONTH:   4.26    1 = FOG OR MIST
DPTR FM NORMAL:  -3.5   DPTR FM NORMAL:    2.29    2 = FOG REDUCING VISIBILITY
HIGHEST:    87 ON  4    GRTST 24HR  2.53 ON  9-10      TO 1/4 MILE OR LESS
LOWEST:     33 ON 13                               3 = THUNDER
                        SNOW, ICE PELLETS, HAIL    4 = ICE PELLETS
                        TOTAL MONTH:   0.0 INCH    5 = HAIL
                        GRTST 24HR     0.0         6 = FREEZING RAIN OR DRIZZLE
                        GRTST DEPTH:   0           7 = DUSTSTORM OR SANDSTORM:
                                                       VSBY 1/2 MILE OR LESS
                                                   8 = SMOKE OR HAZE
[NO. OF DAYS WITH]      [WEATHER - DAYS WITH]      9 = BLOWING SNOW
                                                   X = TORNADO
MAX 32 OR BELOW:   0    0.01 INCH OR MORE:   9
MAX 90 OR ABOVE:   0    0.10 INCH OR MORE:   6
MIN 32 OR BELOW:   0    0.50 INCH OR MORE:   2
MIN  0 OR BELOW:   0    1.00 INCH OR MORE:   2

[HDD (BASE 65) ]
TOTAL THIS MO.   106    CLEAR  (SCALE 0-3)  13
DPTR FM NORMAL    53    PTCLDY (SCALE 4-7)   5
TOTAL FM JUL 1   127    CLOUDY (SCALE 8-10)  2
DPTR FM NORMAL    60

[CDD (BASE 65) ]
TOTAL THIS MO.    45
DPTR FM NORMAL   -13    [PRESSURE DATA]
TOTAL FM JAN 1   704    HIGHEST SLP M ON M
DPTR FM NORMAL   -58    LOWEST  SLP 29.48 ON 10

[REMARKS]
