000
CXUS55 KDVN 181100
CF6DVN
PRELIMINARY LOCAL CLIMATOLOGICAL DATA (WS FORM: F-6)

                                          STATION:   DAVENPORT IA
                                          MONTH:     JANUARY
                                          YEAR:      2017
                                          LATITUDE:   41 37 N
                                          LONGITUDE:  90 35 W

  TEMPERATURE IN F:       :PCPN:    SNOW:  WIND      :SUNSHINE: SKY     :PK WND
================================================================================
1   2   3   4   5  6A  6B    7    8   9   10  11  12  13   14  15   16   17  18
                                     12Z  AVG MX 2MIN
DY MAX MIN AVG DEP HDD CDD  WTR  SNW DPTH SPD SPD DIR MIN PSBL S-S WX    SPD DR
================================================================================

 1  38  15  27   5  38   0 0.00  0.0    0  7.4 16 180   M    M   0        18 180
 2  38  25  32  11  33   0 0.01  0.0    0  9.9 16 100   M    M   9 128    18 100
 3  36  12  24   3  41   0    T  0.0    0 17.5 30 310   M    M   7 12     37 310
 4  16   7  12  -9  53   0    T    T    0 18.3 28 300   M    M   2        33 300
 5  14  -1   7 -14  58   0    T    T    T 11.7 21 290   M    M   6 18     24 280
 6   7  -3   2 -19  63   0    T    T    T  8.0 18 290   M    M   3 18     23 280
 7  19   2  11 -10  54   0    T    T    0 10.4 21 290   M    M   3        27 290
 8  21  -3   9 -12  56   0 0.00  0.0    0 10.4 23 180   M    M   3        30 160
 9  36  17  27   6  38   0 0.00  0.0    0 12.7 24 170   M    M   6        33 170
10  49  24  37  16  28   0 0.13  0.0    0 23.3 41 280   M    M   9 13     52 280
11  44  23  34  13  31   0 0.02  0.0    0 11.6 22 170   M    M   5 1      29 170
12  24  16  20  -1  45   0 0.00    T    0 12.1 18 340   M    M   7 1      22 300
13  23  14  19  -2  46   0 0.00  0.0    0 10.9 21  20   M    M   4        24  30
14  30  16  23   2  42   0 0.00  0.0    0  4.9 12 300   M    M   7        14 290
15  33  15  24   3  41   0    T  0.0    0  4.7  9 120   M    M   4 68     10 110
16  36  31  34  13  31   0 0.65  0.0    0  9.8 17 100   M    M  10 1268   21 100
17  36  33  35  14  30   0 0.02  0.0    0 11.4 18 280   M    M  10 12     22 270
================================================================================
SM  500  243       728   0  0.83    T    195.0          M       95
================================================================================
AV 29.4 14.3                              11.5 FASTST   M    M   6    MAX(MPH)
                                 MISC ---->  # 41 280               # 52  280
================================================================================
NOTES:
# LAST OF SEVERAL OCCURRENCES

COLUMN 17 PEAK WIND IN M.P.H.

PRELIMINARY LOCAL CLIMATOLOGICAL DATA (WS FORM: F-6) , PAGE 2

                                          STATION:  DAVENPORT IA
                                          MONTH:    JANUARY
                                          YEAR:     2017
                                          LATITUDE:   41 37 N
                                          LONGITUDE:  90 35 W

[TEMPERATURE DATA]      [PRECIPITATION DATA]       SYMBOLS USED IN COLUMN 16

AVERAGE MONTHLY: 21.9   TOTAL FOR MONTH:   0.83    1 = FOG OR MIST
DPTR FM NORMAL:   0.8   DPTR FM NORMAL:    0.42    2 = FOG REDUCING VISIBILITY
HIGHEST:    49 ON 10    GRTST 24HR  0.65 ON 16-16      TO 1/4 MILE OR LESS
LOWEST:     -3 ON  8, 6                            3 = THUNDER
                        SNOW, ICE PELLETS, HAIL    4 = ICE PELLETS
                        TOTAL MONTH:    T          5 = HAIL
                        GRTST 24HR    T  ON 12-12  6 = FREEZING RAIN OR DRIZZLE
                        GRTST DEPTH:   0           7 = DUSTSTORM OR SANDSTORM:
                                                       VSBY 1/2 MILE OR LESS
                                                   8 = SMOKE OR HAZE
[NO. OF DAYS WITH]      [WEATHER - DAYS WITH]      9 = BLOWING SNOW
                                                   X = TORNADO
MAX 32 OR BELOW:   8    0.01 INCH OR MORE:   5
MAX 90 OR ABOVE:   0    0.10 INCH OR MORE:   2
MIN 32 OR BELOW:  16    0.50 INCH OR MORE:   1
MIN  0 OR BELOW:   3    1.00 INCH OR MORE:   0

[HDD (BASE 65) ]
TOTAL THIS MO.   728    CLEAR  (SCALE 0-3)   4
DPTR FM NORMAL   -19    PTCLDY (SCALE 4-7)   9
TOTAL FM JUL 1  2825    CLOUDY (SCALE 8-10)  4
DPTR FM NORMAL  -502

[CDD (BASE 65) ]
TOTAL THIS MO.     0
DPTR FM NORMAL     0    [PRESSURE DATA]
TOTAL FM JAN 1     0    HIGHEST SLP M ON M
DPTR FM NORMAL     0    LOWEST  SLP 29.23 ON 10

[REMARKS]
