000
CXUS55 KPSR 291005
CF6DVT
PRELIMINARY LOCAL CLIMATOLOGICAL DATA (WS FORM: F-6)

                                          STATION:   DEER VLY/PHOENIX AZ
                                          MONTH:     MARCH
                                          YEAR:      2015
                                          LATITUDE:   33 41 N
                                          LONGITUDE: 112  4 W

  TEMPERATURE IN F:       :PCPN:    SNOW:  WIND      :SUNSHINE: SKY     :PK WND
================================================================================
1   2   3   4   5  6A  6B    7    8   9   10  11  12  13   14  15   16   17  18
                                     12Z  AVG MX 2MIN
DY MAX MIN AVG DEP HDD CDD  WTR  SNW DPTH SPD SPD DIR MIN PSBL S-S WX    SPD DR
================================================================================

 1  70  58  64   5   1   0 0.03  0.0    0  6.6 16 160   M    M   8        22 160
 2  62  49  56  -3   9   0 0.37  0.0    0  5.9 28 250   M    M   9 1      32 260
 3  63  45  54  -5  11   0 0.02  0.0    0  3.8 13 290   M    M   4        18 270
 4  67  44  56  -3   9   0 0.00  0.0    0  4.5 13 250   M    M   0        17 300
 5  74  45  60   0   5   0 0.00  0.0    0  3.8 13 110   M    M   0        17 100
 6  80  48  64   4   1   0 0.00  0.0    0  7.9 20  80   M    M   0        26  80
 7  81  54  68   8   0   3 0.00  0.0    0  4.3 13  30   M    M   0        15  90
 8   M  52   M   M   M   M 0.00  0.0    0  3.7 13 240   M    M   0        20 270
 9   M  54   M   M   M   M 0.00  0.0    0  3.4 14  30   M    M   0        17  30
10  83  51  67   6   0   2 0.00  0.0    0  3.6 14  30   M    M   0        17  30
11  84  56  70   9   0   5 0.00  0.0    0  3.9 13  30   M    M   0        16  30
12  82  66  74  13   0   9    T  0.0    0  7.5 26 310   M    M   3        32 310
13  85  57  71  10   0   6 0.00  0.0    0  6.1 28  50   M    M   0        39  50
14  85  62  74  12   0   9 0.00  0.0    0  5.8 17 130   M    M   0        23 120
15  86  62  74  12   0   9 0.00  0.0    0  4.4 16 100   M    M   0        23 130
16  87  64  76  14   0  11 0.00  0.0    0  5.5 15 110   M    M   0        20 100
17  87  62  75  13   0  10 0.00  0.0    0  7.2 17 240   M    M   0        21 240
18  78  60  69   7   0   4 0.01  0.0    0  5.5 18 200   M    M   6        24 200
19  67  55  61  -2   4   0 1.01  0.0    0  4.0 15  30   M    M   6 1      18  40
20  77  58  68   5   0   3 0.00  0.0    0  4.4 22 120   M    M   1        32 120
21  82  57  70   7   0   5 0.00  0.0    0  3.2 12 260   M    M   0        16 250
22  84  57  71   8   0   6 0.00  0.0    0  4.6 15 250   M    M   0        25 220
23  82  55  69   5   0   4 0.00  0.0    0  3.1 15 280   M    M   0        20 240
24  82  54  68   4   0   3 0.00  0.0    0  4.0 13 240   M    M   0        18 260
25  86  55  71   7   0   6 0.00  0.0    0  4.2 15 220   M    M   0        24 220
26  87  59  73   9   0   8 0.00  0.0    0  4.1 15  50   M    M   0        22  40
27  90  58  74  10   0   9 0.00  0.0    0  4.3 14  30   M    M   0        16  30
28  90  57  74   9   0   9 0.00  0.0    0  4.3 15  30   M    M   0        17  30
================================================================================
SM 2081 1554        40 121  1.44     0.0 133.6          M       37
================================================================================
AV 80.0 55.5                               4.8 FASTST   M    M   1    MAX(MPH)
                                 MISC ---->  # 28 250               # 39   50
================================================================================
NOTES:
# LAST OF SEVERAL OCCURRENCES

COLUMN 17 PEAK WIND IN M.P.H.

PRELIMINARY LOCAL CLIMATOLOGICAL DATA (WS FORM: F-6) , PAGE 2

                                          STATION:  DEER VLY/PHOENIX AZ
                                          MONTH:    MARCH
                                          YEAR:     2015
                                          LATITUDE:   33 41 N
                                          LONGITUDE: 112  4 W

[TEMPERATURE DATA]      [PRECIPITATION DATA]       SYMBOLS USED IN COLUMN 16

AVERAGE MONTHLY: 67.8   TOTAL FOR MONTH:   1.44    1 = FOG OR MIST
DPTR FM NORMAL:   6.1   DPTR FM NORMAL:    0.32    2 = FOG REDUCING VISIBILITY
HIGHEST:    90 ON 28,27 GRTST 24HR  1.01 ON 19-19      TO 1/4 MILE OR LESS
LOWEST:     44 ON  4                               3 = THUNDER
                        SNOW, ICE PELLETS, HAIL    4 = ICE PELLETS
                        TOTAL MONTH:   0.0 INCH    5 = HAIL
                        GRTST 24HR     0.0         6 = FREEZING RAIN OR DRIZZLE
                        GRTST DEPTH:   0           7 = DUSTSTORM OR SANDSTORM:
                                                       VSBY 1/2 MILE OR LESS
                                                   8 = SMOKE OR HAZE
[NO. OF DAYS WITH]      [WEATHER - DAYS WITH]      9 = BLOWING SNOW
                                                   X = TORNADO
MAX 32 OR BELOW:   0    0.01 INCH OR MORE:   5
MAX 90 OR ABOVE:   2    0.10 INCH OR MORE:   2
MIN 32 OR BELOW:   0    0.50 INCH OR MORE:   1
MIN  0 OR BELOW:   0    1.00 INCH OR MORE:   1

[HDD (BASE 65) ]
TOTAL THIS MO.    40    CLEAR  (SCALE 0-3)  23
DPTR FM NORMAL   -94    PTCLDY (SCALE 4-7)   3
TOTAL FM JUL 1   808    CLOUDY (SCALE 8-10)  2
DPTR FM NORMAL  -439

[CDD (BASE 65) ]
TOTAL THIS MO.   121
DPTR FM NORMAL    78    [PRESSURE DATA]
TOTAL FM JAN 1   132    HIGHEST SLP M ON M
DPTR FM NORMAL    84    LOWEST  SLP 29.76 ON  9

[REMARKS]
