000
CXUS54 KEWX 202044
CF6DZB
PRELIMINARY LOCAL CLIMATOLOGICAL DATA (WS FORM: F-6)

                                          STATION:   Horseshoe Bay
                                          MONTH:     SEPTEMBER
                                          YEAR:      2017
                                          LATITUDE:   30 31 N
                                          LONGITUDE:  98 22 W

  TEMPERATURE IN F:       :PCPN:    SNOW:  WIND      :SUNSHINE: SKY     :PK WND
================================================================================
1   2   3   4   5  6A  6B    7    8   9   10  11  12  13   14  15   16   17  18
                                     12Z  AVG MX 2MIN
DY MAX MIN AVG DEP HDD CDD  WTR  SNW DPTH SPD SPD DIR MIN PSBL S-S WX    SPD DR
================================================================================

 1  92  62  77   M   0  12 0.00    M    M  1.1  5 160   M    M   0         M  M
 2  93  65  79   M   0  14 0.00    M    M  3.6  8 150   M    M   0         M  M
 3  91  69  80   M   0  15 0.00    M    M  3.0  8 130   M    M   0         M  M
 4  92  64  78   M   0  13 0.00    M    M  2.3  7 170   M    M   0         M  M
 5  95  66  81   M   0  16 0.06    M    M  2.7 12 330   M    M   2 3      17 330
 6  85  58  72   M   0   7 0.00    M    M  4.0  9  50   M    M   3        20  40
 7  84  50  67   M   0   2 0.00    M    M  2.7  9  70   M    M   0        17  80
 8  85  52  69   M   0   4 0.00    M    M  1.6  5 100   M    M   0         M  M
 9  86  56  71   M   0   6 0.00    M    M  2.0  9  60   M    M   0         M  M
10  85  54  70   M   0   5 0.00    M    M  2.8  8  40   M    M   0         M  M
11  86  55  71   M   0   6 0.00    M    M  2.5  9 360   M    M   1         M  M
12  92  52  72   M   0   7 0.00    M    M  3.4  9 340   M    M   0         M  M
13  95  59  77   M   0  12 0.00    M    M  1.8  7 150   M    M   0         M  M
14  96  67  82   M   0  17 0.00    M    M  5.8 14 190   M    M   0        18 190
15  93  71  82   M   0  17 0.00    M    M  5.8 10 170   M    M   1        20 170
16  93  72  83   M   0  18 0.00    M    M  4.9  8 200   M    M   2         M  M
17  94  66  80   M   0  15 0.00    M    M  3.9  9 180   M    M   1         M  M
18  96  68  82   M   0  17 0.00    M    M  3.5 10 180   M    M   2 1      17 170
19  95  74  85   M   0  20 0.00  0.0    0  5.1 10 170   M    M   2 3      22 170
================================================================================
SM 1728 1180         0 223  0.06     0.0  62.5          M       14
================================================================================
AV 91.0 62.1                               3.3 FASTST   M    M   1    MAX(MPH)
                                 MISC ---->  # 14 190               # 22  170
================================================================================
NOTES:
# LAST OF SEVERAL OCCURRENCES

COLUMN 17 PEAK WIND IN M.P.H.

PRELIMINARY LOCAL CLIMATOLOGICAL DATA (WS FORM: F-6) , PAGE 2

                                          STATION:  Horseshoe Bay
                                          MONTH:    SEPTEMBER
                                          YEAR:     2017
                                          LATITUDE:   30 31 N
                                          LONGITUDE:  98 22 W

[TEMPERATURE DATA]      [PRECIPITATION DATA]       SYMBOLS USED IN COLUMN 16

AVERAGE MONTHLY: 76.5   TOTAL FOR MONTH:   0.06    1 = FOG OR MIST
DPTR FM NORMAL:     M   DPTR FM NORMAL:       M    2 = FOG REDUCING VISIBILITY
HIGHEST:    96 ON 18,14 GRTST 24HR  0.06 ON  5- 5      TO 1/4 MILE OR LESS
LOWEST:     50 ON  7                               3 = THUNDER
                        SNOW, ICE PELLETS, HAIL    4 = ICE PELLETS
                        TOTAL MONTH:   0.0 INCH    5 = HAIL
                        GRTST 24HR     0.0         6 = FREEZING RAIN OR DRIZZLE
                        GRTST DEPTH:   0           7 = DUSTSTORM OR SANDSTORM:
                                                       VSBY 1/2 MILE OR LESS
                                                   8 = SMOKE OR HAZE
[NO. OF DAYS WITH]      [WEATHER - DAYS WITH]      9 = BLOWING SNOW
                                                   X = TORNADO
MAX 32 OR BELOW:   0    0.01 INCH OR MORE:   1
MAX 90 OR ABOVE:  13    0.10 INCH OR MORE:   0
MIN 32 OR BELOW:   0    0.50 INCH OR MORE:   0
MIN  0 OR BELOW:   0    1.00 INCH OR MORE:   0

[HDD (BASE 65) ]
TOTAL THIS MO.     0    CLEAR  (SCALE 0-3)  19
DPTR FM NORMAL     M    PTCLDY (SCALE 4-7)   0
TOTAL FM JUL 1     0    CLOUDY (SCALE 8-10)  0
DPTR FM NORMAL     M

[CDD (BASE 65) ]
TOTAL THIS MO.   223
DPTR FM NORMAL     M    [PRESSURE DATA]
TOTAL FM JAN 1  2444    HIGHEST SLP M ON M
DPTR FM NORMAL     M    LOWEST  SLP M ON M

[REMARKS]
