000
CXUS53 KMPX 171000
CF6EAU
PRELIMINARY LOCAL CLIMATOLOGICAL DATA (WS FORM: F-6)

                                          STATION:   EAU CLAIRE WI
                                          MONTH:     JANUARY
                                          YEAR:      2018
                                          LATITUDE:   44 52 N
                                          LONGITUDE:  91 29 W

  TEMPERATURE IN F:       :PCPN:    SNOW:  WIND      :SUNSHINE: SKY     :PK WND
================================================================================
1   2   3   4   5  6A  6B    7    8   9   10  11  12  13   14  15   16   17  18
                                     12Z  AVG MX 2MIN
DY MAX MIN AVG DEP HDD CDD  WTR  SNW DPTH SPD SPD DIR MIN PSBL S-S WX    SPD DR
================================================================================

 1  -3 -17 -10 -25  75   0 0.00  0.0    4  6.4 13 260   M    M   0        16 260
 2  14 -10   2 -13  63   0 0.02  0.4    4 11.1 24 220   M    M   3 18     33 230
 3  11  -9   1 -14  64   0 0.00  0.0    4  8.2 17 320   M    M   2 8      25 320
 4   4 -19  -7 -22  72   0 0.00  0.0    4  1.3  6 260   M    M   0 18      8 260
 5   4 -19  -7 -22  72   0 0.00  0.0    4  2.5 10 320   M    M   1 18     14 360
 6  10 -21  -5 -19  70   0 0.00  0.0    4  6.5 18 180   M    M   2 18     26 180
 7  27   9  18   4  47   0 0.00  0.0    4  8.8 17 210   M    M   7 18     22 230
 8  34  16  25  11  40   0 0.00  0.0    4  6.3 16 260   M    M   1 18     21 260
 9  40  16  28  14  37   0 0.00  0.0    4  7.6 17 140   M    M   5        23 140
10  36  33  35  21  30   0    T  0.0    3  9.9 18 150   M    M   8 18     26 180
11  37   5  21   7  44   0 0.41  2.7    1 11.2 20 330   M    M  10 128    29 340
12   6 -10  -2 -16  67   0 0.00  0.0    4  8.9 17 340   M    M   3        25 330
13   0 -18  -9 -23  74   0 0.00  0.0    3  3.5  9 270   M    M   0        12 270
14  14 -24  -5 -19  70   0 0.12  1.5    3  6.0 16 160   M    M   6 18     23 160
15  14   6  10  -4  55   0 0.06  1.5    5  8.9 16 330   M    M  10 18     25 340
16  12  -3   5  -9  60   0    T    T    5  6.4 15 250   M    M   2 1      18 260
================================================================================
SM  260  -65       940   0  0.61     6.1 113.5          M       60
================================================================================
AV 16.3 -4.1                               7.1 FASTST   M    M   4    MAX(MPH)
                                 MISC ---->  # 24 220               # 33  230
================================================================================
NOTES:
# LAST OF SEVERAL OCCURRENCES

COLUMN 17 PEAK WIND IN M.P.H.

PRELIMINARY LOCAL CLIMATOLOGICAL DATA (WS FORM: F-6) , PAGE 2

                                          STATION:  EAU CLAIRE WI
                                          MONTH:    JANUARY
                                          YEAR:     2018
                                          LATITUDE:   44 52 N
                                          LONGITUDE:  91 29 W

[TEMPERATURE DATA]      [PRECIPITATION DATA]       SYMBOLS USED IN COLUMN 16

AVERAGE MONTHLY:  6.1   TOTAL FOR MONTH:   0.61    1 = FOG OR MIST
DPTR FM NORMAL:  -8.2   DPTR FM NORMAL:    0.16    2 = FOG REDUCING VISIBILITY
HIGHEST:    40 ON  9    GRTST 24HR  0.41 ON 11-11      TO 1/4 MILE OR LESS
LOWEST:    -24 ON 14                               3 = THUNDER
                        SNOW, ICE PELLETS, HAIL    4 = ICE PELLETS
                        TOTAL MONTH:   6.1 INCHES  5 = HAIL
                        GRTST 24HR   2.7 ON 11-11  6 = FREEZING RAIN OR DRIZZLE
                        GRTST DEPTH:   5 ON 16,15  7 = DUSTSTORM OR SANDSTORM:
                                                       VSBY 1/2 MILE OR LESS
                                                   8 = SMOKE OR HAZE
[NO. OF DAYS WITH]      [WEATHER - DAYS WITH]      9 = BLOWING SNOW
                                                   X = TORNADO
MAX 32 OR BELOW:  12    0.01 INCH OR MORE:   4
MAX 90 OR ABOVE:   0    0.10 INCH OR MORE:   2
MIN 32 OR BELOW:  15    0.50 INCH OR MORE:   0
MIN  0 OR BELOW:  10    1.00 INCH OR MORE:   0

[HDD (BASE 65) ]
TOTAL THIS MO.   940    CLEAR  (SCALE 0-3)   9
DPTR FM NORMAL   129    PTCLDY (SCALE 4-7)   5
TOTAL FM JUL 1  4089    CLOUDY (SCALE 8-10)  2
DPTR FM NORMAL   102

[CDD (BASE 65) ]
TOTAL THIS MO.     0
DPTR FM NORMAL     0    [PRESSURE DATA]
TOTAL FM JAN 1     0    HIGHEST SLP M ON M
DPTR FM NORMAL     0    LOWEST  SLP 29.45 ON 10

[REMARKS]
