000
CXUS55 KEAX 260736
CF6EAX
PRELIMINARY LOCAL CLIMATOLOGICAL DATA (WS FORM: F-6)

                                          STATION:   Pleasant Hill NWS MO
                                          MONTH:     MARCH
                                          YEAR:      2015
                                          LATITUDE:   38 48 N
                                          LONGITUDE:  94 16 W

  TEMPERATURE IN F:       :PCPN:    SNOW:  WIND      :SUNSHINE: SKY     :PK WND
================================================================================
1   2   3   4   5  6A  6B    7    8   9   10  11  12  13   14  15   16   17  18
                                     12Z  AVG MX 2MIN
DY MAX MIN AVG DEP HDD CDD  WTR  SNW DPTH SPD SPD DIR MIN PSBL S-S WX    SPD DR
================================================================================

 1  31  20  26 -12  39   0 0.01  0.1    2   M   M   M   0    0   0         0   0
 2  37  14  26 -12  39   0 0.00  0.0    2   M   M   M   0    0   0         0   0
 3  45  29  37  -2  28   0    T  0.0    T   M   M   M   0    0   0 1       0   0
 4  29  17  23 -16  42   0    T    T    0   M   M   M   0    0   0         0   0
 5  32   9  21 -19  44   0 0.00  0.0    0   M   M   M   0    0   0         0   0
 6  56  20  38  -2  27   0 0.00  0.0    0   M   M   M   0    0   0         0   0
 7  68  31  50  10  15   0 0.00  0.0    0   M   M   M   0    0   0         0   0
 8  68  39  54  13  11   0 0.00  0.0    0   M   M   M   0    0   0         0   0
 9  59  34  47   6  18   0 0.00  0.0    0   M   M   M   0    0   0         0   0
10  68  42  55  13  10   0 0.00  0.0    0   M   M   M   0    0   0         0   0
11  75  43  59  17   6   0 0.00  0.0    0   M   M   M   0    0   0         0   0
12  73  44  59  17   6   0 0.00  0.0    0   M   M   M   0    0   0         0   0
13  70  46  58  15   7   0 0.00  0.0    0   M   M   M   0    0   0         0   0
14  63  45  54  11  11   0 0.00  0.0    0   M   M   M   0    0   0         0   0
15  74  40  57  14   8   0 0.00  0.0    0   M   M   M   0    0   0         0   0
16  80  50  65  21   0   0 0.00  0.0    0   M   M   M   0    0   0         0   0
17  58  40  49   5  16   0 0.00  0.0    0   M   M   M   0    0   0         0   0
18  42  34  38  -6  27   0 0.44  0.0    0   M   M   M   0    0   0         0   0
19  40  34  37  -8  28   0 0.56  0.0    0   M   M   M   0    0   0         0   0
20  58  35  47   2  18   0 0.00  0.0    0   M   M   M   0    0   0         0   0
21  70  42  56  11   9   0 0.00  0.0    0   M   M   M   0    0   0         0   0
22  72  40  56  10   9   0 0.00  0.0    0   M   M   M   0    0   0         0   0
23  59  34  47   1  18   0 0.00  0.0    0   M   M   M   0    0   0         0   0
24  56  36  46   0  19   0 0.02    M    0   M   M   M   0    0   0 3       0   0
25  52  40  46  -1  19   0 0.07  0.0    0   M   M   M   0    0   0         0   0
================================================================================
SM 1435  858       474   0  1.10     0.1     M            0      0
================================================================================
AV 57.4 34.3                                 M FASTST    0   0   0    MAX(MPH)
                                 MISC ---->     M   M               #  0    0
================================================================================
NOTES:
# LAST OF SEVERAL OCCURRENCES

COLUMN 17 PEAK WIND IN M.P.H.

PRELIMINARY LOCAL CLIMATOLOGICAL DATA (WS FORM: F-6) , PAGE 2

                                          STATION:  Pleasant Hill NWS MO
                                          MONTH:    MARCH
                                          YEAR:     2015
                                          LATITUDE:   38 48 N
                                          LONGITUDE:  94 16 W

[TEMPERATURE DATA]      [PRECIPITATION DATA]       SYMBOLS USED IN COLUMN 16

AVERAGE MONTHLY: 45.9   TOTAL FOR MONTH:   1.10    1 = FOG OR MIST
DPTR FM NORMAL:   3.3   DPTR FM NORMAL:   -1.29    2 = FOG REDUCING VISIBILITY
HIGHEST:    80 ON 16    GRTST 24HR  0.56 ON 19-19      TO 1/4 MILE OR LESS
LOWEST:      9 ON  5                               3 = THUNDER
                        SNOW, ICE PELLETS, HAIL    4 = ICE PELLETS
                        TOTAL MONTH:   0.1 INCH    5 = HAIL
                        GRTST 24HR   0.1 ON   M    6 = FREEZING RAIN OR DRIZZLE
                        GRTST DEPTH:   2 ON  2, 1  7 = DUSTSTORM OR SANDSTORM:
                                                       VSBY 1/2 MILE OR LESS
                                                   8 = SMOKE OR HAZE
[NO. OF DAYS WITH]      [WEATHER - DAYS WITH]      9 = BLOWING SNOW
                                                   X = TORNADO
MAX 32 OR BELOW:   3    0.01 INCH OR MORE:   5
MAX 90 OR ABOVE:   0    0.10 INCH OR MORE:   2
MIN 32 OR BELOW:   7    0.50 INCH OR MORE:   1
MIN  0 OR BELOW:   0    1.00 INCH OR MORE:   0

[HDD (BASE 65) ]
TOTAL THIS MO.   474    CLEAR  (SCALE 0-3)  25
DPTR FM NORMAL   -87    PTCLDY (SCALE 4-7)   0
TOTAL FM JUL 1  4668    CLOUDY (SCALE 8-10)  0
DPTR FM NORMAL    79

[CDD (BASE 65) ]
TOTAL THIS MO.     0
DPTR FM NORMAL     0    [PRESSURE DATA]
TOTAL FM JAN 1     0    HIGHEST SLP  0.00 ON M
DPTR FM NORMAL     0    LOWEST  SLP  0.00 ON M

[REMARKS]
