000
CXUS55 KVEF 190940
CF6EED
PRELIMINARY LOCAL CLIMATOLOGICAL DATA (WS FORM: F-6)

                                          STATION:   NEEDLES CA
                                          MONTH:     FEBRUARY
                                          YEAR:      2018
                                          LATITUDE:   34 46 N
                                          LONGITUDE: 114 37 W

  TEMPERATURE IN F:       :PCPN:    SNOW:  WIND      :SUNSHINE: SKY     :PK WND
================================================================================
1   2   3   4   5  6A  6B    7    8   9   10  11  12  13   14  15   16   17  18
                                     12Z  AVG MX 2MIN
DY MAX MIN AVG DEP HDD CDD  WTR  SNW DPTH SPD SPD DIR MIN PSBL S-S WX    SPD DR
================================================================================

 1  78  47  63   7   2   0 0.00  0.0    0  4.1 12 250   M    M   0        15  10
 2  79  49  64   8   1   0 0.00  0.0    0  5.1 12 240   M    M   0        15 360
 3  84  51  68  12   0   3 0.00  0.0    0  7.5 25  30   M    M   0        30  30
 4  84  56  70  14   0   5 0.00  0.0    0  7.6 20  30   M    M   0        24  20
 5  84  52  68  12   0   3 0.00  0.0    0  4.4 12 240   M    M   0        14  10
 6  81  53  67  10   0   2 0.00  0.0    0 10.9 29  20   M    M   0        34  30
 7  78  54  66   9   0   1 0.00  0.0    0 11.0 23  10   M    M   0        27  30
 8  83  59  71  14   0   6 0.00  0.0    0 10.2 24  20   M    M   0        29  20
 9  84  51  68  11   0   3 0.00  0.0    0  3.5  9 240   M    M   0        10 240
10  83  54  69  12   0   4 0.00  0.0    0 10.8 35  20   M    M   1 8      44  30
11  69  52  61   3   4   0 0.00  0.0    0 14.5 36  20   M    M   4 8      44  10
12  72  54  63   5   2   0    T  0.0    0 12.4 24 190   M    M   4        31 190
13  69  55  62   4   3   0    T  0.0    0  9.6 18 360   M    M   6        21 360
14  71  53  62   4   3   0 0.00  0.0    0  7.7 23 210   M    M   5        27 210
15  73  57  65   7   0   0 0.00  0.0    0  8.0 20  20   M    M   4        24  20
16  69  49  59   1   6   0 0.00  0.0    0 14.0 28  30   M    M   0        32  30
17  73  42  58  -1   7   0 0.00  0.0    0  4.6 13 250   M    M   0        15  30
18  79  48  64   5   1   0 0.00  0.0    0 12.7 29 190   M    M   0        38 190
================================================================================
SM 1393  936        29  27    T      0.0 158.6          M       24
================================================================================
AV 77.4 52.0                               8.8 FASTST   M    M   1    MAX(MPH)
                                 MISC ---->  # 36  20               # 44   30
================================================================================
NOTES:
# LAST OF SEVERAL OCCURRENCES

COLUMN 17 PEAK WIND IN M.P.H.

PRELIMINARY LOCAL CLIMATOLOGICAL DATA (WS FORM: F-6) , PAGE 2

                                          STATION:  NEEDLES CA
                                          MONTH:    FEBRUARY
                                          YEAR:     2018
                                          LATITUDE:   34 46 N
                                          LONGITUDE: 114 37 W

[TEMPERATURE DATA]      [PRECIPITATION DATA]       SYMBOLS USED IN COLUMN 16

AVERAGE MONTHLY: 64.7   TOTAL FOR MONTH:      T    1 = FOG OR MIST
DPTR FM NORMAL:   7.4   DPTR FM NORMAL:   -0.50    2 = FOG REDUCING VISIBILITY
HIGHEST:    84 ON  9, 5 GRTST 24HR    T  ON 13-13      TO 1/4 MILE OR LESS
LOWEST:     42 ON 17                               3 = THUNDER
                        SNOW, ICE PELLETS, HAIL    4 = ICE PELLETS
                        TOTAL MONTH:   0.0 INCH    5 = HAIL
                        GRTST 24HR     0.0         6 = FREEZING RAIN OR DRIZZLE
                        GRTST DEPTH:   0           7 = DUSTSTORM OR SANDSTORM:
                                                       VSBY 1/2 MILE OR LESS
                                                   8 = SMOKE OR HAZE
[NO. OF DAYS WITH]      [WEATHER - DAYS WITH]      9 = BLOWING SNOW
                                                   X = TORNADO
MAX 32 OR BELOW:   0    0.01 INCH OR MORE:   0
MAX 90 OR ABOVE:   0    0.10 INCH OR MORE:   0
MIN 32 OR BELOW:   0    0.50 INCH OR MORE:   0
MIN  0 OR BELOW:   0    1.00 INCH OR MORE:   0

[HDD (BASE 65) ]
TOTAL THIS MO.    29    CLEAR  (SCALE 0-3)  13
DPTR FM NORMAL  -113    PTCLDY (SCALE 4-7)   5
TOTAL FM JUL 1   372    CLOUDY (SCALE 8-10)  0
DPTR FM NORMAL  -627

[CDD (BASE 65) ]
TOTAL THIS MO.    27
DPTR FM NORMAL    27    [PRESSURE DATA]
TOTAL FM JAN 1    33    HIGHEST SLP M ON M
DPTR FM NORMAL    32    LOWEST  SLP 29.56 ON 10

[REMARKS]
