000
CXUS55 KGJT 251000
CF6EEO
PRELIMINARY LOCAL CLIMATOLOGICAL DATA (WS FORM: F-6)

                                          STATION:   MEEKER CO
                                          MONTH:     JULY
                                          YEAR:      2016
                                          LATITUDE:   40  2 N
                                          LONGITUDE: 107 53 W

  TEMPERATURE IN F:       :PCPN:    SNOW:  WIND      :SUNSHINE: SKY     :PK WND
================================================================================
1   2   3   4   5  6A  6B    7    8   9   10  11  12  13   14  15   16   17  18
                                     12Z  AVG MX 2MIN
DY MAX MIN AVG DEP HDD CDD  WTR  SNW DPTH SPD SPD DIR MIN PSBL S-S WX    SPD DR
================================================================================

 1  72  55  64  -1   1   0 0.79    M    M  4.5 17 360   M    M   7 13     21  10
 2  78  55  67   2   0   2 0.19    M    M  4.1 21 150   M    M   5 3      29 150
 3  80  55  68   3   0   3    T    M    M  6.7 32  20   M    M   2 3      40  20
 4  83  49  66   1   0   1 0.01    M    M  5.2 18 180   M    M   2 3      23  70
 5  87  52  70   4   0   5    T    M    M  8.7 23 210   M    M   2 3      34 180
 6  88  49  69   3   0   4 0.00    M    M  9.5 25 190   M    M   0        35 200
 7  87  47  67   1   0   2 0.00    M    M  5.1 23 260   M    M   0        34 250
 8  90  45  68   2   0   3 0.00    M    M  7.7 22 210   M    M   0        29 240
 9  90  47  69   3   0   4 0.00    M    M  7.8 28 240   M    M   0        37 250
10  89  52  71   5   0   6 0.00    M    M 12.5 29 240   M    M   0        39 200
11  78  44  61  -6   4   0 0.00    M    M  8.3 28 250   M    M   0        34 240
12  86  36  61  -6   4   0 0.00    M    M  5.3 22 270   M    M   0        28 260
13  89  45  67   0   0   2 0.00    M    M  6.8 25 270   M    M   0        32 230
14  89  41  65  -2   0   0 0.00    M    M  6.4 22 250   M    M   0        28 250
15  89  44  67   0   0   2    T    M    M  4.6 36 190   M    M   0        49 190
16  91  48  70   2   0   5 0.00    M    M  5.6 23 250   M    M   0        30 210
17  91  50  71   3   0   6 0.00    M    M  7.8 24 230   M    M   0        30 210
18  76  52  64  -4   1   0 0.04    M    M  5.3 21 290   M    M   4 3      27 290
19  84  56  70   2   0   5 0.08    M    M  5.0 20 280   M    M   3 3      25 270
20  81  52  67  -1   0   2 0.38    M    M  6.3 18 250   M    M   3 3      26 250
21  83  54  69   1   0   4 0.29    M    M  4.6 21  90   M    M   1 3      30  90
22  86  51  69   1   0   4 0.01    M    M  4.3 24 210   M    M   1        30 220
23  89  53  71   3   0   6 0.00    M    M  6.0 23 280   M    M   0 3      39 280
24  91  53  72   4   0   7 0.00    M    M  4.6 21 100   M    M   0 3      27 100
================================================================================
SM 2047 1185        10  73  1.79    M    152.7          M       30
================================================================================
AV 85.3 49.4                               6.4 FASTST   M    M   1    MAX(MPH)
                                 MISC ---->  # 36 190               # 49  190
================================================================================
NOTES:
# LAST OF SEVERAL OCCURRENCES

COLUMN 17 PEAK WIND IN M.P.H.

PRELIMINARY LOCAL CLIMATOLOGICAL DATA (WS FORM: F-6) , PAGE 2

                                          STATION:  MEEKER CO
                                          MONTH:    JULY
                                          YEAR:     2016
                                          LATITUDE:   40  2 N
                                          LONGITUDE: 107 53 W

[TEMPERATURE DATA]      [PRECIPITATION DATA]       SYMBOLS USED IN COLUMN 16

AVERAGE MONTHLY: 67.3   TOTAL FOR MONTH:   1.79    1 = FOG OR MIST
DPTR FM NORMAL:   0.5   DPTR FM NORMAL:    0.95    2 = FOG REDUCING VISIBILITY
HIGHEST:    91 ON 24,17 GRTST 24HR  0.81 ON 30- 1      TO 1/4 MILE OR LESS
LOWEST:     36 ON 12                               3 = THUNDER
                        SNOW, ICE PELLETS, HAIL    4 = ICE PELLETS
                        TOTAL MONTH:    M          5 = HAIL
                        GRTST 24HR    M  ON   M    6 = FREEZING RAIN OR DRIZZLE
                        GRTST DEPTH:  M  ON   M    7 = DUSTSTORM OR SANDSTORM:
                                                       VSBY 1/2 MILE OR LESS
                                                   8 = SMOKE OR HAZE
[NO. OF DAYS WITH]      [WEATHER - DAYS WITH]      9 = BLOWING SNOW
                                                   X = TORNADO
MAX 32 OR BELOW:   0    0.01 INCH OR MORE:   8
MAX 90 OR ABOVE:   5    0.10 INCH OR MORE:   4
MIN 32 OR BELOW:   0    0.50 INCH OR MORE:   1
MIN  0 OR BELOW:   0    1.00 INCH OR MORE:   0

[HDD (BASE 65) ]
TOTAL THIS MO.    10    CLEAR  (SCALE 0-3)  20
DPTR FM NORMAL    -6    PTCLDY (SCALE 4-7)   4
TOTAL FM JUL 1    10    CLOUDY (SCALE 8-10)  0
DPTR FM NORMAL    -6

[CDD (BASE 65) ]
TOTAL THIS MO.    73
DPTR FM NORMAL    14    [PRESSURE DATA]
TOTAL FM JAN 1   137    HIGHEST SLP M ON M
DPTR FM NORMAL    60    LOWEST  SLP 29.58 ON 10

[REMARKS]
