000
CXUS54 KBMX 301216
CF6EET
PRELIMINARY LOCAL CLIMATOLOGICAL DATA (WS FORM: F-6)

                                          STATION:   SHELBY COUNTY AIRPORT
                                          MONTH:     MAY
                                          YEAR:      2016
                                          LATITUDE:   33 10 N
                                          LONGITUDE:  86 47 W

  TEMPERATURE IN F:       :PCPN:    SNOW:  WIND      :SUNSHINE: SKY     :PK WND
================================================================================
1   2   3   4   5  6A  6B    7    8   9   10  11  12  13   14  15   16   17  18
                                     12Z  AVG MX 2MIN
DY MAX MIN AVG DEP HDD CDD  WTR  SNW DPTH SPD SPD DIR MIN PSBL S-S WX    SPD DR
================================================================================

 1  78  63  71   4   0   6 0.45  0.0    0  2.3 13 250   M    M   7 13     24 280
 2  79  63  71   4   0   6 0.20  0.0    0  3.0 12 190   M    M   6 13     15 210
 3  74  58  66  -1   0   1 0.00  0.0    0  5.7 12 310   M    M   7 1      17 320
 4  72  52  62  -5   3   0 0.01  0.0    0  6.1 16 310   M    M   3        23 310
 5  72  50  61  -7   4   0 0.00  0.0    0  8.7 21 320   M    M   1        31 300
 6  74  47  61  -7   4   0 0.00  0.0    0  5.6 18 320   M    M   1        25 310
 7  80  48  64  -4   1   0 0.00  0.0    0  3.3 12 300   M    M   0        15 280
 8  86  54  70   2   0   5 0.00  0.0    0  2.7 12 190   M    M   0        16 200
 9  74  61  68  -1   0   3    T  0.0    0  4.2 13 160   M    M   2        16 150
10  85  66  76   7   0  11 0.00  0.0    0  7.6 14 170   M    M   3        19 170
11  84  64  74   5   0   9 0.00  0.0    0  3.1 10 300   M    M   2 1      15 200
12  86  66  76   6   0  11 0.44  0.0    0  4.1 17 320   M    M   3 13     30 340
13  79  58  69  -1   0   4 0.00  0.0    0  5.1 15 320   M    M   3 1      20 320
14  82  53  68  -2   0   3 0.00  0.0    0  5.5 15 310   M    M   0        21 270
15  73  53  63  -7   2   0 0.00  0.0    0  3.6 12 360   M    M   0        17 360
16  74  55  65  -6   0   0 0.00  0.0    0  2.0  9  80   M    M   3        15  60
17  79  63  71   0   0   6 0.22  0.0    0  2.6 10 190   M    M   6 1      14 180
18  81  63  72   1   0   7 0.06  0.0    0  2.4 10 350   M    M   8 13     15 340
19  83  60  72   1   0   7 0.02  0.0    0  3.3  9 300   M    M   1 1      16  10
20  77  68  73   1   0   8 0.11  0.0    0  6.3 15 170   M    M   7 138    22 130
21  82  63  73   1   0   8 0.00  0.0    0  5.3 15 310   M    M   5        23 300
22  81  57  69  -3   0   4 0.00  0.0    0  4.1 15 360   M    M   0        22  10
23  84  55  70  -2   0   5 0.00  0.0    0  0.9  9 140   M    M   0        13 160
24  87  59  73   0   0   8 0.00  0.0    0  1.2  9 140   M    M   0 1      16 180
25  89  61  75   2   0  10 0.00  0.0    0  4.0 15 150   M    M   0 18     21 160
26  91  63  77   4   0  12 0.00  0.0    0  4.5 15 170   M    M   1 1      21 170
27  88  67  78   5   0  13    T  0.0    0  4.2 15 160   M    M   1        19 170
28  84  68  76   2   0  11    T  0.0    0  2.1  9 110   M    M   1        14 120
29  90  67  79   5   0  14    T  0.0    0  1.9 10 320   M    M   1 13     15 320
================================================================================
SM 2348 1725        14 172  1.51     0.0 115.4          M       72
================================================================================
AV 81.0 59.5                               4.0 FASTST   M    M   2    MAX(MPH)
                                 MISC ---->  # 21 320               # 31  300
================================================================================
NOTES:
# LAST OF SEVERAL OCCURRENCES

COLUMN 17 PEAK WIND IN M.P.H.

PRELIMINARY LOCAL CLIMATOLOGICAL DATA (WS FORM: F-6) , PAGE 2

                                          STATION:  SHELBY COUNTY AIRPORT
                                          MONTH:    MAY
                                          YEAR:     2016
                                          LATITUDE:   33 10 N
                                          LONGITUDE:  86 47 W

[TEMPERATURE DATA]      [PRECIPITATION DATA]       SYMBOLS USED IN COLUMN 16

AVERAGE MONTHLY: 70.2   TOTAL FOR MONTH:   1.51    1 = FOG OR MIST
DPTR FM NORMAL:  -0.1   DPTR FM NORMAL:   -2.65    2 = FOG REDUCING VISIBILITY
HIGHEST:    91 ON 26    GRTST 24HR  0.46 ON  1- 2      TO 1/4 MILE OR LESS
LOWEST:     47 ON  6                               3 = THUNDER
                        SNOW, ICE PELLETS, HAIL    4 = ICE PELLETS
                        TOTAL MONTH:   0.0 INCH    5 = HAIL
                        GRTST 24HR     0.0         6 = FREEZING RAIN OR DRIZZLE
                        GRTST DEPTH:   0           7 = DUSTSTORM OR SANDSTORM:
                                                       VSBY 1/2 MILE OR LESS
                                                   8 = SMOKE OR HAZE
[NO. OF DAYS WITH]      [WEATHER - DAYS WITH]      9 = BLOWING SNOW
                                                   X = TORNADO
MAX 32 OR BELOW:   0    0.01 INCH OR MORE:   8
MAX 90 OR ABOVE:   2    0.10 INCH OR MORE:   5
MIN 32 OR BELOW:   0    0.50 INCH OR MORE:   0
MIN  0 OR BELOW:   0    1.00 INCH OR MORE:   0

[HDD (BASE 65) ]
TOTAL THIS MO.    14    CLEAR  (SCALE 0-3)  21
DPTR FM NORMAL    -6    PTCLDY (SCALE 4-7)   7
TOTAL FM JUL 1  1843    CLOUDY (SCALE 8-10)  1
DPTR FM NORMAL  -745

[CDD (BASE 65) ]
TOTAL THIS MO.   172
DPTR FM NORMAL    -4    [PRESSURE DATA]
TOTAL FM JAN 1   274    HIGHEST SLP M ON M
DPTR FM NORMAL    23    LOWEST  SLP 29.73 ON  4

[REMARKS]
