000
CXUS56 KEKA 261230
CF6EKA
PRELIMINARY LOCAL CLIMATOLOGICAL DATA (WS FORM: F-6)

                                          STATION:   EUREKA CA
                                          MONTH:     NOVEMBER
                                          YEAR:      2014
                                          LATITUDE:   40 47 N
                                          LONGITUDE: 124 10 W

  TEMPERATURE IN F:       :PCPN:    SNOW:  WIND      :SUNSHINE: SKY     :PK WND
================================================================================
1   2   3   4   5  6A  6B    7    8   9   10  11  12  13   14  15   16   17  18
                                     12Z  AVG MX 2MIN
DY MAX MIN AVG DEP HDD CDD  WTR  SNW DPTH SPD SPD DIR MIN PSBL S-S WX    SPD DR
================================================================================

 1  61  44  53   0  12   0    T    M    0  3.3 12 360   M    M   4        16  M
 2  60  42  51  -2  14   0 0.00  0.0    0  3.1 10 350   M    M   3        20  M
 3  61  46  54   1  11   0 0.00  0.0    0  2.3  7 300   M    M   9        10  M
 4  65  50  58   5   7   0    T  0.0    0  1.3  5 290   M    M  10 1       9  M
 5  66  51  59   7   6   0 0.00  0.0    0  2.3  6 240   M    M   9 1       7  M
 6  64  52  58   6   7   0 0.22  0.0    0  4.2 12 230   M    M   9 1      22  M
 7  61  52  57   5   8   0 0.00  0.0    0  2.5  7 360   M    M   6 1       9  M
 8  58  50  54   2  11   0 0.00  0.0    0  0.8  3  50   M    M  10 2       9  M
 9  60  54  57   5   8   0    T  0.0    0  5.0 13  10   M    M  10 1      22  M
10  61  46  54   2  11   0 0.00  0.0    0  4.6 10  20   M    M   4 1      14  M
11  61  46  54   2  11   0 0.00  0.0    0  3.2 10 260   M    M  10 1      15  M
12  65  50  58   7   7   0 0.10  0.0    0  4.5 12 250   M    M  10        18  M
13  64  56  60   9   5   0 0.12  0.0    0  5.2 12 280   M    M   9        15  M
14  58  53  56   5   9   0 0.33  0.0    0  2.6  8 180   M    M  10 1      12  M
15  61  50  56   5   9   0 0.00  0.0    0  1.4  7 320   M    M   6 1       9  M
16  60  42  51   0  14   0 0.00  0.0    0  0.1  3  20   M    M   9 1       6  M
17  63  39  51   0  14   0 0.00  0.0    0  1.5  6 110   M    M   4         7  M
18  65  41  53   3  12   0 0.00  0.0    0  1.8  7  90   M    M  10         9  M
19  65  51  58   8   7   0 0.46  0.0    0  5.2 14 170   M    M  10 1      25 170
20  56  48  52   2  13   0 0.57    M    0  3.5  9 160   M    M  10 1      20  M
21  59  47  53   3  12   0 0.75    M    0  8.1 15 170   M    M  10 1      29 180
22  61  45  53   3  12   0 0.22    M    0  4.9 10 320   M    M   6 1      22  M
23  55  41  48  -2  17   0 0.00  0.0    0  1.5  6 260   M    M   9 1       8  M
24  61  41  51   2  14   0 0.00  0.0    0  0.5  5 300   M    M   8         7  M
25  62  44  53   4  12   0 0.00  0.0    0  0.8  5 310   M    M   1 8       7  M
================================================================================
SM 1533 1181       263   0  2.77     0.0  74.2          M      196
================================================================================
AV 61.3 47.2                               3.0 FASTST   M    M   8    MAX(MPH)
                                 MISC ---->  # 15 170                 29    M
================================================================================
NOTES:
# LAST OF SEVERAL OCCURRENCES

COLUMN 17 PEAK WIND IN M.P.H.

PRELIMINARY LOCAL CLIMATOLOGICAL DATA (WS FORM: F-6) , PAGE 2

                                          STATION:  EUREKA CA
                                          MONTH:    NOVEMBER
                                          YEAR:     2014
                                          LATITUDE:   40 47 N
                                          LONGITUDE: 124 10 W

[TEMPERATURE DATA]      [PRECIPITATION DATA]       SYMBOLS USED IN COLUMN 16

AVERAGE MONTHLY: 54.3   TOTAL FOR MONTH:   2.77    1 = FOG OR MIST
DPTR FM NORMAL:   3.1   DPTR FM NORMAL:   -1.68    2 = FOG REDUCING VISIBILITY
HIGHEST:    66 ON  5    GRTST 24HR  0.75 ON 21-21      TO 1/4 MILE OR LESS
LOWEST:     39 ON 17                               3 = THUNDER
                        SNOW, ICE PELLETS, HAIL    4 = ICE PELLETS
                        TOTAL MONTH:   0.0 INCH    5 = HAIL
                        GRTST 24HR     0.0         6 = FREEZING RAIN OR DRIZZLE
                        GRTST DEPTH:   0           7 = DUSTSTORM OR SANDSTORM:
                                                       VSBY 1/2 MILE OR LESS
                                                   8 = SMOKE OR HAZE
[NO. OF DAYS WITH]      [WEATHER - DAYS WITH]      9 = BLOWING SNOW
                                                   X = TORNADO
MAX 32 OR BELOW:   0    0.01 INCH OR MORE:   8
MAX 90 OR ABOVE:   0    0.10 INCH OR MORE:   8
MIN 32 OR BELOW:   0    0.50 INCH OR MORE:   2
MIN  0 OR BELOW:   0    1.00 INCH OR MORE:   0

[HDD (BASE 65) ]
TOTAL THIS MO.   263    CLEAR  (SCALE 0-3)   2
DPTR FM NORMAL   -84    PTCLDY (SCALE 4-7)   7
TOTAL FM JUL 1   965    CLOUDY (SCALE 8-10) 16
DPTR FM NORMAL  -376

[CDD (BASE 65) ]
TOTAL THIS MO.     0
DPTR FM NORMAL     0    [PRESSURE DATA]
TOTAL FM JAN 1     4    HIGHEST SLP M ON M
DPTR FM NORMAL     4    LOWEST  SLP M ON M

[REMARKS]
