000
CXUS56 KEKA 221230
CF6EKA
PRELIMINARY LOCAL CLIMATOLOGICAL DATA (WS FORM: F-6)

                                          STATION:   EUREKA CA
                                          MONTH:     AUGUST
                                          YEAR:      2017
                                          LATITUDE:   40 47 N
                                          LONGITUDE: 124 10 W

  TEMPERATURE IN F:       :PCPN:    SNOW:  WIND      :SUNSHINE: SKY     :PK WND
================================================================================
1   2   3   4   5  6A  6B    7    8   9   10  11  12  13   14  15   16   17  18
                                     12Z  AVG MX 2MIN
DY MAX MIN AVG DEP HDD CDD  WTR  SNW DPTH SPD SPD DIR MIN PSBL S-S WX    SPD DR
================================================================================

 1  67  51  59   1   6   0 0.00  0.0    0  4.2  9 280   M    M   4 2      12  M
 2  65  54  60   2   5   0 0.00  0.0    0  3.6  9 270   M    M   3 1      12  M
 3  64  55  60   2   5   0    T  0.0    0  3.1  8 310   M    M   8 2       8  M
 4  66  53  60   2   5   0 0.00  0.0    0  3.8  9 330   M    M   9 2       9  M
 5  62  56  59   0   6   0 0.00  0.0    0  2.7  7 350   M    M  10 1       8  M
 6  66  57  62   3   3   0 0.00  0.0    0  3.3  8 340   M    M   8 1       9 340
 7  65  56  61   2   4   0    T  0.0    0  3.7  9 320   M    M  10 1       9 320
 8  61  56  59   0   6   0    T  0.0    0  4.4  8  10   M    M  10 18      9  10
 9  63  57  60   1   5   0    T  0.0    0  4.2  8 320   M    M  10 18     13 350
10  62  57  60   1   5   0 0.00  0.0    0  4.8 10 330   M    M  10 13      8  M
11  65  58  62   3   3   0    T  0.0    0  3.9 10 360   M    M  10 1      13  M
12  63  58  61   2   4   0 0.01  0.0    0  5.2 10  10   M    M  10 1      14  M
13  69  55  62   3   3   0 0.00  0.0    0  3.6 10 320   M    M   8 1      12  M
14  64  53  59   0   6   0 0.00  0.0    0  3.5  9  10   M    M   5 1      12  M
15  65  54  60   1   5   0 0.00  0.0    0  3.1 10 320   M    M   9 1      13  M
16  65  54  60   1   5   0 0.00  0.0    0  4.2  9 190   M    M   8 18      9  M
17  65  53  59   0   6   0 0.00  0.0    0  6.0 13 240   M    M   1 18     21 260
18  62  54  58  -1   7   0 0.00  0.0    0  4.0 10 320   M    M  10 28     12  M
19  64  52  58  -1   7   0 0.00  0.0    0  5.1  9 200   M    M  10 18     12 270
20  63  50  57  -2   8   0 0.00  0.0    0  5.0 15 280   M    M  10 8      18 240
21  56  53  55  -4  10   0    T  0.0    0  3.9  7 270   M    M   0 18      9 290
================================================================================
SM 1342 1146       114   0  0.01     0.0  85.3          M      163
================================================================================
AV 63.9 54.6                               4.1 FASTST   M    M   8    MAX(MPH)
                                 MISC ---->  # 15 280               # 21  260
================================================================================
NOTES:
# LAST OF SEVERAL OCCURRENCES

COLUMN 17 PEAK WIND IN M.P.H.

PRELIMINARY LOCAL CLIMATOLOGICAL DATA (WS FORM: F-6) , PAGE 2

                                          STATION:  EUREKA CA
                                          MONTH:    AUGUST
                                          YEAR:     2017
                                          LATITUDE:   40 47 N
                                          LONGITUDE: 124 10 W

[TEMPERATURE DATA]      [PRECIPITATION DATA]       SYMBOLS USED IN COLUMN 16

AVERAGE MONTHLY: 59.2   TOTAL FOR MONTH:   0.01    1 = FOG OR MIST
DPTR FM NORMAL:   0.4   DPTR FM NORMAL:   -0.16    2 = FOG REDUCING VISIBILITY
HIGHEST:    69 ON 13    GRTST 24HR  0.01 ON 12-12      TO 1/4 MILE OR LESS
LOWEST:     50 ON 20                               3 = THUNDER
                        SNOW, ICE PELLETS, HAIL    4 = ICE PELLETS
                        TOTAL MONTH:   0.0 INCH    5 = HAIL
                        GRTST 24HR     0.0         6 = FREEZING RAIN OR DRIZZLE
                        GRTST DEPTH:   0           7 = DUSTSTORM OR SANDSTORM:
                                                       VSBY 1/2 MILE OR LESS
                                                   8 = SMOKE OR HAZE
[NO. OF DAYS WITH]      [WEATHER - DAYS WITH]      9 = BLOWING SNOW
                                                   X = TORNADO
MAX 32 OR BELOW:   0    0.01 INCH OR MORE:   1
MAX 90 OR ABOVE:   0    0.10 INCH OR MORE:   0
MIN 32 OR BELOW:   0    0.50 INCH OR MORE:   0
MIN  0 OR BELOW:   0    1.00 INCH OR MORE:   0

[HDD (BASE 65) ]
TOTAL THIS MO.   114    CLEAR  (SCALE 0-3)   3
DPTR FM NORMAL   -18    PTCLDY (SCALE 4-7)   6
TOTAL FM JUL 1   331    CLOUDY (SCALE 8-10) 12
DPTR FM NORMAL   -27

[CDD (BASE 65) ]
TOTAL THIS MO.     0
DPTR FM NORMAL     0    [PRESSURE DATA]
TOTAL FM JAN 1     0    HIGHEST SLP M ON M
DPTR FM NORMAL     0    LOWEST  SLP M ON M

[REMARKS]
