000
CXUS56 KLKN 301009
CF6EKO
PRELIMINARY LOCAL CLIMATOLOGICAL DATA (WS FORM: F-6)

                                          STATION:   ELKO AIRPORT NV
                                          MONTH:     MAY
                                          YEAR:      2015
                                          LATITUDE:   40 49 N
                                          LONGITUDE: 115 47 W

  TEMPERATURE IN F:       :PCPN:    SNOW:  WIND      :SUNSHINE: SKY     :PK WND
================================================================================
1   2   3   4   5  6A  6B    7    8   9   10  11  12  13   14  15   16   17  18
                                     12Z  AVG MX 2MIN
DY MAX MIN AVG DEP HDD CDD  WTR  SNW DPTH SPD SPD DIR MIN PSBL S-S WX    SPD DR
================================================================================

 1  79  37  58   9   7   0 0.00  0.0    0  4.5 25 190   M    M   1        34 190
 2  81  43  62  12   3   0 0.00  0.0    0  8.1 36 270   M    M   2 3      44 260
 3  78  43  61  11   4   0    T  0.0    0  6.6 29 290   M    M   3 3      38 300
 4  78  38  58   8   7   0 0.00  0.0    0  6.0 25 160   M    M   2 3      33 150
 5  75  39  57   7   8   0    T  0.0    0  7.0 24 280   M    M   3        30 280
 6  65  37  51   0  14   0    T  0.0    0  8.4 23  20   M    M   4        30  20
 7  52  32  42  -9  23   0 0.41  2.0    0  9.2 22  40   M    M   8 12     29  50
 8  59  43  51   0  14   0 0.25  0.0    0  8.1 21 180   M    M   5 13     28 170
 9  66  38  52   0  13   0 0.05    T    0  7.4 20 330   M    M   6 3      26 300
10  70  32  51  -1  14   0 0.00  0.0    0  5.8 20 250   M    M   0        25 280
11  72  36  54   2  11   0    T  0.0    0  9.8 33 200   M    M   4        43 210
12  73  40  57   5   8   0 0.00  0.0    0 10.9 32 160   M    M   7        44 160
13  69  32  51  -2  14   0 0.00  0.0    0  4.6 15 240   M    M   3        21 260
14  67  43  55   2  10   0 0.00  0.0    0  7.4 28 250   M    M   4 3      36 200
15  59  36  48  -5  17   0 0.27  0.0    0  7.7 23 260   M    M   6 13     28 160
16  56  40  48  -6  17   0 0.08  0.0    0  9.9 23 260   M    M  10 1      29 250
17  66  38  52  -2  13   0 0.02  0.0    0  4.9 26 180   M    M   5 8      36 180
18  60  44  52  -2  13   0 0.33  0.0    0  4.8 17 240   M    M   8 138    21  60
19  56  45  51  -3  14   0 0.54  0.0    0  5.3 16 250   M    M   9 1      19 230
20  62  44  53  -1  12   0 0.04  0.0    0  3.7 26 260   M    M   5 3      32 270
21  67  41  54  -1  11   0 0.03  0.0    0  5.1 25 200   M    M   4 3      33 200
22  63  46  55   0  10   0    T  0.0    0  6.5 20 330   M    M   9 3      24 320
23  60  47  54  -1  11   0 0.28    T    0  5.1 16 350   M    M   9 135    20  60
24  60  43  52  -4  13   0 1.02    T    0  4.6 17 240   M    M   6 1358   22 250
25  68  41  55  -1  10   0    T  0.0    0  6.0 24  10   M    M   5 3      30  10
26  72  45  59   3   6   0    T  0.0    0  6.3 23 340   M    M   5 3      26 330
27  72  47  60   4   5   0 0.16  0.0    0  6.6 21 310   M    M   3 13     29 310
28  76  44  60   3   5   0 0.01  0.0    0  4.4 16  30   M    M   2 3      19  30
29  80  45  63   6   2   0 0.00  0.0    0  3.7 12 230   M    M   1        14 300
================================================================================
SM 1961 1179       309   0  3.49     2.0 188.4          M      139
================================================================================
AV 67.6 40.7                               6.5 FASTST   M    M   5    MAX(MPH)
                                 MISC ---->  # 36 270               # 44  260
================================================================================
NOTES:
# LAST OF SEVERAL OCCURRENCES

COLUMN 17 PEAK WIND IN M.P.H.

PRELIMINARY LOCAL CLIMATOLOGICAL DATA (WS FORM: F-6) , PAGE 2

                                          STATION:  ELKO AIRPORT NV
                                          MONTH:    MAY
                                          YEAR:     2015
                                          LATITUDE:   40 49 N
                                          LONGITUDE: 115 47 W

[TEMPERATURE DATA]      [PRECIPITATION DATA]       SYMBOLS USED IN COLUMN 16

AVERAGE MONTHLY: 54.1   TOTAL FOR MONTH:   3.49    1 = FOG OR MIST
DPTR FM NORMAL:   1.0   DPTR FM NORMAL:    2.59    2 = FOG REDUCING VISIBILITY
HIGHEST:    81 ON  2    GRTST 24HR  1.16 ON 23-24      TO 1/4 MILE OR LESS
LOWEST:     32 ON 13,10                            3 = THUNDER
                        SNOW, ICE PELLETS, HAIL    4 = ICE PELLETS
                        TOTAL MONTH:   2.0 INCHES  5 = HAIL
                        GRTST 24HR   2.0 ON  7- 7  6 = FREEZING RAIN OR DRIZZLE
                        GRTST DEPTH:   0           7 = DUSTSTORM OR SANDSTORM:
                                                       VSBY 1/2 MILE OR LESS
                                                   8 = SMOKE OR HAZE
[NO. OF DAYS WITH]      [WEATHER - DAYS WITH]      9 = BLOWING SNOW
                                                   X = TORNADO
MAX 32 OR BELOW:   0    0.01 INCH OR MORE:  14
MAX 90 OR ABOVE:   0    0.10 INCH OR MORE:   8
MIN 32 OR BELOW:   3    0.50 INCH OR MORE:   2
MIN  0 OR BELOW:   0    1.00 INCH OR MORE:   1

[HDD (BASE 65) ]
TOTAL THIS MO.   309    CLEAR  (SCALE 0-3)   8
DPTR FM NORMAL   -39    PTCLDY (SCALE 4-7)  16
TOTAL FM JUL 1  5525    CLOUDY (SCALE 8-10)  5
DPTR FM NORMAL -1394

[CDD (BASE 65) ]
TOTAL THIS MO.     0
DPTR FM NORMAL     0    [PRESSURE DATA]
TOTAL FM JAN 1     0    HIGHEST SLP M ON M
DPTR FM NORMAL     0    LOWEST  SLP 29.47 ON 12

[REMARKS]
