000
CXUS54 KSHV 301300
CF6ELD
PRELIMINARY LOCAL CLIMATOLOGICAL DATA (WS FORM: F-6)

                                          STATION:   EL DORADO
                                          MONTH:     SEPTEMBER
                                          YEAR:      2016
                                          LATITUDE:   33 13 N
                                          LONGITUDE:  92 49 W

  TEMPERATURE IN F:       :PCPN:    SNOW:  WIND      :SUNSHINE: SKY     :PK WND
================================================================================
1   2   3   4   5  6A  6B    7    8   9   10  11  12  13   14  15   16   17  18
                                     12Z  AVG MX 2MIN
DY MAX MIN AVG DEP HDD CDD  WTR  SNW DPTH SPD SPD DIR MIN PSBL S-S WX    SPD DR
================================================================================

 1  92  74  83   4   0  18 0.00  0.0    0  6.6 14  10   M    M   1 1      19  20
 2  86  65  76  -3   0  11 0.00  0.0    0  6.1 14  40   M    M   1        18 350
 3  87  61  74  -5   0   9 0.00  0.0    0  3.4 10  60   M    M   0        14 320
 4  91  64  78   0   0  13 0.00  0.0    0  2.4  8 150   M    M   1 1      10 100
 5  93  73  83   5   0  18 0.00  0.0    0  4.6 24 140   M    M   2 13     31 140
 6  90  73  82   4   0  17 0.00  0.0    0  3.7  9 140   M    M   4 1      12 150
 7  91  72  82   4   0  17 0.00  0.0    0  2.9 10 150   M    M   1 1      14 160
 8  92  74  83   6   0  18 0.00  0.0    0  5.1 12 140   M    M   1 1      16 140
 9  91  75  83   6   0  18 0.00  0.0    0  6.3 13 160   M    M   3 8      17 160
10  92  72  82   5   0  17 1.20  0.0    0  4.8 22 340   M    M   4 138    26 330
11  85  65  75  -1   0  10 0.00  0.0    0  4.4 12  50   M    M   2 8      17  30
12  88  67  78   2   0  13 0.00  0.0    0  2.7  9 170   M    M   1 18     11 140
13  91  69  80   4   0  15 0.00  0.0    0  2.1 10  80   M    M   1 18     17  80
14  92  70  81   6   0  16    T  0.0    0  2.8 12  40   M    M   1 18     15  50
15  93  71  82   7   0  17 0.10  0.0    0  2.1 22 160   M    M   1 13     26 160
16  91  71  81   6   0  16 0.00  0.0    0  3.8 14 110   M    M   1 18     18 150
17  91  72  82   8   0  17 0.00  0.0    0  2.0  9 290   M    M   5 1      12 280
18  85  69  77   3   0  12 0.38  0.0    0  2.0 20 200   M    M   2 13     27 200
19  91  67  79   5   0  14 0.00  0.0    0  1.2  9  80   M    M   1 12     11  80
20  91  66  79   6   0  14 0.00  0.0    0  2.1  9  10   M    M   0 1      13 120
21  92  65  79   6   0  14 0.00  0.0    0  2.2  8  50   M    M   0 18     11  50
22  91  63  77   5   0  12 0.00  0.0    0  1.6  8 170   M    M   0 18     11 210
23  91  68  80   8   0  15 0.00  0.0    0  1.9 10 160   M    M   1 18     13 160
24  91  67  79   7   0  14 0.00  0.0    0  2.0 12 150   M    M   0 18     17 120
25  90  68  79   8   0  14 0.00  0.0    0  1.2  9 200   M    M   0 18     12 210
26  81  61  71   0   0   6 0.00  0.0    0  6.5 17  10   M    M   2 18     27  40
27  80  55  68  -2   0   3 0.00  0.0    0  2.9 10  10   M    M   3        14 360
28  85  52  69  -1   0   4 0.00  0.0    0  4.1 12  20   M    M   0 18     16  30
29  77  54  66  -4   0   1 0.00  0.0    0  5.7 15 350   M    M   0 12     21  30
================================================================================
SM 2581 1943         0 383  1.68     0.0  99.2          M       39
================================================================================
AV 89.0 67.0                               3.4 FASTST   M    M   1    MAX(MPH)
                                 MISC ---->  # 24 140               # 31  140
================================================================================
NOTES:
# LAST OF SEVERAL OCCURRENCES

COLUMN 17 PEAK WIND IN M.P.H.

PRELIMINARY LOCAL CLIMATOLOGICAL DATA (WS FORM: F-6) , PAGE 2

                                          STATION:  EL DORADO
                                          MONTH:    SEPTEMBER
                                          YEAR:     2016
                                          LATITUDE:   33 13 N
                                          LONGITUDE:  92 49 W

[TEMPERATURE DATA]      [PRECIPITATION DATA]       SYMBOLS USED IN COLUMN 16

AVERAGE MONTHLY: 78.0   TOTAL FOR MONTH:   1.68    1 = FOG OR MIST
DPTR FM NORMAL:   3.2   DPTR FM NORMAL:   -1.31    2 = FOG REDUCING VISIBILITY
HIGHEST:    93 ON 15, 5 GRTST 24HR  1.20 ON 10-10      TO 1/4 MILE OR LESS
LOWEST:     52 ON 28                               3 = THUNDER
                        SNOW, ICE PELLETS, HAIL    4 = ICE PELLETS
                        TOTAL MONTH:   0.0 INCH    5 = HAIL
                        GRTST 24HR     0.0         6 = FREEZING RAIN OR DRIZZLE
                        GRTST DEPTH:   0           7 = DUSTSTORM OR SANDSTORM:
                                                       VSBY 1/2 MILE OR LESS
                                                   8 = SMOKE OR HAZE
[NO. OF DAYS WITH]      [WEATHER - DAYS WITH]      9 = BLOWING SNOW
                                                   X = TORNADO
MAX 32 OR BELOW:   0    0.01 INCH OR MORE:   3
MAX 90 OR ABOVE:  20    0.10 INCH OR MORE:   3
MIN 32 OR BELOW:   0    0.50 INCH OR MORE:   1
MIN  0 OR BELOW:   0    1.00 INCH OR MORE:   1

[HDD (BASE 65) ]
TOTAL THIS MO.     0    CLEAR  (SCALE 0-3)  26
DPTR FM NORMAL   -10    PTCLDY (SCALE 4-7)   3
TOTAL FM JUL 1     0    CLOUDY (SCALE 8-10)  0
DPTR FM NORMAL   -10

[CDD (BASE 65) ]
TOTAL THIS MO.   383
DPTR FM NORMAL    89    [PRESSURE DATA]
TOTAL FM JAN 1  2241    HIGHEST SLP M ON M
DPTR FM NORMAL   220    LOWEST  SLP 29.86 ON  1

[REMARKS]
