000
CXUS53 KTOP 290800
CF6EMP
PRELIMINARY LOCAL CLIMATOLOGICAL DATA (WS FORM: F-6)

                                          STATION:   Emporia KS
                                          MONTH:     JULY
                                          YEAR:      2015
                                          LATITUDE:   38 19 N
                                          LONGITUDE:  96 12 W

  TEMPERATURE IN F:       :PCPN:    SNOW:  WIND      :SUNSHINE: SKY     :PK WND
================================================================================
1   2   3   4   5  6A  6B    7    8   9   10  11  12  13   14  15   16   17  18
                                     12Z  AVG MX 2MIN
DY MAX MIN AVG DEP HDD CDD  WTR  SNW DPTH SPD SPD DIR MIN PSBL S-S WX    SPD DR
================================================================================

 1  92  76  84   7   0  19    T    M    M  8.6 21 180   M    M   1        29 180
 2  81  69  75  -2   0  10 0.00    M    M  5.8 15  40   M    M   5        20  40
 3  80  64  72  -6   0   7    T    M    M  6.3 15  40   M    M   6 1      18  20
 4  87  58  73  -5   0   8 0.00    M    M  6.1 13 150   M    M   0 1      16 110
 5  92  68  80   2   0  15 0.19    M    M 13.8 31 130   M    M   0 3      41 120
 6  93  66  80   2   0  15 2.14    M    M 11.9 25 170   M    M   4 13     32 190
 7  73  62  68 -10   0   3 0.43    M    M 11.0 23  30   M    M   7 18     32  30
 8  71  63  67 -11   0   2 0.03    M    M  7.1 13  10   M    M   7 18     17 360
 9  76  62  69 -10   0   4    T    M    M  6.1 15 120   M    M   5 1      19 100
10  78  67  73  -6   0   8    M    M    M  6.7 40 120   M    M   8 13     52 110
11  91  72  82   3   0  17 0.00    M    M 15.2 24 190   M    M   0        32 200
12  93  71  82   3   0  17 0.00    M    M 12.1 21 180   M    M   0        26 190
13  96  73  85   6   0  20 0.00    M    M  9.5 16 190   M    M   0        22 180
14  94  71  83   4   0  18 0.05    M    M  5.4 16  80   M    M   1 3      22 280
15  93  73  83   4   0  18    T    M    M 11.6 20 150   M    M   1        26 150
16  94  75  85   6   0  20 0.00    M    M 12.4 20 210   M    M   1        24 210
17  92  74  83   4   0  18 0.00    M    M 13.3 26 180   M    M   0        35 150
18  96  74  85   5   0  20 0.01    M    M 15.3 24 180   M    M   0        31 190
19  93  75  84   4   0  19 0.28    M    M  5.1 17 190   M    M   1 13     21 190
20  91  75  83   3   0  18 0.08    M    M  6.0 15  80   M    M   3 13     19  80
21  84  66  75  -5   0  10 0.00    M    M  7.8 15  70   M    M   3        18  50
22  85  66  76  -4   0  11 0.00    M    M  6.4 12 100   M    M   3        15 110
23  91  71  81   1   0  16 0.00    M    M  6.5 13 110   M    M   4 1      17  80
24 103  75  89   9   0  24 0.00    M    M 10.0 17 220   M    M   0        23 200
25  98  75  87   7   0  22 0.00    M    M  8.8 17 150   M    M   1        21 170
26  97  76  87   7   0  22    T    M    M  8.7 18 180   M    M   1        23 180
27  98  75  87   7   0  22 0.00    M    M 11.4 21 180   M    M   0        27 170
28 100  75  88   8   0  23 0.00    M    M 14.9 24 190   M    M   0        32 190
================================================================================
SM 2512 1967         0 426  3.21    M    263.8          M       62
================================================================================
AV 89.7 70.2                               9.4 FASTST   M    M   2    MAX(MPH)
                                 MISC ---->  # 40 120               # 52  110
================================================================================
NOTES:
# LAST OF SEVERAL OCCURRENCES

COLUMN 17 PEAK WIND IN M.P.H.

PRELIMINARY LOCAL CLIMATOLOGICAL DATA (WS FORM: F-6) , PAGE 2

                                          STATION:  Emporia KS
                                          MONTH:    JULY
                                          YEAR:     2015
                                          LATITUDE:   38 19 N
                                          LONGITUDE:  96 12 W

[TEMPERATURE DATA]      [PRECIPITATION DATA]       SYMBOLS USED IN COLUMN 16

AVERAGE MONTHLY: 80.0   TOTAL FOR MONTH:   3.21    1 = FOG OR MIST
DPTR FM NORMAL:   0.9   DPTR FM NORMAL:   -0.75    2 = FOG REDUCING VISIBILITY
HIGHEST:   103 ON 24    GRTST 24HR  2.35 ON  6- 7      TO 1/4 MILE OR LESS
LOWEST:     58 ON  4                               3 = THUNDER
                        SNOW, ICE PELLETS, HAIL    4 = ICE PELLETS
                        TOTAL MONTH:    M          5 = HAIL
                        GRTST 24HR    M  ON   M    6 = FREEZING RAIN OR DRIZZLE
                        GRTST DEPTH:  M  ON   M    7 = DUSTSTORM OR SANDSTORM:
                                                       VSBY 1/2 MILE OR LESS
                                                   8 = SMOKE OR HAZE
[NO. OF DAYS WITH]      [WEATHER - DAYS WITH]      9 = BLOWING SNOW
                                                   X = TORNADO
MAX 32 OR BELOW:   0    0.01 INCH OR MORE:   8
MAX 90 OR ABOVE:  19    0.10 INCH OR MORE:   4
MIN 32 OR BELOW:   0    0.50 INCH OR MORE:   1
MIN  0 OR BELOW:   0    1.00 INCH OR MORE:   1

[HDD (BASE 65) ]
TOTAL THIS MO.     0    CLEAR  (SCALE 0-3)  19
DPTR FM NORMAL     0    PTCLDY (SCALE 4-7)   9
TOTAL FM JUL 1     0    CLOUDY (SCALE 8-10)  0
DPTR FM NORMAL     0

[CDD (BASE 65) ]
TOTAL THIS MO.   426
DPTR FM NORMAL    34    [PRESSURE DATA]
TOTAL FM JAN 1   850    HIGHEST SLP M ON M
DPTR FM NORMAL    76    LOWEST  SLP 29.67 ON 13

[REMARKS]
