000
CXUS53 KTOP 270200
CF6EMP
PRELIMINARY LOCAL CLIMATOLOGICAL DATA (WS FORM: F-6)

                                          STATION:   Emporia KS
                                          MONTH:     FEBRUARY
                                          YEAR:      2015
                                          LATITUDE:   38 19 N
                                          LONGITUDE:  96 12 W

  TEMPERATURE IN F:       :PCPN:    SNOW:  WIND      :SUNSHINE: SKY     :PK WND
================================================================================
1   2   3   4   5  6A  6B    7    8   9   10  11  12  13   14  15   16   17  18
                                     12Z  AVG MX 2MIN
DY MAX MIN AVG DEP HDD CDD  WTR  SNW DPTH SPD SPD DIR MIN PSBL S-S WX    SPD DR
================================================================================

 1  41   9  25  -7  40   0 0.19    M    M 21.2 36 320   M    M  10 1      44 320
 2  32   4  18 -14  47   0 0.00    M    M  9.2 20 200   M    M   1        24 190
 3  53  23  38   6  27   0 0.00    M    M 11.9 28 210   M    M   0        34 200
 4  41  12  27  -5  38   0    T    M    M 15.1 28  10   M    M   5 18     35  10
 5  34   7  21 -12  44   0 0.00    M    M  8.0 20 180   M    M   0        23 180
 6  60  23  42   9  23   0 0.00    M    M 14.0 24 210   M    M   0        29 210
 7  68  35  52  19  13   0 0.00    M    M 13.2 23 190   M    M   0 1      27 190
 8  72  41  57  24   8   0 0.00    M    M 11.0 23 320   M    M   0        30 310
 9  43  29  36   2  29   0 0.00    M    M  8.1 16  30   M    M   4 18     20  30
10  56  26  41   7  24   0 0.00    M    M  7.3 15 140   M    M   1 18     18 130
11  39  22  31  -3  34   0 0.00    M    M 12.2 26  10   M    M   4 1      35  10
12  28  13  21 -13  44   0 0.00    M    M  9.6 25  10   M    M   3        32  10
13  52  19  36   2  29   0 0.00    M    M  8.1 17 340   M    M   1        23 340
14  48  22  35   0  30   0 0.00    M    M 15.3 28  10   M    M   0        34  20
15  24  15  20 -15  45   0 0.03    M    M 14.2 22  70   M    M   5 18     26  70
16  30  14  22 -13  43   0    T    M    M  7.6 13 340   M    M   7 1      16  30
17  41   8  25 -11  40   0 0.05    M    M  9.7 28  10   M    M   5 18     36 330
18  24  10  17 -19  48   0 0.00    M    M 10.9 23 320   M    M   0        30 300
19  27  14  21 -15  44   0 0.00    M    M  9.4 20 100   M    M   7        24 100
20  39  15  27 -10  38   0 0.06    M    M  8.5 17 180   M    M   6 168    22 160
21  52  28  40   3  25   0 0.16    M    M 10.1 23  30   M    M   4 16     29  30
22  28  16  22 -15  43   0    T    M    M 16.4 24  10   M    M   9 8      30  30
23  22  11  17 -21  48   0 0.00    M    M  7.3 18  30   M    M   6        24  40
24  48  16  32  -6  33   0 0.00    M    M  9.1 21 240   M    M   1        27 240
25  56  22  39   1  26   0    T    M    M 14.2 33 360   M    M   3        49  10
================================================================================
SM 1058  454       863   0  0.49    M    281.6          M       82
================================================================================
AV 42.3 18.2                              11.3 FASTST   M    M   3    MAX(MPH)
                                 MISC ---->  # 36 320               # 49   10
================================================================================
NOTES:
# LAST OF SEVERAL OCCURRENCES

COLUMN 17 PEAK WIND IN M.P.H.

PRELIMINARY LOCAL CLIMATOLOGICAL DATA (WS FORM: F-6) , PAGE 2

                                          STATION:  Emporia KS
                                          MONTH:    FEBRUARY
                                          YEAR:     2015
                                          LATITUDE:   38 19 N
                                          LONGITUDE:  96 12 W

[TEMPERATURE DATA]      [PRECIPITATION DATA]       SYMBOLS USED IN COLUMN 16

AVERAGE MONTHLY: 30.2   TOTAL FOR MONTH:   0.49    1 = FOG OR MIST
DPTR FM NORMAL:  -4.5   DPTR FM NORMAL:   -0.61    2 = FOG REDUCING VISIBILITY
HIGHEST:    72 ON  8    GRTST 24HR  0.80 ON 31- 1      TO 1/4 MILE OR LESS
LOWEST:      4 ON  2                               3 = THUNDER
                        SNOW, ICE PELLETS, HAIL    4 = ICE PELLETS
                        TOTAL MONTH:    M          5 = HAIL
                        GRTST 24HR    M  ON   M    6 = FREEZING RAIN OR DRIZZLE
                        GRTST DEPTH:  M  ON   M    7 = DUSTSTORM OR SANDSTORM:
                                                       VSBY 1/2 MILE OR LESS
                                                   8 = SMOKE OR HAZE
[NO. OF DAYS WITH]      [WEATHER - DAYS WITH]      9 = BLOWING SNOW
                                                   X = TORNADO
MAX 32 OR BELOW:   8    0.01 INCH OR MORE:   5
MAX 90 OR ABOVE:   0    0.10 INCH OR MORE:   2
MIN 32 OR BELOW:  23    0.50 INCH OR MORE:   0
MIN  0 OR BELOW:   0    1.00 INCH OR MORE:   0

[HDD (BASE 65) ]
TOTAL THIS MO.   863    CLEAR  (SCALE 0-3)  13
DPTR FM NORMAL   107    PTCLDY (SCALE 4-7)  10
TOTAL FM JUL 1  3853    CLOUDY (SCALE 8-10)  2
DPTR FM NORMAL   109

[CDD (BASE 65) ]
TOTAL THIS MO.     0
DPTR FM NORMAL     0    [PRESSURE DATA]
TOTAL FM JAN 1     0    HIGHEST SLP M ON M
DPTR FM NORMAL     0    LOWEST  SLP 29.62 ON  7

[REMARKS]
