000
CXUS53 KMKX 260656
CF6ENW
PRELIMINARY LOCAL CLIMATOLOGICAL DATA (WS FORM: F-6)

                                          STATION:   KENOSHA WI
                                          MONTH:     MARCH
                                          YEAR:      2015
                                          LATITUDE:   42 35 N
                                          LONGITUDE:  87 56 W

  TEMPERATURE IN F:       :PCPN:    SNOW:  WIND      :SUNSHINE: SKY     :PK WND
================================================================================
1   2   3   4   5  6A  6B    7    8   9   10  11  12  13   14  15   16   17  18
                                     12Z  AVG MX 2MIN
DY MAX MIN AVG DEP HDD CDD  WTR  SNW DPTH SPD SPD DIR MIN PSBL S-S WX    SPD DR
================================================================================

 1  25   3  14 -16  51   0    T    M    M  8.6 18 280   M    M   4 18     24 280
 2  28   7  18 -12  47   0 0.00  0.0    0  6.9 13 280   M    M   2        16 280
 3  33  25  29  -2  36   0 0.18    M    0 12.0 22 250   M    M   9 126    28 250
 4  30   1  16 -15  49   0 0.00  0.0    0 10.0 20 300   M    M   2        26 310
 5  13  -8   3 -28  62   0 0.00  0.0    0  7.6 15 300   M    M   0        18 280
 6  29  -2  14 -18  51   0 0.00  0.0    0 13.1 25 240   M    M   2        35 240
 7  44  17  31  -1  34   0 0.00  0.0    0  9.5 20 260   M    M   2 18     25 260
 8  40  24  32   0  33   0 0.00  0.0    0  9.6 20 240   M    M   1        23 240
 9  47  24  36   3  29   0 0.00  0.0    0  7.0 15 240   M    M   0        18 250
10  49  34  42   9  23   0 0.00  0.0    0  9.4 16 250   M    M   5 128    21 210
11  51  29  40   6  25   0 0.00  0.0    0  5.4 12  80   M    M   0 18     13  70
12  49  26  38   4  27   0 0.00  0.0    0  9.2 20 140   M    M   0        23 150
13  64  31  48  14  17   0 0.00  0.0    0  6.7 14 210   M    M   0 18     19 230
14  57  30  44  10  21   0 0.00  0.0    0  9.1 20 300   M    M   0 18     27 290
15  60  25  43   8  22   0 0.00  0.0    0 11.0 24 240   M    M   0 1      31 240
16  70  40  55  20  10   0 0.00  0.0    0 12.7 22  20   M    M   1        29  20
17  45  26  36   0  29   0 0.00  0.0    0 12.4 28  40   M    M   3        36  30
18  49  23  36   0  29   0 0.00  0.0    0  5.9 13 160   M    M   2        16 150
19  43  29  36   0  29   0 0.00  0.0    0  7.0 15 140   M    M   7        19 140
20  54  26  40   4  25   0 0.00  0.0    0 10.1 18 210   M    M   6        24 210
21  46  26  36  -1  29   0 0.00  0.0    0  7.8 20 100   M    M   2 1      23 100
22  34  27  31  -6  34   0 0.00  0.0    0 11.6 18  50   M    M   7        22  60
23  31  18  25 -13  40   0 0.10    M    M  9.6 17  70   M    M   8 1      20  80
24  36  14  25 -13  40   0 0.02    M    M  9.4 22 110   M    M   2 1      28 120
25  41  34  38   0  27   0 0.28    M    M 14.6 29 260   M    M   8 1      36 270
================================================================================
SM 1068  529       819   0  0.58     0.0 236.2          M       73
================================================================================
AV 42.7 21.2                               9.4 FASTST   M    M   3    MAX(MPH)
                                 MISC ---->  # 29 260               # 36   30
================================================================================
NOTES:
# LAST OF SEVERAL OCCURRENCES

COLUMN 17 PEAK WIND IN M.P.H.

PRELIMINARY LOCAL CLIMATOLOGICAL DATA (WS FORM: F-6) , PAGE 2

                                          STATION:  KENOSHA WI
                                          MONTH:    MARCH
                                          YEAR:     2015
                                          LATITUDE:   42 35 N
                                          LONGITUDE:  87 56 W

[TEMPERATURE DATA]      [PRECIPITATION DATA]       SYMBOLS USED IN COLUMN 16

AVERAGE MONTHLY: 31.9   TOTAL FOR MONTH:   0.58    1 = FOG OR MIST
DPTR FM NORMAL:  -2.2   DPTR FM NORMAL:   -1.01    2 = FOG REDUCING VISIBILITY
HIGHEST:    70 ON 16    GRTST 24HR  0.28 ON 25-25      TO 1/4 MILE OR LESS
LOWEST:     -8 ON  5                               3 = THUNDER
                        SNOW, ICE PELLETS, HAIL    4 = ICE PELLETS
                        TOTAL MONTH:   0.0 INCH    5 = HAIL
                        GRTST 24HR     0.0         6 = FREEZING RAIN OR DRIZZLE
                        GRTST DEPTH:   0           7 = DUSTSTORM OR SANDSTORM:
                                                       VSBY 1/2 MILE OR LESS
                                                   8 = SMOKE OR HAZE
[NO. OF DAYS WITH]      [WEATHER - DAYS WITH]      9 = BLOWING SNOW
                                                   X = TORNADO
MAX 32 OR BELOW:   6    0.01 INCH OR MORE:   4
MAX 90 OR ABOVE:   0    0.10 INCH OR MORE:   3
MIN 32 OR BELOW:  22    0.50 INCH OR MORE:   0
MIN  0 OR BELOW:   2    1.00 INCH OR MORE:   0

[HDD (BASE 65) ]
TOTAL THIS MO.   819    CLEAR  (SCALE 0-3)  17
DPTR FM NORMAL    48    PTCLDY (SCALE 4-7)   7
TOTAL FM JUL 1  6361    CLOUDY (SCALE 8-10)  1
DPTR FM NORMAL   491

[CDD (BASE 65) ]
TOTAL THIS MO.     0
DPTR FM NORMAL     0    [PRESSURE DATA]
TOTAL FM JAN 1     0    HIGHEST SLP M ON M
DPTR FM NORMAL     0    LOWEST  SLP 29.63 ON  3

[REMARKS]
