335
CXUS51 KCLE 180800
CF6ERI
PRELIMINARY LOCAL CLIMATOLOGICAL DATA (WS FORM: F-6)

                                          STATION:   ERIE PA
                                          MONTH:     NOVEMBER
                                          YEAR:      2017
                                          LATITUDE:   42  4 N
                                          LONGITUDE:  80 11 W

  TEMPERATURE IN F:       :PCPN:    SNOW:  WIND      :SUNSHINE: SKY     :PK WND
================================================================================
1   2   3   4   5  6A  6B    7    8   9   10  11  12  13   14  15   16   17  18
                                     12Z  AVG MX 2MIN
DY MAX MIN AVG DEP HDD CDD  WTR  SNW DPTH SPD SPD DIR MIN PSBL S-S WX    SPD DR
================================================================================

 1  50  34  42  -6  23   0 0.19  0.0    0  8.1 18 160   M    M   7 1      24 180
 2  67  50  59  11   6   0 0.26  0.0    0 17.0 28 180   M    M   9 1      40 180
 3  67  45  56   8   9   0 0.85  0.0    0  7.9 24 200   M    M   8 138    31 210
 4  59  37  48   1  17   0    T  0.0    0  8.1 24 150   M    M   4 3      32 150
 5  65  53  59  12   6   0 2.85  0.0    0 15.4 25 150   M    M   8 123    34 170
 6  61  44  53   6  12   0 0.26  0.0    0  8.0 16 340   M    M  10 1      25 350
 7  46  39  43  -3  22   0    T  0.0    0  9.3 17  70   M    M  10        22  60
 8  48  33  41  -5  24   0 0.00  0.0    0  3.9  9 310   M    M   3        11 290
 9  50  31  41  -5  24   0    T    T    0 12.8 28 270   M    M   5        42 270
10  33  22  28 -17  37   0    T    T    0 12.6 24 320   M    M   8        39 320
11  37  19  28 -17  37   0 0.00  0.0    0  5.9 14 120   M    M   2        18 130
12  42  30  36  -9  29   0 0.01  0.0    0  5.8 13 160   M    M   8        16 160
13  43  34  39  -5  26   0 0.02  0.0    0  3.1 10 320   M    M  10 18     14 350
14  45  33  39  -5  26   0    T  0.0    0  3.5  9 330   M    M   8 18     12 310
15  47  32  40  -4  25   0 0.09  0.0    0 13.5 26 160   M    M   3 18     37 160
16  48  37  43   0  22   0 0.36  0.0    0 16.1 26 280   M    M  10 1      37 270
17  42  35  39  -4  26   0    T  0.0    0  8.8 22 170   M    M   6        31 170
================================================================================
SM  850  608       371   0  4.89    T    159.8          M      119
================================================================================
AV 50.0 35.8                               9.4 FASTST   M    M   7    MAX(MPH)
                                 MISC ---->  # 28 180               # 42  270
================================================================================
NOTES:
# LAST OF SEVERAL OCCURRENCES

COLUMN 17 PEAK WIND IN M.P.H.

PRELIMINARY LOCAL CLIMATOLOGICAL DATA (WS FORM: F-6) , PAGE 2

                                          STATION:  ERIE PA
                                          MONTH:    NOVEMBER
                                          YEAR:     2017
                                          LATITUDE:   42  4 N
                                          LONGITUDE:  80 11 W

[TEMPERATURE DATA]      [PRECIPITATION DATA]       SYMBOLS USED IN COLUMN 16

AVERAGE MONTHLY: 42.9   TOTAL FOR MONTH:   4.89    1 = FOG OR MIST
DPTR FM NORMAL:  -2.8   DPTR FM NORMAL:    2.68    2 = FOG REDUCING VISIBILITY
HIGHEST:    67 ON  3, 2 GRTST 24HR  2.85 ON  5- 5      TO 1/4 MILE OR LESS
LOWEST:     19 ON 11                               3 = THUNDER
                        SNOW, ICE PELLETS, HAIL    4 = ICE PELLETS
                        TOTAL MONTH:    T          5 = HAIL
                        GRTST 24HR    T  ON 10-10  6 = FREEZING RAIN OR DRIZZLE
                        GRTST DEPTH:   0           7 = DUSTSTORM OR SANDSTORM:
                                                       VSBY 1/2 MILE OR LESS
                                                   8 = SMOKE OR HAZE
[NO. OF DAYS WITH]      [WEATHER - DAYS WITH]      9 = BLOWING SNOW
                                                   X = TORNADO
MAX 32 OR BELOW:   0    0.01 INCH OR MORE:   9
MAX 90 OR ABOVE:   0    0.10 INCH OR MORE:   6
MIN 32 OR BELOW:   5    0.50 INCH OR MORE:   2
MIN  0 OR BELOW:   0    1.00 INCH OR MORE:   1

[HDD (BASE 65) ]
TOTAL THIS MO.   371    CLEAR  (SCALE 0-3)   2
DPTR FM NORMAL    42    PTCLDY (SCALE 4-7)   7
TOTAL FM JUL 1   702    CLOUDY (SCALE 8-10)  8
DPTR FM NORMAL  -130

[CDD (BASE 65) ]
TOTAL THIS MO.     0
DPTR FM NORMAL     0    [PRESSURE DATA]
TOTAL FM JAN 1   697    HIGHEST SLP M ON M
DPTR FM NORMAL    59    LOWEST  SLP 29.77 ON  5

[REMARKS]
