000
CXUS53 KDMX 240920
CF6EST
PRELIMINARY LOCAL CLIMATOLOGICAL DATA (WS FORM: F-6)

                                          STATION:   ESTHERVILLE IA
                                          MONTH:     MAY
                                          YEAR:      2015
                                          LATITUDE:   43 24 N
                                          LONGITUDE:  94 45 W

  TEMPERATURE IN F:       :PCPN:    SNOW:  WIND      :SUNSHINE: SKY     :PK WND
================================================================================
1   2   3   4   5  6A  6B    7    8   9   10  11  12  13   14  15   16   17  18
                                     12Z  AVG MX 2MIN
DY MAX MIN AVG DEP HDD CDD  WTR  SNW DPTH SPD SPD DIR MIN PSBL S-S WX    SPD DR
================================================================================

 1  70  40  55   2  10   0 0.06  0.0    0 13.7 25 210   M    M   3        32 230
 2  79  40  60   6   5   0 0.00  0.0    0 13.8 25 200   M    M   0 1      32 200
 3  86  49  68  14   0   3 0.02  0.0    0 11.7 33 350   M    M   0 3      43 340
 4  70  47  59   5   6   0 0.00  0.0    0 13.5 25  50   M    M   1        30  30
 5  59  48  54  -1  11   0 0.08  0.0    0 13.1 18 120   M    M   9 12     22 110
 6  76  56  66  11   0   1 0.10  0.0    0 19.9 37 190   M    M   8 128    43 180
 7  71  55  63   8   2   0 0.28  0.0    0 18.2 31 170   M    M   8 13     37 170
 8  61  43  52  -4  13   0 0.01    M    0 14.2 24 330   M    M   5 1      28 340
 9  70  36  53  -3  12   0 0.00  0.0    0 12.7 21  80   M    M   0        26  80
10  62  55  59   3   6   0 0.51  0.0    0 19.0 29 120   M    M  10 13     34 120
11  55  41  48  -9  17   0    T  0.0    0 21.4 29 310   M    M  10 1      35 300
12  62  38  50  -7  15   0 0.00  0.0    0 14.9 29 310   M    M   5        37 300
13  72  44  58   0   7   0 0.00  0.0    M 22.7 33 170   M    M   2        40 150
14  60  49  55  -3  10   0 0.88    M    0 14.1 28 160   M    M   9 12     34 150
15  64  49  57  -1   8   0 0.00  0.0    M  7.0 14  80   M    M   7 12     16  90
16  79  57  68  10   0   3 0.38  0.0    0 15.6 30 240   M    M   8 13     39 240
17  72  45  59   0   6   0 0.65    M    M 20.4 39 250   M    M   8 13     49 250
18  45  35  40 -19  25   0    T  0.0    0 24.2 33 310   M    M  10        41 280
19  52  33  43 -17  22   0 0.00  0.0    0 10.6 24 340   M    M   4        30 330
20  53  43  48 -12  17   0    T    M    0  7.0 16 240   M    M   8        21 240
21  74  41  58  -2   7   0 0.00  0.0    0 17.2 31 320   M    M   0        38 320
22  74  42  58  -2   7   0 0.00  0.0    0  6.0 22 250   M    M   0        28 230
23  72  52  62   1   3   0 0.01  0.0    0 11.1 28 160   M    M  10        36 160
================================================================================
SM 1538 1038       209   7  2.98     0.0 342.0          M      125
================================================================================
AV 66.9 45.1                              14.9 FASTST   M    M   5    MAX(MPH)
                                 MISC ---->  # 39 250               # 49  250
================================================================================
NOTES:
# LAST OF SEVERAL OCCURRENCES

COLUMN 17 PEAK WIND IN M.P.H.

PRELIMINARY LOCAL CLIMATOLOGICAL DATA (WS FORM: F-6) , PAGE 2

                                          STATION:  ESTHERVILLE IA
                                          MONTH:    MAY
                                          YEAR:     2015
                                          LATITUDE:   43 24 N
                                          LONGITUDE:  94 45 W

[TEMPERATURE DATA]      [PRECIPITATION DATA]       SYMBOLS USED IN COLUMN 16

AVERAGE MONTHLY: 56.0   TOTAL FOR MONTH:   2.98    1 = FOG OR MIST
DPTR FM NORMAL:  -1.1   DPTR FM NORMAL:    0.15    2 = FOG REDUCING VISIBILITY
HIGHEST:    86 ON  3    GRTST 24HR  1.02 ON 16-17      TO 1/4 MILE OR LESS
LOWEST:     33 ON 19                               3 = THUNDER
                        SNOW, ICE PELLETS, HAIL    4 = ICE PELLETS
                        TOTAL MONTH:   0.0 INCH    5 = HAIL
                        GRTST 24HR     0.0         6 = FREEZING RAIN OR DRIZZLE
                        GRTST DEPTH:   0           7 = DUSTSTORM OR SANDSTORM:
                                                       VSBY 1/2 MILE OR LESS
                                                   8 = SMOKE OR HAZE
[NO. OF DAYS WITH]      [WEATHER - DAYS WITH]      9 = BLOWING SNOW
                                                   X = TORNADO
MAX 32 OR BELOW:   0    0.01 INCH OR MORE:  11
MAX 90 OR ABOVE:   0    0.10 INCH OR MORE:   6
MIN 32 OR BELOW:   0    0.50 INCH OR MORE:   3
MIN  0 OR BELOW:   0    1.00 INCH OR MORE:   0

[HDD (BASE 65) ]
TOTAL THIS MO.   209    CLEAR  (SCALE 0-3)   7
DPTR FM NORMAL     7    PTCLDY (SCALE 4-7)  10
TOTAL FM JUL 1  7639    CLOUDY (SCALE 8-10)  6
DPTR FM NORMAL   -24

[CDD (BASE 65) ]
TOTAL THIS MO.     7
DPTR FM NORMAL   -10    [PRESSURE DATA]
TOTAL FM JAN 1     7    HIGHEST SLP M ON M
DPTR FM NORMAL   -12    LOWEST  SLP 29.62 ON 17

[REMARKS]
