000
CXUS56 KPQR 301230
CF6EUG
PRELIMINARY LOCAL CLIMATOLOGICAL DATA (WS FORM: F-6)

                                          STATION:   EUGENE OR
                                          MONTH:     OCTOBER
                                          YEAR:      2014
                                          LATITUDE:   44  7 N
                                          LONGITUDE: 123 13 W

  TEMPERATURE IN F:       :PCPN:    SNOW:  WIND      :SUNSHINE: SKY     :PK WND
================================================================================
1   2   3   4   5  6A  6B    7    8   9   10  11  12  13   14  15   16   17  18
                                     12Z  AVG MX 2MIN
DY MAX MIN AVG DEP HDD CDD  WTR  SNW DPTH SPD SPD DIR MIN PSBL S-S WX    SPD DR
================================================================================

 1  70  43  57  -1   8   0 0.00  0.0    0  5.5 18  10   M    M   5 12     25  20
 2  74  40  57   0   8   0 0.00  0.0    0  5.6 16  20   M    M   1 1      20  10
 3  80  42  61   4   4   0 0.00  0.0    0  3.2 12  10   M    M   0 1      14  10
 4  84  42  63   7   2   0 0.00  0.0    0  3.7 14  10   M    M   1 12     17  20
 5  85  44  65   9   0   0 0.00  0.0    0  4.3 15 360   M    M   1 1      21 360
 6  86  47  67  11   0   2 0.00  0.0    0  3.6 14  10   M    M   0 1      17  20
 7  85  50  68  12   0   3 0.00  0.0    0  4.6 13 220   M    M   2 1      15 220
 8  78  51  65  10   0   0 0.00  0.0    0  3.9 10 360   M    M   4 1      14  10
 9  76  45  61   6   4   0 0.00  0.0    0  2.9  9  20   M    M   4 12     11  30
10  76  47  62   8   3   0 0.00  0.0    0  6.6 12 220   M    M   5 12     15 270
11  75  49  62   8   3   0 0.11    M    0  7.4 17 310   M    M   6 1      21 300
12  71  45  58   4   7   0 0.00  0.0    0  4.5 15  20   M    M   4 12     19  20
13  78  40  59   5   6   0    T    M    0  6.9 17 240   M    M   7 128    22 240
14  59  52  56   3   9   0 0.70  0.0    0  6.3 22 250   M    M  10 1      29 250
15  63  50  57   4   8   0 0.06  0.0    0 12.2 24 220   M    M   8        31 190
16  72  47  60   8   5   0    T  0.0    0  5.3 12 150   M    M   5        14 150
17  65  53  59   7   6   0 0.07  0.0    0  5.3 10 150   M    M  10        13 160
18  78  54  66  14   0   1 0.01  0.0    0  4.6 14 140   M    M   6 1      17 140
19  79  54  67  15   0   2 0.01  0.0    0  6.7 18 200   M    M   5 8      27 230
20  64  52  58   7   7   0 0.48  0.0    0  7.9 15 170   M    M   8 138    20 150
21  64  51  58   7   7   0 0.03  0.0    0 10.4 21 180   M    M   9        27 190
22  67  55  61  10   4   0 1.22  0.0    0 12.1 28 190   M    M   9 1      36 210
23  61  51  56   6   9   0 0.10  0.0    0  8.0 15 210   M    M   9 1      19 220
24  53  49  51   1  14   0 0.29    M    0  6.0 13  10   M    M   9 12     15 360
25  65  50  58   8   7   0 0.23  0.0    0 13.4 36 200   M    M   8 18     45 200
26  60  46  53   3  12   0 0.38    M    0  8.1 16 200   M    M   9 13     20 190
27  62  45  54   5  11   0 0.01    M    0  5.9 13 160   M    M   7        16 150
28  60  51  56   7   9   0 0.11  0.0    0  9.9 17 140   M    M   9 18     22 140
29  63  52  58   9   7   0 0.03  0.0    0  5.0 12 150   M    M   9 1      14 140
================================================================================
SM 2053 1397       160   8  3.84     0.0 189.8          M      170
================================================================================
AV 70.8 48.2                               6.5 FASTST   M    M   6    MAX(MPH)
                                 MISC ---->  # 36 200               # 45  200
================================================================================
NOTES:
# LAST OF SEVERAL OCCURRENCES

COLUMN 17 PEAK WIND IN M.P.H.

PRELIMINARY LOCAL CLIMATOLOGICAL DATA (WS FORM: F-6) , PAGE 2

                                          STATION:  EUGENE OR
                                          MONTH:    OCTOBER
                                          YEAR:     2014
                                          LATITUDE:   44  7 N
                                          LONGITUDE: 123 13 W

[TEMPERATURE DATA]      [PRECIPITATION DATA]       SYMBOLS USED IN COLUMN 16

AVERAGE MONTHLY: 59.5   TOTAL FOR MONTH:   3.84    1 = FOG OR MIST
DPTR FM NORMAL:   6.5   DPTR FM NORMAL:    0.93    2 = FOG REDUCING VISIBILITY
HIGHEST:    86 ON  6    GRTST 24HR  1.30 ON 22-23      TO 1/4 MILE OR LESS
LOWEST:     40 ON 13, 2                            3 = THUNDER
                        SNOW, ICE PELLETS, HAIL    4 = ICE PELLETS
                        TOTAL MONTH:   0.0 INCH    5 = HAIL
                        GRTST 24HR     0.0         6 = FREEZING RAIN OR DRIZZLE
                        GRTST DEPTH:   0           7 = DUSTSTORM OR SANDSTORM:
                                                       VSBY 1/2 MILE OR LESS
                                                   8 = SMOKE OR HAZE
[NO. OF DAYS WITH]      [WEATHER - DAYS WITH]      9 = BLOWING SNOW
                                                   X = TORNADO
MAX 32 OR BELOW:   0    0.01 INCH OR MORE:  16
MAX 90 OR ABOVE:   0    0.10 INCH OR MORE:   9
MIN 32 OR BELOW:   0    0.50 INCH OR MORE:   2
MIN  0 OR BELOW:   0    1.00 INCH OR MORE:   1

[HDD (BASE 65) ]
TOTAL THIS MO.   160    CLEAR  (SCALE 0-3)   6
DPTR FM NORMAL  -191    PTCLDY (SCALE 4-7)  13
TOTAL FM JUL 1   201    CLOUDY (SCALE 8-10) 10
DPTR FM NORMAL  -338

[CDD (BASE 65) ]
TOTAL THIS MO.     8
DPTR FM NORMAL     8    [PRESSURE DATA]
TOTAL FM JAN 1   475    HIGHEST SLP M ON M
DPTR FM NORMAL   237    LOWEST  SLP 29.37 ON 25

[REMARKS]
