000
CXUS56 KSLC 271226
CF6EVW
PRELIMINARY LOCAL CLIMATOLOGICAL DATA (WS FORM: F-6)

                                          STATION:   EVANSTON WY
                                          MONTH:     MARCH
                                          YEAR:      2017
                                          LATITUDE:   41 16 N
                                          LONGITUDE: 111  2 W

  TEMPERATURE IN F:       :PCPN:    SNOW:  WIND      :SUNSHINE: SKY     :PK WND
================================================================================
1   2   3   4   5  6A  6B    7    8   9   10  11  12  13   14  15   16   17  18
                                     12Z  AVG MX 2MIN
DY MAX MIN AVG DEP HDD CDD  WTR  SNW DPTH SPD SPD DIR MIN PSBL S-S WX    SPD DR
================================================================================

 1  25  12  19  -7  46   0    T    M    0 15.3 25 240   M    M   7        28 240
 2  31  10  21  -5  44   0 0.00  0.0    0  8.4 14 230   M    M   0        15 230
 3  42  21  32   5  33   0 0.00  0.0    0  6.1 14 230   M    M   0        15 220
 4  42  29  36   9  29   0 0.00  0.0    0 18.6 31 220   M    M   0        38 210
 5  42  20  31   4  34   0    T    M    0 24.8 44 220   M    M   5 12     55 220
 6  20  13  17 -11  48   0    T    M    0 20.4 32 240   M    M   9 189    38 250
 7  30  18  24  -4  41   0    T    M    0 18.6 29 250   M    M   7 18     32 250
 8  41  28  35   7  30   0    T    M    0 16.1 28 230   M    M   5        32 230
 9  43  30  37   8  28   0 0.00  0.0    0 13.9 23 260   M    M   1        25 260
10  46  32  39  10  26   0 0.00  0.0    0  7.8 14 280   M    M   3        17 280
11  44  31  38   9  27   0 0.00  0.0    0  6.8 17 220   M    M   1 18     22 240
12  42  32  37   7  28   0 0.00  0.0    0 11.2 25 280   M    M   2        33 270
13  45  29  37   7  28   0 0.00  0.0    0 12.9 22 240   M    M   3        26 240
14  52  34  43  13  22   0 0.00  0.0    0 10.6 22 260   M    M   0        24 260
15  54  37  46  15  19   0 0.00  0.0    0  9.2 16 270   M    M   0        18 280
16  49  37  43  12  22   0 0.00  0.0    0 14.3 24 260   M    M   0        32 270
17  56  36  46  15  19   0 0.00  0.0    0  5.8 15 270   M    M   1        18 260
18  61  40  51  19  14   0 0.00  0.0    0  9.9 24 250   M    M   0        31 210
19  58  38  48  16  17   0 0.00  0.0    0  8.8 18 280   M    M   2        23 220
20  60  39  50  18  15   0    T    M    0  7.7 40 250   M    M   4        52 250
21  60  40  50  18  15   0    T    M    0 12.7 33 240   M    M   3        47 230
22  54  36  45  12  20   0    T    M    0  9.5 31 220   M    M   7 12     38 220
23  37  28  33   0  32   0    T    M    0  8.5 18 290   M    M   9 12     23 320
24  52  27  40   7  25   0 0.00  0.0    0  6.3 15 250   M    M   2        19 240
25  40  30  35   1  30   0    T    M    0  6.1 17 320   M    M   7 1      19 330
26  43  24  34   0  31   0 0.00  0.0    0  8.2 18 260   M    M   4 1      22 270
================================================================================
SM 1169  751       723   0    T      0.0 298.5          M       82
================================================================================
AV 45.0 28.9                              11.5 FASTST   M    M   3    MAX(MPH)
                                 MISC ---->  # 44 220               # 55  220
================================================================================
NOTES:
# LAST OF SEVERAL OCCURRENCES

COLUMN 17 PEAK WIND IN M.P.H.

PRELIMINARY LOCAL CLIMATOLOGICAL DATA (WS FORM: F-6) , PAGE 2

                                          STATION:  EVANSTON WY
                                          MONTH:    MARCH
                                          YEAR:     2017
                                          LATITUDE:   41 16 N
                                          LONGITUDE: 111  2 W

[TEMPERATURE DATA]      [PRECIPITATION DATA]       SYMBOLS USED IN COLUMN 16

AVERAGE MONTHLY: 36.9   TOTAL FOR MONTH:      T    1 = FOG OR MIST
DPTR FM NORMAL:   6.8   DPTR FM NORMAL:   -0.66    2 = FOG REDUCING VISIBILITY
HIGHEST:    61 ON 18    GRTST 24HR    T  ON 25-25      TO 1/4 MILE OR LESS
LOWEST:     10 ON  2                               3 = THUNDER
                        SNOW, ICE PELLETS, HAIL    4 = ICE PELLETS
                        TOTAL MONTH:   0.0 INCH    5 = HAIL
                        GRTST 24HR     0.0         6 = FREEZING RAIN OR DRIZZLE
                        GRTST DEPTH:   0           7 = DUSTSTORM OR SANDSTORM:
                                                       VSBY 1/2 MILE OR LESS
                                                   8 = SMOKE OR HAZE
[NO. OF DAYS WITH]      [WEATHER - DAYS WITH]      9 = BLOWING SNOW
                                                   X = TORNADO
MAX 32 OR BELOW:   4    0.01 INCH OR MORE:   0
MAX 90 OR ABOVE:   0    0.10 INCH OR MORE:   0
MIN 32 OR BELOW:  17    0.50 INCH OR MORE:   0
MIN  0 OR BELOW:   0    1.00 INCH OR MORE:   0

[HDD (BASE 65) ]
TOTAL THIS MO.   723    CLEAR  (SCALE 0-3)  14
DPTR FM NORMAL  -185    PTCLDY (SCALE 4-7)  10
TOTAL FM JUL 1  6300    CLOUDY (SCALE 8-10)  2
DPTR FM NORMAL  -616

[CDD (BASE 65) ]
TOTAL THIS MO.     0
DPTR FM NORMAL     0    [PRESSURE DATA]
TOTAL FM JAN 1     0    HIGHEST SLP M ON M
DPTR FM NORMAL     0    LOWEST  SLP 29.20 ON  5

[REMARKS]
