000
CXUS56 KSLC 221249
CF6EVW
PRELIMINARY LOCAL CLIMATOLOGICAL DATA (WS FORM: F-6)

                                          STATION:   EVANSTON WY
                                          MONTH:     JANUARY
                                          YEAR:      2017
                                          LATITUDE:   41 16 N
                                          LONGITUDE: 111  2 W

  TEMPERATURE IN F:       :PCPN:    SNOW:  WIND      :SUNSHINE: SKY     :PK WND
================================================================================
1   2   3   4   5  6A  6B    7    8   9   10  11  12  13   14  15   16   17  18
                                     12Z  AVG MX 2MIN
DY MAX MIN AVG DEP HDD CDD  WTR  SNW DPTH SPD SPD DIR MIN PSBL S-S WX    SPD DR
================================================================================

 1  33  11  22   1  43   0 0.00  0.0    0 10.8 26 230   M    M   2        32 230
 2  28  12  20  -1  45   0 0.17    M    0  8.7 23 220   M    M   9 12     28 220
 3  27   8  18  -3  47   0 0.02    M    0 10.9 24 220   M    M   9 12     29 220
 4  31   7  19  -2  46   0 0.16    M    0 19.1 31 240   M    M  10 12     38 240
 5  10 -13  -1 -22  66   0    M    M    0 10.0 22  70   M    M   5 18     26  70
 6   6 -17  -5 -26  70   0 0.00  0.0    0  6.6 13 210   M    M   0        15 210
 7  30  -6  12  -9  53   0    T    M    0 11.0 20 220   M    M   6 8      25 220
 8  40  29  35  14  30   0 0.00    M    0 16.0 38 220   M    M   8 12     44 220
 9  41  25  33  12  32   0 0.18    M    0 22.4 40 210   M    M   9 128    50 210
10  31  24  28   6  37   0 0.02    M    0 25.2 39 220   M    M  10 1      46 210
11  31  23  27   5  38   0 0.08    M    0 19.4 33 250   M    M  10 12     39 250
12  25  14  20  -2  45   0 0.02    M    0  7.4 14  80   M    M  10 128    16  80
13  20   9  15  -7  50   0    T    M    0  5.6 12 110   M    M   8 18     13  90
14  23   8  16  -6  49   0    T    M    0  5.0 13  80   M    M   2 128    14  90
15  13  -3   5 -17  60   0    T    M    0  3.0  9  90   M    M   2 128    10  90
16  11  -4   4 -18  61   0 0.00  0.0    0  2.3  9  80   M    M   3 128    10  90
17  21   3  12 -10  53   0 0.00  0.0    0  4.5 10 200   M    M   0        12 210
18  27  10  19  -3  46   0 0.00  0.0    0  6.0 10 170   M    M   0        12 190
19  29  17  23   1  42   0 0.02    M    0  8.0 17 230   M    M   9 128    20 220
20  28  15  22   0  43   0 0.00  0.0    0  6.8 15  90   M    M   7 128    18 100
21  25  13  19  -3  46   0    T    M    0 10.2 23 250   M    M   9 128    26 250
================================================================================
SM  530  185      1002   0  0.67     0.0 218.9          M      128
================================================================================
AV 25.2  8.8                              10.4 FASTST   M    M   6    MAX(MPH)
                                 MISC ---->  # 40 210               # 50  210
================================================================================
NOTES:
# LAST OF SEVERAL OCCURRENCES

COLUMN 17 PEAK WIND IN M.P.H.

PRELIMINARY LOCAL CLIMATOLOGICAL DATA (WS FORM: F-6) , PAGE 2

                                          STATION:  EVANSTON WY
                                          MONTH:    JANUARY
                                          YEAR:     2017
                                          LATITUDE:   41 16 N
                                          LONGITUDE: 111  2 W

[TEMPERATURE DATA]      [PRECIPITATION DATA]       SYMBOLS USED IN COLUMN 16

AVERAGE MONTHLY: 17.0   TOTAL FOR MONTH:   0.67    1 = FOG OR MIST
DPTR FM NORMAL:  -4.5   DPTR FM NORMAL:    0.29    2 = FOG REDUCING VISIBILITY
HIGHEST:    41 ON  9    GRTST 24HR  0.20 ON  8- 9      TO 1/4 MILE OR LESS
LOWEST:    -17 ON  6                               3 = THUNDER
                        SNOW, ICE PELLETS, HAIL    4 = ICE PELLETS
                        TOTAL MONTH:   0.0 INCH    5 = HAIL
                        GRTST 24HR     0.0         6 = FREEZING RAIN OR DRIZZLE
                        GRTST DEPTH:   0           7 = DUSTSTORM OR SANDSTORM:
                                                       VSBY 1/2 MILE OR LESS
                                                   8 = SMOKE OR HAZE
[NO. OF DAYS WITH]      [WEATHER - DAYS WITH]      9 = BLOWING SNOW
                                                   X = TORNADO
MAX 32 OR BELOW:  18    0.01 INCH OR MORE:   8
MAX 90 OR ABOVE:   0    0.10 INCH OR MORE:   3
MIN 32 OR BELOW:  21    0.50 INCH OR MORE:   0
MIN  0 OR BELOW:   5    1.00 INCH OR MORE:   0

[HDD (BASE 65) ]
TOTAL THIS MO.  1002    CLEAR  (SCALE 0-3)   7
DPTR FM NORMAL    89    PTCLDY (SCALE 4-7)   5
TOTAL FM JUL 1  4021    CLOUDY (SCALE 8-10)  9
DPTR FM NORMAL  -371

[CDD (BASE 65) ]
TOTAL THIS MO.     0
DPTR FM NORMAL     0    [PRESSURE DATA]
TOTAL FM JAN 1     0    HIGHEST SLP M ON M
DPTR FM NORMAL     0    LOWEST  SLP 29.33 ON 21

[REMARKS]
