013
CXUS52 KMHX 010700
CF6EWN
PRELIMINARY LOCAL CLIMATOLOGICAL DATA (WS FORM: F-6)

                                          STATION:   NEW BERN NC
                                          MONTH:     APRIL
                                          YEAR:      2016
                                          LATITUDE:   35  4 N
                                          LONGITUDE:  77  3 W

  TEMPERATURE IN F:       :PCPN:    SNOW:  WIND      :SUNSHINE: SKY     :PK WND
================================================================================
1   2   3   4   5  6A  6B    7    8   9   10  11  12  13   14  15   16   17  18
                                     12Z  AVG MX 2MIN
DY MAX MIN AVG DEP HDD CDD  WTR  SNW DPTH SPD SPD DIR MIN PSBL S-S WX    SPD DR
================================================================================

 1  79  69  74  16   0   9 0.13  0.0    0 10.6 22 240   M    M   6 13     31 240
 2  72  60  66   8   0   1 0.13  0.0    0 10.0 24 300   M    M   6 1      34 300
 3  61  42  52  -7  13   0 0.00  0.0    0  9.1 22 320   M    M   0        28 310
 4  76  43  60   1   5   0 0.00  0.0    0  9.2 18 180   M    M   0        27 170
 5  59  37  48 -11  17   0    T  0.0    0 12.8 28  10   M    M   4        37  20
 6  64  34  49 -10  16   0    T  0.0    0  5.9 16 130   M    M   2        20 130
 7  72  57  65   5   0   0 0.20  0.0    0 12.1 23 260   M    M   5 138    34 210
 8  67  45  56  -4   9   0    T  0.0    0  6.4 21 240   M    M   3        25 260
 9  60  41  51  -9  14   0    T  0.0    0 14.0 28 310   M    M   3        41 280
10  57  34  46 -14  19   0 0.00  0.0    0  5.9 15 340   M    M   0        21 340
11  75  38  57  -4   8   0 0.00  0.0    0  6.6 20 170   M    M   1        26 160
12  66  54  60  -1   5   0 0.42  0.0    0  5.3 23  40   M    M   7 1      30  40
13  63  46  55  -6  10   0 0.00  0.0    0 13.7 22  30   M    M   3 8      29  30
14  65  41  53  -9  12   0    T    M    0 12.0 21  40   M    M   0        27  30
15  65  46  56  -6   9   0 0.00  0.0    0 11.6 21  40   M    M   0        26  40
16  68  42  55  -7  10   0 0.00  0.0    0 11.2 21  40   M    M   0 8      27  40
17  69  41  55  -7  10   0 0.00  0.0    0 10.0 24  30   M    M   0 8      30  10
18  82  37  60  -2   5   0 0.00  0.0    0  3.7 13 180   M    M   0        16 170
19  88  53  71   8   0   6 0.00  0.0    0  5.8 15  10   M    M   0        24 300
20  75  54  65   2   0   0 0.00  0.0    0 10.0 17  40   M    M   1        24  40
21  77  50  64   1   1   0 0.00  0.0    0  8.3 18 160   M    M   4        26 170
22  81  63  72   8   0   7 0.14  0.0    0  7.7 17 220   M    M   5 13     23 220
23  79  59  69   5   0   4 0.32  0.0    0  6.7 28 360   M    M   6 13     39  10
24  73  49  61  -3   4   0 0.00  0.0    0  6.5 15  20   M    M   0 12     20  30
25  80  45  63  -1   2   0 0.00  0.0    0  5.3 17 190   M    M   0        23 180
26  84  56  70   6   0   5 0.00  0.0    0  9.6 20 170   M    M   0        29 170
27  88  63  76  11   0  11 0.00  0.0    0  9.6 18 170   M    M   2        24 170
28  87  63  75  10   0  10 0.33  0.0    0  7.4 16 210   M    M   4 13     24 220
29  70  57  64  -1   1   0 0.01  0.0    0  5.4 15  30   M    M   7 13     18  30
30  66  57  62  -3   3   0 0.00  0.0    0  7.7 14  40   M    M   9        18  50
================================================================================
SM 2168 1476       173  53  1.68     0.0 260.1          M       78
================================================================================
AV 72.3 49.2                               8.7 FASTST   M    M   3    MAX(MPH)
                                 MISC ---->  # 28  10               # 41  280
================================================================================
NOTES:
# LAST OF SEVERAL OCCURRENCES

COLUMN 17 PEAK WIND IN M.P.H.

PRELIMINARY LOCAL CLIMATOLOGICAL DATA (WS FORM: F-6) , PAGE 2

                                          STATION:  NEW BERN NC
                                          MONTH:    APRIL
                                          YEAR:     2016
                                          LATITUDE:   35  4 N
                                          LONGITUDE:  77  3 W

[TEMPERATURE DATA]      [PRECIPITATION DATA]       SYMBOLS USED IN COLUMN 16

AVERAGE MONTHLY: 60.7   TOTAL FOR MONTH:   1.68    1 = FOG OR MIST
DPTR FM NORMAL:  -1.1   DPTR FM NORMAL:   -1.49    2 = FOG REDUCING VISIBILITY
HIGHEST:    88 ON 27,19 GRTST 24HR  0.42 ON 12-12      TO 1/4 MILE OR LESS
LOWEST:     34 ON 10, 6                            3 = THUNDER
                        SNOW, ICE PELLETS, HAIL    4 = ICE PELLETS
                        TOTAL MONTH:   0.0 INCH    5 = HAIL
                        GRTST 24HR     0.0         6 = FREEZING RAIN OR DRIZZLE
                        GRTST DEPTH:   0           7 = DUSTSTORM OR SANDSTORM:
                                                       VSBY 1/2 MILE OR LESS
                                                   8 = SMOKE OR HAZE
[NO. OF DAYS WITH]      [WEATHER - DAYS WITH]      9 = BLOWING SNOW
                                                   X = TORNADO
MAX 32 OR BELOW:   0    0.01 INCH OR MORE:   8
MAX 90 OR ABOVE:   0    0.10 INCH OR MORE:   7
MIN 32 OR BELOW:   0    0.50 INCH OR MORE:   0
MIN  0 OR BELOW:   0    1.00 INCH OR MORE:   0

[HDD (BASE 65) ]
TOTAL THIS MO.   173    CLEAR  (SCALE 0-3)  19
DPTR FM NORMAL    21    PTCLDY (SCALE 4-7)  10
TOTAL FM JUL 1  2078    CLOUDY (SCALE 8-10)  1
DPTR FM NORMAL  -589

[CDD (BASE 65) ]
TOTAL THIS MO.    53
DPTR FM NORMAL    -3    [PRESSURE DATA]
TOTAL FM JAN 1   101    HIGHEST SLP M ON M
DPTR FM NORMAL    31    LOWEST  SLP 29.50 ON  2

[REMARKS]
#FINAL-04-16#
