000
CXAK56 PAFG 291327
CF6FAI
PRELIMINARY LOCAL CLIMATOLOGICAL DATA (WS FORM: F-6)

                                          STATION:   FAIRBANKS AK
                                          MONTH:     APRIL
                                          YEAR:      2017
                                          LATITUDE:   64 49 N
                                          LONGITUDE: 147 52 W

  TEMPERATURE IN F:       :PCPN:    SNOW:  WIND      :SUNSHINE: SKY     :PK WND
================================================================================
1   2   3   4   5  6A  6B    7    8   9   10  11  12  13   14  15   16   17  18
                                     12Z  AVG MX 2MIN
DY MAX MIN AVG DEP HDD CDD  WTR  SNW DPTH SPD SPD DIR MIN PSBL S-S WX    SPD DR
================================================================================

 1  52  25  39  17  26   0 0.00  0.0   25  3.0 10  30   M    M   8        10  30
 2  45  23  34  12  31   0    T  0.0   24  3.9 14 250   M    M   8 1      18 230
 3  47  23  35  12  30   0 0.00  0.0   23  5.8 12  20   M    M   5        17  50
 4  49  29  39  15  26   0 0.00  0.0   22  9.0 15  40   M    M   7        17 360
 5  44  29  37  12  28   0 0.00  0.0   21 12.3 23  50   M    M   7        27  50
 6  40  29  35   9  30   0 0.04  0.9   20 10.4 20  10   M    M   9 1      22  10
 7  31  25  28   2  37   0 0.05  0.3   19 10.6 16  20   M    M   9 1      18  20
 8  40  23  32   5  33   0    T    T   19  6.4 13 360   M    M   5 1      16  10
 9  48  17  33   5  32   0 0.00  0.0   18  3.0 10  30   M    M   4        12  60
10  51  20  36   7  29   0 0.00  0.0   17  1.7  7  30   M    M   7         8  10
11  46  22  34   4  31   0 0.00  0.0   17  2.9 10 190   M    M   4        13 200
12  52  20  36   6  29   0 0.00  0.0   16  3.9 14  30   M    M   2        16  60
13  47  25  36   5  29   0 0.00  0.0   15  9.7 18  80   M    M   2        22  90
14  50  24  37   5  28   0 0.00  0.0   15  3.3  9  10   M    M   1        10  70
15  41  26  34   2  31   0 0.00  0.0   13 11.6 18  20   M    M   5        24  10
16  36  24  30  -3  35   0 0.00  0.0   12 12.4 21  40   M    M   6        27  50
17  37  20  29  -5  36   0 0.00  0.0   12 11.0 21  20   M    M   1        23  20
18  41  19  30  -5  35   0 0.00  0.0   12  9.4 18  30   M    M   0        25  20
19  35  19  27  -9  38   0 0.00  0.0   11 15.4 28  30   M    M   1        33  40
20  42  20  31  -5  34   0 0.00  0.0   11  9.1 14  20   M    M   0        18  70
21  47  21  34  -3  31   0 0.00  0.0   11  8.7 14 350   M    M   1        17 360
22  52  27  40   2  25   0 0.00  0.0   10  9.3 15  20   M    M   2        26 290
23  53  30  42   4  23   0 0.00  0.0    9  8.8 14 350   M    M   5        18 350
24  58  33  46   7  19   0 0.00  0.0    7  5.8 14  10   M    M   8        15 360
25  56  33  45   6  20   0 0.00  0.0    6  5.8 13  10   M    M   8        14 360
26  51  28  40   0  25   0 0.00  0.0    5  6.1 15 360   M    M   8        21 350
27  51  32  42   1  23   0 0.00  0.0    T  6.2 12 350   M    M   7        15 350
28  56  29  43   2  22   0 0.00  0.0    T  2.3 10 180   M    M   7        16 250
================================================================================
SM 1298  695       816   0  0.09     1.2 207.8          M      137
================================================================================
AV 46.4 24.8                               7.4 FASTST   M    M   5    MAX(MPH)
                                 MISC ---->  # 28  30               # 33   40
================================================================================
NOTES:
# LAST OF SEVERAL OCCURRENCES

COLUMN 17 PEAK WIND IN M.P.H.

PRELIMINARY LOCAL CLIMATOLOGICAL DATA (WS FORM: F-6) , PAGE 2

                                          STATION:  FAIRBANKS AK
                                          MONTH:    APRIL
                                          YEAR:     2017
                                          LATITUDE:   64 49 N
                                          LONGITUDE: 147 52 W

[TEMPERATURE DATA]      [PRECIPITATION DATA]       SYMBOLS USED IN COLUMN 16

AVERAGE MONTHLY: 35.6   TOTAL FOR MONTH:   0.09    1 = FOG OR MIST
DPTR FM NORMAL:   3.7   DPTR FM NORMAL:   -0.19    2 = FOG REDUCING VISIBILITY
HIGHEST:    58 ON 24    GRTST 24HR  0.09 ON  6- 7      TO 1/4 MILE OR LESS
LOWEST:     17 ON  9                               3 = THUNDER
                        SNOW, ICE PELLETS, HAIL    4 = ICE PELLETS
                        TOTAL MONTH:   1.2 INCHES  5 = HAIL
                        GRTST 24HR   0.9 ON   M    6 = FREEZING RAIN OR DRIZZLE
                        GRTST DEPTH:  25 ON  1     7 = DUSTSTORM OR SANDSTORM:
                                                       VSBY 1/2 MILE OR LESS
                                                   8 = SMOKE OR HAZE
[NO. OF DAYS WITH]      [WEATHER - DAYS WITH]      9 = BLOWING SNOW
                                                   X = TORNADO
MAX 32 OR BELOW:   1    0.01 INCH OR MORE:   2
MAX 90 OR ABOVE:   0    0.10 INCH OR MORE:   0
MIN 32 OR BELOW:  26    0.50 INCH OR MORE:   0
MIN  0 OR BELOW:   0    1.00 INCH OR MORE:   0

[HDD (BASE 65) ]
TOTAL THIS MO.   816    CLEAR  (SCALE 0-3)   9
DPTR FM NORMAL  -112    PTCLDY (SCALE 4-7)  17
TOTAL FM JUL 1 13045    CLOUDY (SCALE 8-10)  2
DPTR FM NORMAL    67

[CDD (BASE 65) ]
TOTAL THIS MO.     0
DPTR FM NORMAL     0    [PRESSURE DATA]
TOTAL FM JAN 1     0    HIGHEST SLP M ON M
DPTR FM NORMAL     0    LOWEST  SLP 29.19 ON  5

[REMARKS]
