000
CXUS52 KRAH 271345
CF6FAY
PRELIMINARY LOCAL CLIMATOLOGICAL DATA (WS FORM: F-6)

                                          STATION:   FAYETTEVILLE REGL AIRPORT NC
                                          MONTH:     MARCH
                                          YEAR:      2015
                                          LATITUDE:   35  0 N
                                          LONGITUDE:  78 53 W

  TEMPERATURE IN F:       :PCPN:    SNOW:  WIND      :SUNSHINE: SKY     :PK WND
================================================================================
1   2   3   4   5  6A  6B    7    8   9   10  11  12  13   14  15   16   17  18
                                     12Z  AVG MX 2MIN
DY MAX MIN AVG DEP HDD CDD  WTR  SNW DPTH SPD SPD DIR MIN PSBL S-S WX    SPD DR
================================================================================

 1  38  32  35 -15  30   0 0.19    M    M  6.9 15  20   M    M  10 16     18  30
 2  66  38  52   2  13   0 0.00    M    M  6.9 14 110   M    M   5 12     18  20
 3  44  37  41 -10  24   0 0.03    M    M  5.8 14  90   M    M   9 18     18  40
 4  79  39  59   8   6   0 0.00    M    M 11.4 30 220   M    M   7 12     37 220
 5  73  35  54   3  11   0 0.38    M    M 14.7 35  10   M    M   8 1      46  20
 6  42  27  35 -16  30   0 0.00    M    M 10.4 26  30   M    M   4        36  20
 7  58  22  40 -12  25   0 0.00    M    M  5.7 16 230   M    M   0        21 220
 8  72  37  55   3  10   0 0.00    M    M  7.8 14 220   M    M   0        17 240
 9  66  51  59   7   6   0 0.00    M    M  3.9 14 200   M    M   4        18 190
10  79  52  66  13   0   1 0.00    M    M  7.7 18 210   M    M   4        25 190
11  84  62  73  20   0   8 0.02    M    M 10.8 31 300   M    M   7        45 300
12  68  50  59   6   6   0 0.00    M    M  9.8 22  20   M    M   3        28  20
13  63  46  55   2  10   0    T    M    M  6.9 13  50   M    M   8        17  80
14  69  52  61   7   4   0 1.00    M    M  8.2 18 230   M    M   8 1      25 220
15  74  55  65  11   0   0 0.00    M    M 10.3 21 310   M    M   1        29 290
16  79  41  60   6   5   0 0.00    M    M  7.9 20 220   M    M   0        26 220
17  86  52  69  14   0   4 0.00    M    M 10.1 23 320   M    M   0        27 340
18  63  46  55   0  10   0 0.00    M    M  8.0 18  20   M    M   0        24 360
19  51  42  47  -8  18   0 0.21    M    M  5.5 14  30   M    M  10 1      19  70
20  62  42  52  -4  13   0 0.19    M    M  6.1 13 280   M    M   8 1      17 260
21  66  41  54  -2  11   0 0.00    M    M  4.4 10 210   M    M   3 12     15 220
22  69  52  61   5   4   0 0.00    M    M  5.3 14 120   M    M   4        18 100
23  61  42  52  -4  13   0    T    M    M  7.9 20  20   M    M   4        26  20
24  71  36  54  -3  11   0 0.00    M    M  4.9 14 100   M    M   1        18 100
25  75  49  62   5   3   0 0.01    M    M  7.3 14 150   M    M   9 12     20  70
26  77  61  69  12   0   4 0.23    M    M 10.1 21 220   M    M   6 123    27 230
================================================================================
SM 1735 1139       263  17  2.26    M    204.7          M      123
================================================================================
AV 66.7 43.8                               7.9 FASTST   M    M   5    MAX(MPH)
                                 MISC ---->  # 35  10               # 46   20
================================================================================
NOTES:
# LAST OF SEVERAL OCCURRENCES

COLUMN 17 PEAK WIND IN M.P.H.

PRELIMINARY LOCAL CLIMATOLOGICAL DATA (WS FORM: F-6) , PAGE 2

                                          STATION:  FAYETTEVILLE REGL AIRPORT NC
                                          MONTH:    MARCH
                                          YEAR:     2015
                                          LATITUDE:   35  0 N
                                          LONGITUDE:  78 53 W

[TEMPERATURE DATA]      [PRECIPITATION DATA]       SYMBOLS USED IN COLUMN 16

AVERAGE MONTHLY: 55.3   TOTAL FOR MONTH:   2.26    1 = FOG OR MIST
DPTR FM NORMAL:   1.7   DPTR FM NORMAL:   -0.60    2 = FOG REDUCING VISIBILITY
HIGHEST:    86 ON 17    GRTST 24HR  1.00 ON 14-14      TO 1/4 MILE OR LESS
LOWEST:     22 ON  7                               3 = THUNDER
                        SNOW, ICE PELLETS, HAIL    4 = ICE PELLETS
                        TOTAL MONTH:    M          5 = HAIL
                        GRTST 24HR    M  ON   M    6 = FREEZING RAIN OR DRIZZLE
                        GRTST DEPTH:  M  ON   M    7 = DUSTSTORM OR SANDSTORM:
                                                       VSBY 1/2 MILE OR LESS
                                                   8 = SMOKE OR HAZE
[NO. OF DAYS WITH]      [WEATHER - DAYS WITH]      9 = BLOWING SNOW
                                                   X = TORNADO
MAX 32 OR BELOW:   0    0.01 INCH OR MORE:   9
MAX 90 OR ABOVE:   0    0.10 INCH OR MORE:   6
MIN 32 OR BELOW:   3    0.50 INCH OR MORE:   1
MIN  0 OR BELOW:   0    1.00 INCH OR MORE:   1

[HDD (BASE 65) ]
TOTAL THIS MO.   263    CLEAR  (SCALE 0-3)   8
DPTR FM NORMAL   -42    PTCLDY (SCALE 4-7)  14
TOTAL FM JUL 1  2759    CLOUDY (SCALE 8-10)  4
DPTR FM NORMAL   229

[CDD (BASE 65) ]
TOTAL THIS MO.    17
DPTR FM NORMAL    16    [PRESSURE DATA]
TOTAL FM JAN 1    17    HIGHEST SLP M ON M
DPTR FM NORMAL    12    LOWEST  SLP 29.66 ON 26

[REMARKS]
