000
CXUS53 KMPX 251500
CF6FCM
PRELIMINARY LOCAL CLIMATOLOGICAL DATA (WS FORM: F-6)

                                          STATION:   MINNEAPOLIS FLYING CLOUD MN
                                          MONTH:     JANUARY
                                          YEAR:      2015
                                          LATITUDE:   44 49 N
                                          LONGITUDE:  93 27 W

  TEMPERATURE IN F:       :PCPN:    SNOW:  WIND      :SUNSHINE: SKY     :PK WND
================================================================================
1   2   3   4   5  6A  6B    7    8   9   10  11  12  13   14  15   16   17  18
                                     12Z  AVG MX 2MIN
DY MAX MIN AVG DEP HDD CDD  WTR  SNW DPTH SPD SPD DIR MIN PSBL S-S WX    SPD DR
================================================================================

 1  32  10  21   5  44   0    M    M    M  9.4 17 310   M    M   5 8      22 310
 2  28   3  16   0  49   0    M    M    M  7.7 15 170   M    M   7        19 170
 3  33  11  22   6  43   0    M    M    M 12.0 28 350   M    M   4 189    34 360
 4  11  -8   2 -14  63   0    M    M    M 13.1 23 330   M    M   2        31 330
 5   1 -13  -6 -22  71   0    M    M    M  6.4 15 290   M    M   4 18     19 290
 6   9  -9   0 -15  65   0    M    M    M 11.5 24 320   M    M   1 18     31 330
 7   0  -8  -4 -19  69   0    M    M    M 11.8 20 310   M    M   0        27 320
 8  17  -7   5 -10  60   0    M    M    M 16.1 33 300   M    M   8 1289   41 310
 9   6  -4   1 -14  64   0    M    M    M 12.3 23 300   M    M   2        34 280
10  21  -6   8  -7  57   0    M    M    M  5.8 13 210   M    M   3        17 220
11  15   3   9  -6  56   0    M    M    M  5.2 10 300   M    M   6 8      14 300
12   6  -9  -1 -16  66   0    M    M    M  5.5 14  20   M    M   0        18 350
13  15 -14   1 -14  64   0    M    M    M  6.9 17 200   M    M   2 8      21 220
14  24  15  20   5  45   0    M    M    M  7.7 13 210   M    M   5 18     15 220
15  36  20  28  13  37   0    M    M    M  8.0 21 300   M    M   5 8      27 300
16  32  21  27  12  38   0    M    M    M  9.5 20 110   M    M   8 128    24 110
17  39  26  33  18  32   0    M    M    M  9.3 24 300   M    M   6 18     32 280
18  39  23  31  16  34   0    M    M    M  5.9 13 300   M    M   0 12     17 280
19  39  20  30  15  35   0    M    M    M  6.6 17 160   M    M   7 12     19 160
20  33  29  31  16  34   0    M    M    M  6.3 10  50   M    M  10 18     15  50
21  29  26  28  13  37   0    M    M    M  6.9 15 320   M    M  10 1      20 320
22  29  13  21   6  44   0    M    M    M 10.1 18 210   M    M   7 1      24 210
23  39  28  34  19  31   0    M    M    M 10.4 21 200   M    M   4        28 200
24  41  28  35  20  30   0    M    M    M  5.5 12  40   M    M   4 1      17  40
================================================================================
SM  574  198      1168   0    M     M    209.9          M      110
================================================================================
AV 23.9  8.2                               8.7 FASTST   M    M   5    MAX(MPH)
                                 MISC ---->  # 33 300               # 41  310
================================================================================
NOTES:
# LAST OF SEVERAL OCCURRENCES

COLUMN 17 PEAK WIND IN M.P.H.

PRELIMINARY LOCAL CLIMATOLOGICAL DATA (WS FORM: F-6) , PAGE 2

                                          STATION:  MINNEAPOLIS FLYING CLOUD MN
                                          MONTH:    JANUARY
                                          YEAR:     2015
                                          LATITUDE:   44 49 N
                                          LONGITUDE:  93 27 W

[TEMPERATURE DATA]      [PRECIPITATION DATA]       SYMBOLS USED IN COLUMN 16

AVERAGE MONTHLY: 16.1   TOTAL FOR MONTH:      M    1 = FOG OR MIST
DPTR FM NORMAL:   0.9   DPTR FM NORMAL:       M    2 = FOG REDUCING VISIBILITY
HIGHEST:    41 ON 24    GRTST 24HR  0.03 ON 20-21      TO 1/4 MILE OR LESS
LOWEST:    -14 ON 13                               3 = THUNDER
                        SNOW, ICE PELLETS, HAIL    4 = ICE PELLETS
                        TOTAL MONTH:    M          5 = HAIL
                        GRTST 24HR    M  ON   M    6 = FREEZING RAIN OR DRIZZLE
                        GRTST DEPTH:  M  ON   M    7 = DUSTSTORM OR SANDSTORM:
                                                       VSBY 1/2 MILE OR LESS
                                                   8 = SMOKE OR HAZE
[NO. OF DAYS WITH]      [WEATHER - DAYS WITH]      9 = BLOWING SNOW
                                                   X = TORNADO
MAX 32 OR BELOW:  16    0.01 INCH OR MORE:   0
MAX 90 OR ABOVE:   0    0.10 INCH OR MORE:   0
MIN 32 OR BELOW:  24    0.50 INCH OR MORE:   0
MIN  0 OR BELOW:   9    1.00 INCH OR MORE:   0

[HDD (BASE 65) ]
TOTAL THIS MO.  1168    CLEAR  (SCALE 0-3)   8
DPTR FM NORMAL   -28    PTCLDY (SCALE 4-7)  13
TOTAL FM JUL 1  4212    CLOUDY (SCALE 8-10)  3
DPTR FM NORMAL    -2

[CDD (BASE 65) ]
TOTAL THIS MO.     0
DPTR FM NORMAL     0    [PRESSURE DATA]
TOTAL FM JAN 1     0    HIGHEST SLP M ON M
DPTR FM NORMAL     0    LOWEST  SLP 29.51 ON 17

[REMARKS]
