000
CXUS52 KFFC 271110
CF6FFC
PRELIMINARY LOCAL CLIMATOLOGICAL DATA (WS FORM: F-6)

                                          STATION:   PEACHTREE CITY
                                          MONTH:     JUNE
                                          YEAR:      2017
                                          LATITUDE:   33 20 N
                                          LONGITUDE:  84 34 W

  TEMPERATURE IN F:       :PCPN:    SNOW:  WIND      :SUNSHINE: SKY     :PK WND
================================================================================
1   2   3   4   5  6A  6B    7    8   9   10  11  12  13   14  15   16   17  18
                                     12Z  AVG MX 2MIN
DY MAX MIN AVG DEP HDD CDD  WTR  SNW DPTH SPD SPD DIR MIN PSBL S-S WX    SPD DR
================================================================================

 1  83  64  74   1   0   9 0.04  0.0    0  1.0  8 160   M    M   5 1      12 160
 2  87  62  75   2   0  10 0.00  0.0    0  1.5  8  20   M    M   3 1      12  50
 3  87  66  77   3   0  12 0.14  0.0    0  1.0 12 120   M    M   2 13     15 120
 4  83  69  76   2   0  11 0.30  0.0    0  2.9 13  90   M    M   7 13     16  80
 5  85  70  78   4   0  13 0.17  0.0    0  3.1 16 310   M    M   6 13     23 310
 6  77  69  73  -1   0   8 0.17  0.0    0  1.3  8 310   M    M   7 12      9 310
 7  81  65  73  -1   0   8 0.42  0.0    0  3.8 13  20   M    M   4 1      18  20
 8  80  63  72  -3   0   7 0.05  0.0    0  2.4 10  90   M    M   6 1      15  90
 9  85  60  73  -2   0   8 0.00  0.0    0  1.5 10 280   M    M   2 1      14 250
10  86  60  73  -2   0   8 0.00  0.0    0  1.9 12 120   M    M   1 1      16 120
11  88  62  75   0   0  10 0.00  0.0    0  3.3 16 130   M    M   4        21 120
12  85  69  77   2   0  12 0.03  0.0    0  3.1 10 110   M    M   4 13     14 170
13  87  67  77   1   0  12 0.00  0.0    0  1.6  7 170   M    M   2 1      10 250
14  88  65  77   1   0  12 0.00  0.0    0  1.7  8 130   M    M   2        11 120
15  91  68  80   4   0  15 0.00  0.0    0  3.2 32 320   M    M   1 3      43 320
16  88  67  78   2   0  13    T  0.0    0  3.5 12 310   M    M   3 3      14 310
17  90  65  78   2   0  13 0.00  0.0    0  1.8 12 160   M    M   2        15 150
18  83  70  77   1   0  12 0.07    M    0  3.0 16 260   M    M   5        25 280
19  88  69  79   2   0  14 0.44  0.0    0  2.2 13 310   M    M   2 1      15 290
20  77  71  74  -3   0   9 0.19  0.0    0  1.1  8 170   M    M   9 1      13 180
21  77  70  74  -3   0   9 0.20  0.0    0  2.8  9 340   M    M  10 1      14 140
22  85  71  78   1   0  13 0.21  0.0    0  5.4 14 160   M    M   5 1      22 160
23  88  70  79   2   0  14 0.09  0.0    0  4.6 14 240   M    M   2 18     25 240
24  85  72  79   2   0  14 1.94  0.0    0  1.9 20 300   M    M   7 1238   25 310
25  81  66  74  -4   0   9 0.00  0.0    0  7.7 16 310   M    M   0 1      20 310
26  87  60  74  -4   0   9 0.00  0.0    0  3.1 10 330   M    M   1 1      15  90
================================================================================
SM 2202 1730         0 284  4.46     0.0  70.4          M      102
================================================================================
AV 84.7 66.5                               2.7 FASTST   M    M   4    MAX(MPH)
                                 MISC ---->  # 32 320               # 43  320
================================================================================
NOTES:
# LAST OF SEVERAL OCCURRENCES

COLUMN 17 PEAK WIND IN M.P.H.

PRELIMINARY LOCAL CLIMATOLOGICAL DATA (WS FORM: F-6) , PAGE 2

                                          STATION:  PEACHTREE CITY
                                          MONTH:    JUNE
                                          YEAR:     2017
                                          LATITUDE:   33 20 N
                                          LONGITUDE:  84 34 W

[TEMPERATURE DATA]      [PRECIPITATION DATA]       SYMBOLS USED IN COLUMN 16

AVERAGE MONTHLY: 75.6   TOTAL FOR MONTH:   4.46    1 = FOG OR MIST
DPTR FM NORMAL:   0.0   DPTR FM NORMAL:    1.37    2 = FOG REDUCING VISIBILITY
HIGHEST:    91 ON 15    GRTST 24HR  1.94 ON 24-24      TO 1/4 MILE OR LESS
LOWEST:     60 ON 26,10                            3 = THUNDER
                        SNOW, ICE PELLETS, HAIL    4 = ICE PELLETS
                        TOTAL MONTH:   0.0 INCH    5 = HAIL
                        GRTST 24HR     0.0         6 = FREEZING RAIN OR DRIZZLE
                        GRTST DEPTH:   0           7 = DUSTSTORM OR SANDSTORM:
                                                       VSBY 1/2 MILE OR LESS
                                                   8 = SMOKE OR HAZE
[NO. OF DAYS WITH]      [WEATHER - DAYS WITH]      9 = BLOWING SNOW
                                                   X = TORNADO
MAX 32 OR BELOW:   0    0.01 INCH OR MORE:  15
MAX 90 OR ABOVE:   2    0.10 INCH OR MORE:  10
MIN 32 OR BELOW:   0    0.50 INCH OR MORE:   1
MIN  0 OR BELOW:   0    1.00 INCH OR MORE:   1

[HDD (BASE 65) ]
TOTAL THIS MO.     0    CLEAR  (SCALE 0-3)  13
DPTR FM NORMAL     0    PTCLDY (SCALE 4-7)  11
TOTAL FM JUL 1  2041    CLOUDY (SCALE 8-10)  2
DPTR FM NORMAL  -909

[CDD (BASE 65) ]
TOTAL THIS MO.   284
DPTR FM NORMAL     9    [PRESSURE DATA]
TOTAL FM JAN 1   569    HIGHEST SLP M ON M
DPTR FM NORMAL   104    LOWEST  SLP 29.72 ON  6

[REMARKS]
