647
CXUS52 KFFC 291110
CF6FFC
PRELIMINARY LOCAL CLIMATOLOGICAL DATA (WS FORM: F-6)

                                          STATION:   PEACHTREE CITY
                                          MONTH:     APRIL
                                          YEAR:      2017
                                          LATITUDE:   33 20 N
                                          LONGITUDE:  84 34 W

  TEMPERATURE IN F:       :PCPN:    SNOW:  WIND      :SUNSHINE: SKY     :PK WND
================================================================================
1   2   3   4   5  6A  6B    7    8   9   10  11  12  13   14  15   16   17  18
                                     12Z  AVG MX 2MIN
DY MAX MIN AVG DEP HDD CDD  WTR  SNW DPTH SPD SPD DIR MIN PSBL S-S WX    SPD DR
================================================================================

 1  80  45  63   6   2   0 0.00  0.0    0  5.0 17 310   M    M   0        21 320
 2  84  44  64   7   1   0 0.00  0.0    0  2.8 15 140   M    M   0        17 150
 3  68  59  64   7   1   0 0.58  0.0    0  7.7 35 330   M    M   7 13     45 330
 4  82  60  71  13   0   6 0.00  0.0    0  4.5 14 250   M    M   2 1      19 250
 5  69  54  62   4   3   0 1.92  0.0    0  6.3 26 280   M    M   7 13     47 310
 6  61  44  53  -5  12   0 0.00  0.0    0 11.5 31 310   M    M   3        44 310
 7  65  41  53  -5  12   0 0.00  0.0    0 11.2 28 310   M    M   0        36 350
 8  72  34  53  -6  12   0 0.00  0.0    0  2.9 13 320   M    M   0        19 340
 9  78  36  57  -2   8   0 0.00  0.0    0  2.9 14 140   M    M   0 8      18 120
10  80  43  62   3   3   0 0.00  0.0    0  2.2 13 130   M    M   0        19 140
11  80  49  65   6   0   0 0.00  0.0    0  1.9 12 130   M    M   2        16 140
12  81  52  67   7   0   2 0.02  0.0    0  1.4 21 130   M    M   1 1      27 140
13  83  51  67   7   0   2 0.00  0.0    0  1.7 10 120   M    M   1 1      14 130
14  83  51  67   7   0   2 0.00  0.0    0  2.5 13 130   M    M   2 1      16 130
15  81  53  67   7   0   2 0.00  0.0    0  4.5 18 140   M    M   1 1      24 140
16  82  53  68   7   0   3 0.00  0.0    0  2.3 10 140   M    M   2 1      17 220
17  79  54  67   6   0   2    T  0.0    0  2.1 12 310   M    M   5 13     18 210
18  84  57  71  10   0   6 0.00  0.0    0  2.5 10  90   M    M   6 1      15  80
19  80  64  72  11   0   7 0.00  0.0    0  5.8 12 120   M    M   6        18  70
20  85  58  72  10   0   7 0.00  0.0    0  2.4  9 150   M    M   2 1      15 240
21  85  57  71   9   0   6 0.00  0.0    0  2.2 10 240   M    M   1 1      17 250
22  83  56  70   8   0   5 0.00  0.0    0  3.6 15 270   M    M   1        23 280
23  69  55  62   0   3   0 0.33  0.0    0  4.4 16 270   M    M   9        25 290
24  65  53  59  -4   6   0    T  0.0    0  4.7 15 360   M    M   9        19 350
25  78  56  67   4   0   2    T  0.0    0  4.6 14 310   M    M   3        18 320
26  81  50  66   3   0   1 0.00  0.0    0  4.2 13 140   M    M   0        18 140
27  78  60  69   5   0   4 0.09  0.0    0  4.0 14 130   M    M   5        22 140
28  85  66  76  12   0  11 0.00  0.0    0  3.4 13 150   M    M   6        18 140
================================================================================
SM 2181 1455        63  68  2.94     0.0 115.2          M       81
================================================================================
AV 77.9 52.0                               4.1 FASTST   M    M   3    MAX(MPH)
                                 MISC ---->  # 35 330               # 47  310
================================================================================
NOTES:
# LAST OF SEVERAL OCCURRENCES

COLUMN 17 PEAK WIND IN M.P.H.

PRELIMINARY LOCAL CLIMATOLOGICAL DATA (WS FORM: F-6) , PAGE 2

                                          STATION:  PEACHTREE CITY
                                          MONTH:    APRIL
                                          YEAR:     2017
                                          LATITUDE:   33 20 N
                                          LONGITUDE:  84 34 W

[TEMPERATURE DATA]      [PRECIPITATION DATA]       SYMBOLS USED IN COLUMN 16

AVERAGE MONTHLY: 64.9   TOTAL FOR MONTH:   2.94    1 = FOG OR MIST
DPTR FM NORMAL:   4.6   DPTR FM NORMAL:   -0.76    2 = FOG REDUCING VISIBILITY
HIGHEST:    85 ON 28,21 GRTST 24HR  1.92 ON  5- 5      TO 1/4 MILE OR LESS
LOWEST:     34 ON  8                               3 = THUNDER
                        SNOW, ICE PELLETS, HAIL    4 = ICE PELLETS
                        TOTAL MONTH:   0.0 INCH    5 = HAIL
                        GRTST 24HR     0.0         6 = FREEZING RAIN OR DRIZZLE
                        GRTST DEPTH:   0           7 = DUSTSTORM OR SANDSTORM:
                                                       VSBY 1/2 MILE OR LESS
                                                   8 = SMOKE OR HAZE
[NO. OF DAYS WITH]      [WEATHER - DAYS WITH]      9 = BLOWING SNOW
                                                   X = TORNADO
MAX 32 OR BELOW:   0    0.01 INCH OR MORE:   5
MAX 90 OR ABOVE:   0    0.10 INCH OR MORE:   3
MIN 32 OR BELOW:   0    0.50 INCH OR MORE:   2
MIN  0 OR BELOW:   0    1.00 INCH OR MORE:   1

[HDD (BASE 65) ]
TOTAL THIS MO.    63    CLEAR  (SCALE 0-3)  18
DPTR FM NORMAL   -97    PTCLDY (SCALE 4-7)   8
TOTAL FM JUL 1  2010    CLOUDY (SCALE 8-10)  2
DPTR FM NORMAL  -902

[CDD (BASE 65) ]
TOTAL THIS MO.    68
DPTR FM NORMAL    41    [PRESSURE DATA]
TOTAL FM JAN 1    93    HIGHEST SLP M ON M
DPTR FM NORMAL    61    LOWEST  SLP 29.59 ON  5

[REMARKS]
