000
CXUS53 KARX 200930
CF6FKA
PRELIMINARY LOCAL CLIMATOLOGICAL DATA (WS FORM: F-6)

                                          STATION:   PRESTON MN
                                          MONTH:     APRIL
                                          YEAR:      2014
                                          LATITUDE:   43 40 N
                                          LONGITUDE:  92 11 W

  TEMPERATURE IN F:       :PCPN:    SNOW:  WIND      :SUNSHINE: SKY     :PK WND
================================================================================
1   2   3   4   5  6A  6B    7    8   9   10  11  12  13   14  15   16   17  18
                                     12Z  AVG MX 2MIN
DY MAX MIN AVG DEP HDD CDD  WTR  SNW DPTH SPD SPD DIR MIN PSBL S-S WX    SPD DR
================================================================================

 1  33  23  28   M  37   0    T    T    0 18.6 30 230   M    M   8 1      39 230
 2  47  24  36   M  29   0 0.01  0.0    0  8.1 14 100   M    M   3 1      21 100
 3  37  32  35   M  30   0 0.21  0.0    0 12.1 21  80   M    M  10 1      28  80
 4  37  27  32   M  33   0 0.02    M    2 14.5 24 320   M    M   7 1      35 330
 5  48  26  37   M  28   0 0.00  0.0    0  8.0 13 230   M    M   0 1      20 210
 6  60  39  50   M  15   0 0.01  0.0    0 13.4 18 240   M    M   7 3      32 230
 7  58  38  48   M  17   0 0.14  0.0    0  6.2 14 340   M    M   7 1      20 340
 8  53  34  44   M  21   0 0.00  0.0    0 11.1 17 320   M    M   1        23 320
 9  66  32  49   M  16   0 0.00  0.0    0 15.0 29 200   M    M   2        37 210
10  59  44  52   M  13   0 0.00  0.0    0 13.6 23 320   M    M   1        31 310
11  64  41  53   M  12   0 0.01  0.0    0  7.6 15 300   M    M   3 3      22 280
12  55  42  49   M  16   0 0.25  0.0    0  8.6 14  30   M    M   7 123    18  30
13  43  32  38   M  27   0    M    M    0 12.9 22 360   M    M  10 12     35  10
14  35  26  31   M  34   0    M    M    M 16.7 23 350   M    M   8        39 360
15  35  22  29   M  36   0 0.00  0.0    M  6.8 13 320   M    M   5        10 290
16  53  31  42   M  23   0    T  0.0    0 17.7 30 160   M    M   9        39 160
17  47  32  40   M  25   0    M  0.0    0 12.2 22 280   M    M   9 1      30 170
18  55  28  42   M  23   0 0.00  0.0    0  5.1  9 130   M    M   2 1       M  M
19  70  36  53   M  12   0 0.00  0.0    0 16.3 23 170   M    M   4        30 150
================================================================================
SM  955  609       447   0  0.65    T    224.5          M      103
================================================================================
AV 50.3 32.1                              11.8 FASTST   M    M   5    MAX(MPH)
                                 MISC ---->    30   M                 39    M
================================================================================
NOTES:
# LAST OF SEVERAL OCCURRENCES

COLUMN 17 PEAK WIND IN M.P.H.

PRELIMINARY LOCAL CLIMATOLOGICAL DATA (WS FORM: F-6) , PAGE 2

                                          STATION:  PRESTON MN
                                          MONTH:    APRIL
                                          YEAR:     2014
                                          LATITUDE:   43 40 N
                                          LONGITUDE:  92 11 W

[TEMPERATURE DATA]      [PRECIPITATION DATA]       SYMBOLS USED IN COLUMN 16

AVERAGE MONTHLY: 41.2   TOTAL FOR MONTH:   0.65    1 = FOG OR MIST
DPTR FM NORMAL:     M   DPTR FM NORMAL:       M    2 = FOG REDUCING VISIBILITY
HIGHEST:    70 ON 19    GRTST 24HR  0.25 ON 12-12      TO 1/4 MILE OR LESS
LOWEST:     22 ON 15                               3 = THUNDER
                        SNOW, ICE PELLETS, HAIL    4 = ICE PELLETS
                        TOTAL MONTH:    T          5 = HAIL
                        GRTST 24HR    T  ON  1- 1  6 = FREEZING RAIN OR DRIZZLE
                        GRTST DEPTH:   2 ON  4     7 = DUSTSTORM OR SANDSTORM:
                                                       VSBY 1/2 MILE OR LESS
                                                   8 = SMOKE OR HAZE
[NO. OF DAYS WITH]      [WEATHER - DAYS WITH]      9 = BLOWING SNOW
                                                   X = TORNADO
MAX 32 OR BELOW:   0    0.01 INCH OR MORE:   7
MAX 90 OR ABOVE:   0    0.10 INCH OR MORE:   3
MIN 32 OR BELOW:  12    0.50 INCH OR MORE:   0
MIN  0 OR BELOW:   0    1.00 INCH OR MORE:   0

[HDD (BASE 65) ]
TOTAL THIS MO.   447    CLEAR  (SCALE 0-3)   6
DPTR FM NORMAL     M    PTCLDY (SCALE 4-7)   9
TOTAL FM JUL 1  8217    CLOUDY (SCALE 8-10)  4
DPTR FM NORMAL     M

[CDD (BASE 65) ]
TOTAL THIS MO.     0
DPTR FM NORMAL     M    [PRESSURE DATA]
TOTAL FM JAN 1     0    HIGHEST SLP M ON M
DPTR FM NORMAL     M    LOWEST  SLP M ON M

[REMARKS]
