000
CXUS53 KARX 270930
CF6FKA
PRELIMINARY LOCAL CLIMATOLOGICAL DATA (WS FORM: F-6)

                                          STATION:   PRESTON MN
                                          MONTH:     JULY
                                          YEAR:      2015
                                          LATITUDE:   43 40 N
                                          LONGITUDE:  92 11 W

  TEMPERATURE IN F:       :PCPN:    SNOW:  WIND      :SUNSHINE: SKY     :PK WND
================================================================================
1   2   3   4   5  6A  6B    7    8   9   10  11  12  13   14  15   16   17  18
                                     12Z  AVG MX 2MIN
DY MAX MIN AVG DEP HDD CDD  WTR  SNW DPTH SPD SPD DIR MIN PSBL S-S WX    SPD DR
================================================================================

 1  63  51  57   M   8   0 0.00  0.0    0  3.3  7  70   M    M   2         M  M
 2  72  48  60   M   5   0 0.00  0.0    0  1.7  6  60   M    M   0         M  M
 3  75  52  64   M   1   0 0.00  0.0    0  3.6  8 260   M    M   1         M  M
 4  79  57  68   M   0   3 0.00  0.0    0  4.7  8 190   M    M   1         M  M
 5  81  59  70   M   0   5 0.00  0.0    0  9.9 17 170   M    M   0 1      22 170
 6  77  57  67   M   0   2 0.21  0.0    0 10.7 22 350   M    M   6 18     30 360
 7  65  50  58   M   7   0 0.00  0.0    0  7.7 14  20   M    M   5        22  20
 8  69  51  60   M   5   0 0.00  0.0    0  2.9 10 150   M    M   5         M  M
 9  76  52  64   M   1   0 0.00  0.0    0  4.1  7 210   M    M   2         M  M
10  79  57  68   M   0   3 0.00  0.0    0  6.7 10 180   M    M   1         M  M
11  76  62  69   M   0   4 0.12  0.0    0  6.5 12 150   M    M   4 13     20 150
12  83  64  74   M   0   9 0.00  0.0    0  8.7 13 180   M    M   9 12     16 170
13  88  63  76   M   0  11 0.01  0.0    0  9.6 20 280   M    M   4 3      27 280
14  80  63  72   M   0   7 0.00  0.0    0  7.8 12  30   M    M   2        18  20
15  74  59  67   M   0   2 0.00  0.0    0  4.8  9 150   M    M   2 1       M  M
16  71  62  67   M   0   2 0.68  0.0    0  8.0 13 150   M    M   8 1      17 130
17  88  66  77   M   0  12 0.00  0.0    0  4.5 10 290   M    M   3 12      M  M
18  85  65  75   M   0  10 0.45  0.0    0  9.0 24 340   M    M   1 3      32 340
19  79  58  69   M   0   4 0.00  0.0    0  7.6 13 300   M    M   0        16 230
20  78  58  68   M   0   3 0.48  0.0    0 10.8 16 330   M    M   3 3      24 320
21  76  54  65   M   0   0 0.00  0.0    0  4.9  7 310   M    M   1 3       M  M
22  78  56  67   M   0   2 0.00  0.0    0  2.5  6 210   M    M   1         M  M
23  80  58  69   M   0   4 0.00  0.0    0  4.3 10 180   M    M   1         M  M
24  81  64  73   M   0   8 0.35  0.0    0  8.9 25 180   M    M   4 3      35 180
25  83  65  74   M   0   9 0.00  0.0    0  3.1  7 320   M    M   0         M  M
26  82  65  74   M   0   9 0.10  0.0    0  5.1 12 110   M    M   5 3       M  M
================================================================================
SM 2018 1516        27 109  2.40     0.0 161.4          M       71
================================================================================
AV 77.6 58.3                               6.2 FASTST   M    M   3    MAX(MPH)
                                 MISC ---->    25   M               # 35  180
================================================================================
NOTES:
# LAST OF SEVERAL OCCURRENCES

COLUMN 17 PEAK WIND IN M.P.H.

PRELIMINARY LOCAL CLIMATOLOGICAL DATA (WS FORM: F-6) , PAGE 2

                                          STATION:  PRESTON MN
                                          MONTH:    JULY
                                          YEAR:     2015
                                          LATITUDE:   43 40 N
                                          LONGITUDE:  92 11 W

[TEMPERATURE DATA]      [PRECIPITATION DATA]       SYMBOLS USED IN COLUMN 16

AVERAGE MONTHLY: 68.0   TOTAL FOR MONTH:   2.40    1 = FOG OR MIST
DPTR FM NORMAL:     M   DPTR FM NORMAL:       M    2 = FOG REDUCING VISIBILITY
HIGHEST:    88 ON 17,13 GRTST 24HR  0.68 ON 16-16      TO 1/4 MILE OR LESS
LOWEST:     48 ON  2                               3 = THUNDER
                        SNOW, ICE PELLETS, HAIL    4 = ICE PELLETS
                        TOTAL MONTH:   0.0 INCH    5 = HAIL
                        GRTST 24HR     0.0         6 = FREEZING RAIN OR DRIZZLE
                        GRTST DEPTH:   0           7 = DUSTSTORM OR SANDSTORM:
                                                       VSBY 1/2 MILE OR LESS
                                                   8 = SMOKE OR HAZE
[NO. OF DAYS WITH]      [WEATHER - DAYS WITH]      9 = BLOWING SNOW
                                                   X = TORNADO
MAX 32 OR BELOW:   0    0.01 INCH OR MORE:   8
MAX 90 OR ABOVE:   0    0.10 INCH OR MORE:   7
MIN 32 OR BELOW:   0    0.50 INCH OR MORE:   1
MIN  0 OR BELOW:   0    1.00 INCH OR MORE:   0

[HDD (BASE 65) ]
TOTAL THIS MO.    27    CLEAR  (SCALE 0-3)  17
DPTR FM NORMAL     M    PTCLDY (SCALE 4-7)   8
TOTAL FM JUL 1    27    CLOUDY (SCALE 8-10)  1
DPTR FM NORMAL     M

[CDD (BASE 65) ]
TOTAL THIS MO.   109
DPTR FM NORMAL     M    [PRESSURE DATA]
TOTAL FM JAN 1   194    HIGHEST SLP M ON M
DPTR FM NORMAL     M    LOWEST  SLP M ON M

[REMARKS]
