000
CXUS53 KARX 220930
CF6FKA
PRELIMINARY LOCAL CLIMATOLOGICAL DATA (WS FORM: F-6)

                                          STATION:   PRESTON MN
                                          MONTH:     FEBRUARY
                                          YEAR:      2017
                                          LATITUDE:   43 40 N
                                          LONGITUDE:  92 11 W

  TEMPERATURE IN F:       :PCPN:    SNOW:  WIND      :SUNSHINE: SKY     :PK WND
================================================================================
1   2   3   4   5  6A  6B    7    8   9   10  11  12  13   14  15   16   17  18
                                     12Z  AVG MX 2MIN
DY MAX MIN AVG DEP HDD CDD  WTR  SNW DPTH SPD SPD DIR MIN PSBL S-S WX    SPD DR
================================================================================

 1  29   7  18   M  47   0    T  0.1    3 14.6 23 300   M    M   2        29 310
 2  15   4  10   M  55   0 0.00  0.0    3 13.2 21 300   M    M   1        27 300
 3  18   1  10   M  55   0 0.00  0.0    3 10.1 14 310   M    M   0        20 270
 4  30   5  18   M  47   0 0.00  0.0    3 13.1 24 180   M    M   4        30 190
 5  28  15  22   M  43   0 0.00  0.0    3  9.5 20 300   M    M   3        22 310
 6  37  13  25   M  40   0 0.00  0.0    3  6.9 12 170   M    M   3         M  M
 7  36  17  27   M  38   0    T    T    2 11.8 27 300   M    M  10 1      31 300
 8  17   6  12   M  53   0 0.00  0.0    2 11.6 16 310   M    M   4        21 360
 9  17   0   9   M  56   0 0.00  0.0    M 10.0 18 190   M    M   1        24 190
10  39  16  28   M  37   0 0.00  0.0    M 12.6 21 180   M    M   2        27 160
11  41  35  38   M  27   0 0.01  0.0    M  4.7 10 320   M    M   9         M  M
12  36  26  31   M  34   0 0.03    M    M 16.0 25 310   M    M   2        35 310
13  40  22  31   M  34   0 0.00  0.0    M 12.5 22 220   M    M   0        31 220
14  39  26  33   M  32   0 0.00  0.0    M 15.2 25 310   M    M   1        31 310
15  31  19  25   M  40   0 0.00  0.0    M  8.1 15 350   M    M   0        24 360
16  37  22  30   M  35   0 0.00  0.0    0  9.8 15 150   M    M   0        18 140
17  50  27  39   M  26   0 0.00  0.0    0 11.1 16 260   M    M   0        20 250
18  53  36  45   M  20   0 0.00  0.0    0  6.0 13 330   M    M   0         M  M
19  57  31  44   M  21   0 0.00  0.0    0  6.2 10 140   M    M   0 1       M  M
20  53  42  48   M  17   0 0.76  0.0    0 11.8 22 270   M    M   7 1      29 270
21  56  31  44   M  21   0 0.00  0.0    0 10.0 17 190   M    M   2 12     20 190
================================================================================
SM  759  401       778   0  0.80     0.1 224.8          M       51
================================================================================
AV 36.1 19.1                              10.7 FASTST   M    M   2    MAX(MPH)
                                 MISC ---->  # 27 300               # 35  310
================================================================================
NOTES:
# LAST OF SEVERAL OCCURRENCES

COLUMN 17 PEAK WIND IN M.P.H.

PRELIMINARY LOCAL CLIMATOLOGICAL DATA (WS FORM: F-6) , PAGE 2

                                          STATION:  PRESTON MN
                                          MONTH:    FEBRUARY
                                          YEAR:     2017
                                          LATITUDE:   43 40 N
                                          LONGITUDE:  92 11 W

[TEMPERATURE DATA]      [PRECIPITATION DATA]       SYMBOLS USED IN COLUMN 16

AVERAGE MONTHLY: 27.6   TOTAL FOR MONTH:   0.80    1 = FOG OR MIST
DPTR FM NORMAL:     M   DPTR FM NORMAL:       M    2 = FOG REDUCING VISIBILITY
HIGHEST:    57 ON 19    GRTST 24HR  0.76 ON 20-20      TO 1/4 MILE OR LESS
LOWEST:      0 ON  9                               3 = THUNDER
                        SNOW, ICE PELLETS, HAIL    4 = ICE PELLETS
                        TOTAL MONTH:   0.1 INCH    5 = HAIL
                        GRTST 24HR   0.1 ON   M    6 = FREEZING RAIN OR DRIZZLE
                        GRTST DEPTH:   3 ON  6, 5  7 = DUSTSTORM OR SANDSTORM:
                                                       VSBY 1/2 MILE OR LESS
                                                   8 = SMOKE OR HAZE
[NO. OF DAYS WITH]      [WEATHER - DAYS WITH]      9 = BLOWING SNOW
                                                   X = TORNADO
MAX 32 OR BELOW:   8    0.01 INCH OR MORE:   3
MAX 90 OR ABOVE:   0    0.10 INCH OR MORE:   1
MIN 32 OR BELOW:  18    0.50 INCH OR MORE:   1
MIN  0 OR BELOW:   1    1.00 INCH OR MORE:   0

[HDD (BASE 65) ]
TOTAL THIS MO.   778    CLEAR  (SCALE 0-3)  15
DPTR FM NORMAL     M    PTCLDY (SCALE 4-7)   4
TOTAL FM JUL 1  4691    CLOUDY (SCALE 8-10)  2
DPTR FM NORMAL     M

[CDD (BASE 65) ]
TOTAL THIS MO.     0
DPTR FM NORMAL     M    [PRESSURE DATA]
TOTAL FM JAN 1     0    HIGHEST SLP M ON M
DPTR FM NORMAL     M    LOWEST  SLP M ON M

[REMARKS]
