000
CXUS53 KARX 230930
CF6FKA
PRELIMINARY LOCAL CLIMATOLOGICAL DATA (WS FORM: F-6)

                                          STATION:   PRESTON MN
                                          MONTH:     NOVEMBER
                                          YEAR:      2017
                                          LATITUDE:   43 40 N
                                          LONGITUDE:  92 11 W

  TEMPERATURE IN F:       :PCPN:    SNOW:  WIND      :SUNSHINE: SKY     :PK WND
================================================================================
1   2   3   4   5  6A  6B    7    8   9   10  11  12  13   14  15   16   17  18
                                     12Z  AVG MX 2MIN
DY MAX MIN AVG DEP HDD CDD  WTR  SNW DPTH SPD SPD DIR MIN PSBL S-S WX    SPD DR
================================================================================

 1  39  22  31   M  34   0 0.05    M    0  9.4 18 160   M    M   9 1      22 160
 2  42  34  38   M  27   0 0.01  0.0    0  7.5 15 320   M    M  10 1      17 330
 3  36  27  32   M  33   0 0.00  0.0    0  6.9 13 360   M    M   5        21 360
 4  41  33  37   M  28   0 0.07    M    0  7.1 10 100   M    M  10 1      18 100
 5  42  25  34   M  31   0 0.01  0.0    0  9.6 18 340   M    M  10 1      24 340
 6  32  21  27   M  38   0 0.00  0.0    0  4.5  8 340   M    M   6         M  M
 7  37  25  31   M  34   0 0.00  0.0    0  6.4 10 300   M    M   6         M  M
 8  41  21  31   M  34   0 0.00  0.0    0  7.6 13 210   M    M   3 1      20 260
 9  39  10  25   M  40   0 0.00  0.0    0 13.4 18 330   M    M   4        30 320
10  28   9  19   M  46   0 0.00  0.0    0 10.7 18 160   M    M   4        28 160
11  33  28  31   M  34   0 0.01    M    0  9.9 22 160   M    M  10        28 160
12  41  25  33   M  32   0 0.00  0.0    0  2.8  8 320   M    M   4 12      M  M
13  43  20  32   M  33   0 0.00  0.0    0  9.0 16 190   M    M   3 1      23 180
14  43  35  39   M  26   0 0.00  0.0    0 10.3 13 180   M    M  10 12     18 160
15  46  26  36   M  29   0 0.01  0.0    0 16.4 24 310   M    M  10 1      33 330
16  32  25  29   M  36   0 0.00  0.0    0 10.2 18 150   M    M   8        25 150
17  37  31  34   M  31   0 0.08  0.0    0 11.5 20 150   M    M  10 12     28 150
18  40  20  30   M  35   0 0.00  0.0    0 15.1 23 320   M    M   6 1      31 330
19  37  15  26   M  39   0 0.00  0.0    0 12.1 17 320   M    M   0        24 320
20  49  28  39   M  26   0 0.00  0.0    0 14.0 18 200   M    M   0        30 200
21  38  17  28   M  37   0 0.00  0.0    0 16.9 35 310   M    M   2        50 310
22  31  11  21   M  44   0    T    T    0  7.7 13 190   M    M   4        20 200
================================================================================
SM  847  508       747   0  0.24    T    219.0          M      134
================================================================================
AV 38.5 23.1                              10.0 FASTST   M    M   6    MAX(MPH)
                                 MISC ---->  # 35 310               # 50  310
================================================================================
NOTES:
# LAST OF SEVERAL OCCURRENCES

COLUMN 17 PEAK WIND IN M.P.H.

PRELIMINARY LOCAL CLIMATOLOGICAL DATA (WS FORM: F-6) , PAGE 2

                                          STATION:  PRESTON MN
                                          MONTH:    NOVEMBER
                                          YEAR:     2017
                                          LATITUDE:   43 40 N
                                          LONGITUDE:  92 11 W

[TEMPERATURE DATA]      [PRECIPITATION DATA]       SYMBOLS USED IN COLUMN 16

AVERAGE MONTHLY: 30.8   TOTAL FOR MONTH:   0.24    1 = FOG OR MIST
DPTR FM NORMAL:     M   DPTR FM NORMAL:       M    2 = FOG REDUCING VISIBILITY
HIGHEST:    49 ON 20    GRTST 24HR  0.08 ON 17-17      TO 1/4 MILE OR LESS
LOWEST:      9 ON 10                               3 = THUNDER
                        SNOW, ICE PELLETS, HAIL    4 = ICE PELLETS
                        TOTAL MONTH:    T          5 = HAIL
                        GRTST 24HR    T  ON 22-22  6 = FREEZING RAIN OR DRIZZLE
                        GRTST DEPTH:   0           7 = DUSTSTORM OR SANDSTORM:
                                                       VSBY 1/2 MILE OR LESS
                                                   8 = SMOKE OR HAZE
[NO. OF DAYS WITH]      [WEATHER - DAYS WITH]      9 = BLOWING SNOW
                                                   X = TORNADO
MAX 32 OR BELOW:   4    0.01 INCH OR MORE:   7
MAX 90 OR ABOVE:   0    0.10 INCH OR MORE:   0
MIN 32 OR BELOW:  19    0.50 INCH OR MORE:   0
MIN  0 OR BELOW:   0    1.00 INCH OR MORE:   0

[HDD (BASE 65) ]
TOTAL THIS MO.   747    CLEAR  (SCALE 0-3)   4
DPTR FM NORMAL     M    PTCLDY (SCALE 4-7)  10
TOTAL FM JUL 1  1378    CLOUDY (SCALE 8-10)  8
DPTR FM NORMAL     M

[CDD (BASE 65) ]
TOTAL THIS MO.     0
DPTR FM NORMAL     M    [PRESSURE DATA]
TOTAL FM JAN 1   459    HIGHEST SLP M ON M
DPTR FM NORMAL     M    LOWEST  SLP M ON M

[REMARKS]
