000
CXUS53 KARX 020421
CF6FKA
PRELIMINARY LOCAL CLIMATOLOGICAL DATA (WS FORM: F-6)

                                          STATION:   PRESTON MN
                                          MONTH:     JUNE
                                          YEAR:      2015
                                          LATITUDE:   43 40 N
                                          LONGITUDE:  92 11 W

  TEMPERATURE IN F:       :PCPN:    SNOW:  WIND      :SUNSHINE: SKY     :PK WND
================================================================================
1   2   3   4   5  6A  6B    7    8   9   10  11  12  13   14  15   16   17  18
                                     12Z  AVG MX 2MIN
DY MAX MIN AVG DEP HDD CDD  WTR  SNW DPTH SPD SPD DIR MIN PSBL S-S WX    SPD DR
================================================================================

 1  66  41  54   M  11   0 0.00  0.0    0  6.5 12 140   M    M   0        20 140
 2  72  48  60   M   5   0 0.00  0.0    0  9.1 16 170   M    M   2        22 170
 3  76  55  66   M   0   1 0.13  0.0    0 10.5 20 190   M    M   5        27 190
 4  73  56  65   M   0   0 0.00  0.0    0  5.4 10 320   M    M   3 1       M  M
 5  71  57  64   M   1   0 0.00  0.0    0  5.7 12  30   M    M   5 1       M  M
 6  77  54  66   M   0   1 0.00  0.0    0 11.2 18 170   M    M   2 3      25 180
 7  78  62  70   M   0   5 0.26  0.0    0 10.6 22 190   M    M   6        30 190
 8  76  59  68   M   0   3 0.00  0.0    0  9.0 16 310   M    M   1        23 320
 9  90  59  75   M   0  10 0.00  0.0    0  8.0 16 270   M    M   1        21 280
10  77  60  69   M   0   4    T  0.0    0  7.2 13 350   M    M   1        17  10
11  64  56  60   M   5   0 0.94  0.0    0  7.9 16 100   M    M  10 13     25  90
12  69  55  62   M   3   0 0.00  0.0    0  9.3 13  70   M    M   9        18  40
13  73  59  66   M   0   1 0.11  0.0    0  4.2  8 100   M    M  10 1       M  M
14  81  64  73   M   0   8 0.00  0.0    0  3.2  9 270   M    M   6 1       M  M
15  71  58  65   M   0   0 0.01  0.0    0  6.1 16 330   M    M   3 13     23 330
16  74  53  64   M   1   0 0.00  0.0    0  3.2  8 100   M    M   1         M  M
17  74  61  68   M   0   3    T  0.0    0  7.1 13 150   M    M   7         M  M
18  74  58  66   M   0   1 0.00  0.0    0  7.5 10 320   M    M   2 1      17 360
19  76  56  66   M   0   1 0.00  0.0    0  6.7 12 140   M    M   0        17 140
20  78  59  69   M   0   4 0.07  0.0    0  9.8 20 210   M    M   4 3      27 210
21  83  60  72   M   0   7 0.00  0.0    0  5.3 10 330   M    M   2 3       M  M
22  81  61  71   M   0   6 0.73  0.0    0  8.3 23 240   M    M   4 3      31 240
23  75  54  65   M   0   0 0.00  0.0    0  6.2 12 320   M    M   1        16 320
24  77  57  67   M   0   2 0.00  0.0    0  5.4 14 190   M    M   2         M  M
25  77  60  69   M   0   4 0.00  0.0    0  4.5 13  40   M    M   4 1       M  M
26  74  60  67   M   0   2 0.00  0.0    0  5.1 12  30   M    M   2 1      16  50
27  79  55  67   M   0   2 0.00  0.0    0  1.4  6 220   M    M   2         M  M
28  75  61  68   M   0   3 0.52  0.0    0  5.7 14 180   M    M   7 123     M  M
29  79  57  68   M   0   3 0.36  0.0    0  6.8 21  30   M    M   3 13     43  30
30  71  56  64   M   1   0 0.00  0.0    0  5.3 10 360   M    M   3 1       M  M
================================================================================
SM 2261 1711        27  71  3.13     0.0 202.2          M      108
================================================================================
AV 75.4 57.0                               6.7 FASTST   M    M   4    MAX(MPH)
                                 MISC ---->  # 23 240                 43    M
================================================================================
NOTES:
# LAST OF SEVERAL OCCURRENCES

COLUMN 17 PEAK WIND IN M.P.H.

PRELIMINARY LOCAL CLIMATOLOGICAL DATA (WS FORM: F-6) , PAGE 2

                                          STATION:  PRESTON MN
                                          MONTH:    JUNE
                                          YEAR:     2015
                                          LATITUDE:   43 40 N
                                          LONGITUDE:  92 11 W

[TEMPERATURE DATA]      [PRECIPITATION DATA]       SYMBOLS USED IN COLUMN 16

AVERAGE MONTHLY: 66.2   TOTAL FOR MONTH:   3.13    1 = FOG OR MIST
DPTR FM NORMAL:     M   DPTR FM NORMAL:       M    2 = FOG REDUCING VISIBILITY
HIGHEST:    90 ON  9    GRTST 24HR  0.94 ON 11-11      TO 1/4 MILE OR LESS
LOWEST:     41 ON  1                               3 = THUNDER
                        SNOW, ICE PELLETS, HAIL    4 = ICE PELLETS
                        TOTAL MONTH:   0.0 INCH    5 = HAIL
                        GRTST 24HR     0.0         6 = FREEZING RAIN OR DRIZZLE
                        GRTST DEPTH:   0           7 = DUSTSTORM OR SANDSTORM:
                                                       VSBY 1/2 MILE OR LESS
                                                   8 = SMOKE OR HAZE
[NO. OF DAYS WITH]      [WEATHER - DAYS WITH]      9 = BLOWING SNOW
                                                   X = TORNADO
MAX 32 OR BELOW:   0    0.01 INCH OR MORE:   9
MAX 90 OR ABOVE:   1    0.10 INCH OR MORE:   7
MIN 32 OR BELOW:   0    0.50 INCH OR MORE:   3
MIN  0 OR BELOW:   0    1.00 INCH OR MORE:   0

[HDD (BASE 65) ]
TOTAL THIS MO.    27    CLEAR  (SCALE 0-3)  17
DPTR FM NORMAL     M    PTCLDY (SCALE 4-7)  10
TOTAL FM JUL 1  8128    CLOUDY (SCALE 8-10)  3
DPTR FM NORMAL     M

[CDD (BASE 65) ]
TOTAL THIS MO.    71
DPTR FM NORMAL     M    [PRESSURE DATA]
TOTAL FM JAN 1    85    HIGHEST SLP M ON M
DPTR FM NORMAL     M    LOWEST  SLP M ON M

[REMARKS]
#FINAL-06-15#
