000
CXUS53 KMKX 010654
CF6FLD
PRELIMINARY LOCAL CLIMATOLOGICAL DATA (WS FORM: F-6)

                                          STATION:   FOND_DU_LAC WI
                                          MONTH:     MAY
                                          YEAR:      2015
                                          LATITUDE:   43 46 N
                                          LONGITUDE:  88 29 W

  TEMPERATURE IN F:       :PCPN:    SNOW:  WIND      :SUNSHINE: SKY     :PK WND
================================================================================
1   2   3   4   5  6A  6B    7    8   9   10  11  12  13   14  15   16   17  18
                                     12Z  AVG MX 2MIN
DY MAX MIN AVG DEP HDD CDD  WTR  SNW DPTH SPD SPD DIR MIN PSBL S-S WX    SPD DR
================================================================================

 1  70  33  52   0  13   0 0.00    M    M  4.8 15 250   M    M   1        22 240
 2  78  52  65  12   0   0 0.00    M    M  9.2 21 210   M    M   4        27 210
 3  79  55  67  14   0   2 0.14    M    M 14.4 25 210   M    M   3 3      36 190
 4  73  53  63  10   2   0 0.15  0.0    0  7.8 17 310   M    M   2 13     21 300
 5  59  50  55   1  10   0 0.08  0.0    0  7.3 15 150   M    M   6        18 150
 6  71  48  60   6   5   0 0.01    M    0  7.6 15 140   M    M   5 18     19 150
 7  85  55  70  16   0   5 0.00  0.0    0 14.8 31 190   M    M   1 18     38 180
 8  79  62  71  16   0   6 0.00  0.0    0  9.2 17 280   M    M   4        23 240
 9  66  49  58   3   7   0 0.00  0.0    0 10.5 17  60   M    M   8        22  70
10  57  47  52  -3  13   0 0.18    M    0 11.8 18  40   M    M  10 1      22  70
11  68  49  59   3   6   0 0.22    M    M 13.2 23 240   M    M   8 1      35 240
12  53  40  47  -9  18   0    T    M    0 14.3 25 290   M    M   9        34 320
13  59  38  49  -7  16   0 0.00  0.0    0  8.1 14  80   M    M   2        17  30
14  64  39  52  -4  13   0 0.09    M    0 12.9 22 140   M    M   3        28 140
15  72  49  61   4   4   0 0.08    M    0  6.6 15 150   M    M   8 1      19 170
16  77  57  67  10   0   2    T  0.0    0  6.3 18 150   M    M   4 18     22 150
17  82  58  70  12   0   5    T  0.0    0 14.8 28 160   M    M   5 13     34 170
18  70  47  59   1   6   0 0.00  0.0    0 14.4 26 270   M    M   3        37 270
19  56  37  47 -11  18   0    T    M    0 10.7 22 350   M    M   8        28 330
20  55  33  44 -14  21   0 0.00  0.0    0  4.0  9 260   M    M   3        13 240
21  74  40  57  -2   8   0    T  0.0    0  9.7 25 290   M    M   2 3      34 280
22  71  36  54  -5  11   0 0.00  0.0    0  4.9 17 140   M    M   0        21 140
23  80  42  61   1   4   0 0.00  0.0    0  7.9 17 190   M    M   1        22 210
24  69  53  61   1   4   0 1.16  0.0    0  7.3 17 210   M    M   8 1      23 130
25  77  59  68   8   0   3 0.07  0.0    0 12.1 25 190   M    M   5 1      35 200
26  76  63  70   9   0   5 0.33  0.0    0 13.2 28 180   M    M   6 1      35 190
27  75  61  68   7   0   3    T  0.0    0  8.8 22 340   M    M   5        28 340
28  82  57  70   9   0   5 0.00    M    M  9.2 17 200   M    M   1        23 180
29  80  64  72  10   0   7 0.40    M    M  8.8 21 180   M    M   5 13     24 170
30  65  44  55  -7  10   0 0.75    M    M 14.0 29  50   M    M   8 1      38  50
31  60  42  51 -11  14   0 0.00    M    M 14.2 24  50   M    M   0        33  40
================================================================================
SM 2182 1512       203  43  3.66     0.0 312.8          M      138
================================================================================
AV 70.4 48.8                              10.1 FASTST   M    M   4    MAX(MPH)
                                 MISC ---->  # 31 190               # 38  180
================================================================================
NOTES:
# LAST OF SEVERAL OCCURRENCES

COLUMN 17 PEAK WIND IN M.P.H.

PRELIMINARY LOCAL CLIMATOLOGICAL DATA (WS FORM: F-6) , PAGE 2

                                          STATION:  FOND_DU_LAC WI
                                          MONTH:    MAY
                                          YEAR:     2015
                                          LATITUDE:   43 46 N
                                          LONGITUDE:  88 29 W

[TEMPERATURE DATA]      [PRECIPITATION DATA]       SYMBOLS USED IN COLUMN 16

AVERAGE MONTHLY: 59.6   TOTAL FOR MONTH:   3.66    1 = FOG OR MIST
DPTR FM NORMAL:   2.3   DPTR FM NORMAL:    0.36    2 = FOG REDUCING VISIBILITY
HIGHEST:    85 ON  7    GRTST 24HR  1.19 ON 24-25      TO 1/4 MILE OR LESS
LOWEST:     33 ON 20, 1                            3 = THUNDER
                        SNOW, ICE PELLETS, HAIL    4 = ICE PELLETS
                        TOTAL MONTH:   0.0 INCH    5 = HAIL
                        GRTST 24HR     0.0         6 = FREEZING RAIN OR DRIZZLE
                        GRTST DEPTH:   0           7 = DUSTSTORM OR SANDSTORM:
                                                       VSBY 1/2 MILE OR LESS
                                                   8 = SMOKE OR HAZE
[NO. OF DAYS WITH]      [WEATHER - DAYS WITH]      9 = BLOWING SNOW
                                                   X = TORNADO
MAX 32 OR BELOW:   0    0.01 INCH OR MORE:  13
MAX 90 OR ABOVE:   0    0.10 INCH OR MORE:   8
MIN 32 OR BELOW:   0    0.50 INCH OR MORE:   2
MIN  0 OR BELOW:   0    1.00 INCH OR MORE:   1

[HDD (BASE 65) ]
TOTAL THIS MO.   203    CLEAR  (SCALE 0-3)  12
DPTR FM NORMAL   -66    PTCLDY (SCALE 4-7)  16
TOTAL FM JUL 1  7559    CLOUDY (SCALE 8-10)  3
DPTR FM NORMAL   366

[CDD (BASE 65) ]
TOTAL THIS MO.    43
DPTR FM NORMAL    14    [PRESSURE DATA]
TOTAL FM JAN 1    43    HIGHEST SLP M ON M
DPTR FM NORMAL    12    LOWEST  SLP 29.61 ON 26

[REMARKS]
#FINAL-05-15#
