000
CXUS56 KFGZ 280900
CF6FLG
PRELIMINARY LOCAL CLIMATOLOGICAL DATA (WS FORM: F-6)

                                          STATION:   FLAGSTAFF AZ AIRPORT
                                          MONTH:     MARCH
                                          YEAR:      2017
                                          LATITUDE:   35  7 N
                                          LONGITUDE: 111 40 W

  TEMPERATURE IN F:       :PCPN:    SNOW:  WIND      :SUNSHINE: SKY     :PK WND
================================================================================
1   2   3   4   5  6A  6B    7    8   9   10  11  12  13   14  15   16   17  18
                                     12Z  AVG MX 2MIN
DY MAX MIN AVG DEP HDD CDD  WTR  SNW DPTH SPD SPD DIR MIN PSBL S-S WX    SPD DR
================================================================================

 1  36   4  20 -14  45   0 0.00  0.0    9  8.1 20  80   M    M   0        24  70
 2  42  19  31  -3  34   0 0.00  0.0    8  9.6 22  50   M    M   0        28  60
 3  51  12  32  -3  33   0 0.00  0.0    6  2.5 12  80   M    M   0        15  80
 4  48  22  35   0  30   0 0.00  0.0    3 10.8 28 210   M    M   0        37 220
 5  45  32  39   4  26   0 0.00  0.0    1 22.1 35 210   M    M   2        46 200
 6  43  22  33  -2  32   0 0.00  0.0    0 10.8 33 220   M    M   2        44 230
 7  55  15  35   0  30   0 0.00  0.0    0  3.1 12  50   M    M   0        15 110
 8  63  21  42   6  23   0 0.00  0.0    0  2.8 14 210   M    M   0        16 220
 9  65  25  45   9  20   0 0.00  0.0    0  2.8 15 220   M    M   0        19 220
10  66  26  46  10  19   0 0.00  0.0    0  5.5 22 220   M    M   0        28 220
11  66  32  49  13  16   0 0.00  0.0    0  4.5 17  40   M    M   1        22  40
12  68  27  48  12  17   0 0.00  0.0    0  3.5 15 250   M    M   0 8      23 250
13  68  26  47  11  18   0 0.00  0.0    0  2.8 15  70   M    M   0 8      21  80
14  71  26  49  12  16   0 0.00  0.0    0  2.7 16 210   M    M   0        20 220
15  67  29  48  11  17   0 0.00  0.0    0  5.5 20 220   M    M   0        27 230
16  65  32  49  12  16   0 0.00  0.0    0  6.4 20 230   M    M   0        25 220
17  68  30  49  12  16   0 0.00  0.0    0  4.0 16 220   M    M   0        23 200
18  67  29  48  11  17   0 0.00  0.0    0  6.3 24 210   M    M   0        30 210
19  69  31  50  12  15   0 0.00  0.0    0  5.3 20 220   M    M   1        27 230
20  68  32  50  12  15   0 0.00  0.0    0  7.0 26 220   M    M   0        34 220
21  65  30  48  10  17   0 0.00  0.0    0  8.6 28 220   M    M   0        35 220
22  56  32  44   6  21   0 0.46  0.8    0 12.0 26 210   M    M   4 13     34 230
23  36  30  33  -5  32   0 0.75  7.2    5  9.7 18 230   M    M   9 12     26 240
24  54  27  41   3  24   0 0.00  0.0    4  4.5 15 300   M    M   0        31 260
25  50  28  39   0  26   0 0.01    T    0  7.7 24 230   M    M   1 3      32 230
26  56  27  42   3  23   0 0.00  0.0    0  5.8 18 220   M    M   0        24 210
27  52  28  40   1  25   0 0.21    T    0  9.3 29 210   M    M   5 3      36 210
================================================================================
SM 1560  694       623   0  1.43     8.0 183.7          M       25
================================================================================
AV 57.8 25.7                               6.8 FASTST   M    M   1    MAX(MPH)
                                 MISC ---->  # 35 210               # 46  200
================================================================================
NOTES:
# LAST OF SEVERAL OCCURRENCES

COLUMN 17 PEAK WIND IN M.P.H.

PRELIMINARY LOCAL CLIMATOLOGICAL DATA (WS FORM: F-6) , PAGE 2

                                          STATION:  FLAGSTAFF AZ AIRPORT
                                          MONTH:    MARCH
                                          YEAR:     2017
                                          LATITUDE:   35  7 N
                                          LONGITUDE: 111 40 W

[TEMPERATURE DATA]      [PRECIPITATION DATA]       SYMBOLS USED IN COLUMN 16

AVERAGE MONTHLY: 41.7   TOTAL FOR MONTH:   1.43    1 = FOG OR MIST
DPTR FM NORMAL:   5.1   DPTR FM NORMAL:   -0.48    2 = FOG REDUCING VISIBILITY
HIGHEST:    71 ON 14    GRTST 24HR  0.75 ON 23-23      TO 1/4 MILE OR LESS
LOWEST:      4 ON  1                               3 = THUNDER
                        SNOW, ICE PELLETS, HAIL    4 = ICE PELLETS
                        TOTAL MONTH:   8.0 INCHES  5 = HAIL
                        GRTST 24HR   7.2 ON   M    6 = FREEZING RAIN OR DRIZZLE
                        GRTST DEPTH:   9 ON  1     7 = DUSTSTORM OR SANDSTORM:
                                                       VSBY 1/2 MILE OR LESS
                                                   8 = SMOKE OR HAZE
[NO. OF DAYS WITH]      [WEATHER - DAYS WITH]      9 = BLOWING SNOW
                                                   X = TORNADO
MAX 32 OR BELOW:   0    0.01 INCH OR MORE:   4
MAX 90 OR ABOVE:   0    0.10 INCH OR MORE:   3
MIN 32 OR BELOW:  27    0.50 INCH OR MORE:   1
MIN  0 OR BELOW:   0    1.00 INCH OR MORE:   0

[HDD (BASE 65) ]
TOTAL THIS MO.   623    CLEAR  (SCALE 0-3)  24
DPTR FM NORMAL  -141    PTCLDY (SCALE 4-7)   2
TOTAL FM JUL 1  5088    CLOUDY (SCALE 8-10)  1
DPTR FM NORMAL  -515

[CDD (BASE 65) ]
TOTAL THIS MO.     0
DPTR FM NORMAL     0    [PRESSURE DATA]
TOTAL FM JAN 1     0    HIGHEST SLP M ON M
DPTR FM NORMAL     0    LOWEST  SLP 29.69 ON 22

[REMARKS]
