000
CXUS56 KFGZ 260900
CF6FLG
PRELIMINARY LOCAL CLIMATOLOGICAL DATA (WS FORM: F-6)

                                          STATION:   FLAGSTAFF AZ AIRPORT
                                          MONTH:     MAY
                                          YEAR:      2016
                                          LATITUDE:   35  7 N
                                          LONGITUDE: 111 40 W

  TEMPERATURE IN F:       :PCPN:    SNOW:  WIND      :SUNSHINE: SKY     :PK WND
================================================================================
1   2   3   4   5  6A  6B    7    8   9   10  11  12  13   14  15   16   17  18
                                     12Z  AVG MX 2MIN
DY MAX MIN AVG DEP HDD CDD  WTR  SNW DPTH SPD SPD DIR MIN PSBL S-S WX    SPD DR
================================================================================

 1  46  30  38 -10  27   0 0.62  1.9    1  3.2 14 210   M    M   8 1      15 220
 2  54  27  41  -7  24   0 0.08  0.0    0  4.2 16  70   M    M   6 1      23  80
 3  62  29  46  -2  19   0 0.00  0.0    0  6.2 20  80   M    M   0        25  70
 4  72  33  53   5  12   0 0.00  0.0    0  6.4 22 210   M    M   0        33 180
 5  68  34  51   2  14   0 0.00  0.0    0  9.5 29 210   M    M   0        38 200
 6  56  34  45  -4  20   0    T    T    0 15.4 33 210   M    M   1        47 220
 7  49  33  41  -8  24   0 0.09    T    0  8.5 23 220   M    M   7 1      32 220
 8  46  32  39 -11  26   0 0.28    T    0  6.7 18 220   M    M   6 18     23 240
 9  61  32  47  -3  18   0 0.00  0.0    0  8.8 24 220   M    M   3        34 220
10  65  33  49  -1  16   0 0.00  0.0    0  8.1 25 220   M    M   0        30 220
11  69  32  51   1  14   0 0.00  0.0    0  4.9 14 220   M    M   3        18 210
12  74  34  54   3  11   0 0.00  0.0    0  4.7 16 240   M    M   0        23 200
13  77  33  55   4  10   0 0.00  0.0    0  6.5 24 220   M    M   0        31 250
14  73  41  57   6   8   0 0.01  0.0    0  5.5 37 200   M    M   2 3      51 200
15  68  32  50  -1  15   0 0.00  0.0    0 13.2 33 220   M    M   0 1      42 230
16  64  32  48  -4  17   0 0.05  0.0    0  7.4 25 220   M    M   3 3      34 220
17  56  36  46  -6  19   0 0.39    M    0  4.3 18 210   M    M   4 135    24 210
18  59  36  48  -4  17   0 0.05  0.0    0  4.3 16  60   M    M   5 13     21  40
19  67  31  49  -3  16   0    T  0.0    0  5.6 23 210   M    M   2        27 210
20  67  38  53   0  12   0 0.00  0.0    0 18.1 37 220   M    M   1        48 230
21  63  46  55   2  10   0 0.00  0.0    0 25.5 41 220   M    M   0        55 220
22  62  34  48  -5  17   0 0.00  0.0    0 14.6 28 220   M    M   0        32 210
23  63  31  47  -6  18   0 0.00  0.0    0  9.1 23 220   M    M   0        31 200
24  61  30  46  -8  19   0 0.00  0.0    0 13.2 36 230   M    M   0        46 230
25  63  33  48  -6  17   0 0.00  0.0    0  9.5 29 230   M    M   0        39 220
================================================================================
SM 1565  836       420   0  1.57     1.9 223.4          M       51
================================================================================
AV 62.6 33.4                               8.9 FASTST   M    M   2    MAX(MPH)
                                 MISC ---->  # 41 220               # 55  220
================================================================================
NOTES:
# LAST OF SEVERAL OCCURRENCES

COLUMN 17 PEAK WIND IN M.P.H.

PRELIMINARY LOCAL CLIMATOLOGICAL DATA (WS FORM: F-6) , PAGE 2

                                          STATION:  FLAGSTAFF AZ AIRPORT
                                          MONTH:    MAY
                                          YEAR:     2016
                                          LATITUDE:   35  7 N
                                          LONGITUDE: 111 40 W

[TEMPERATURE DATA]      [PRECIPITATION DATA]       SYMBOLS USED IN COLUMN 16

AVERAGE MONTHLY: 48.0   TOTAL FOR MONTH:   1.57    1 = FOG OR MIST
DPTR FM NORMAL:  -2.8   DPTR FM NORMAL:    1.06    2 = FOG REDUCING VISIBILITY
HIGHEST:    77 ON 13    GRTST 24HR  0.90 ON 30- 1      TO 1/4 MILE OR LESS
LOWEST:     27 ON  2                               3 = THUNDER
                        SNOW, ICE PELLETS, HAIL    4 = ICE PELLETS
                        TOTAL MONTH:   1.9 INCHES  5 = HAIL
                        GRTST 24HR   1.9 ON   M    6 = FREEZING RAIN OR DRIZZLE
                        GRTST DEPTH:   1 ON  1     7 = DUSTSTORM OR SANDSTORM:
                                                       VSBY 1/2 MILE OR LESS
                                                   8 = SMOKE OR HAZE
[NO. OF DAYS WITH]      [WEATHER - DAYS WITH]      9 = BLOWING SNOW
                                                   X = TORNADO
MAX 32 OR BELOW:   0    0.01 INCH OR MORE:   8
MAX 90 OR ABOVE:   0    0.10 INCH OR MORE:   3
MIN 32 OR BELOW:  11    0.50 INCH OR MORE:   1
MIN  0 OR BELOW:   0    1.00 INCH OR MORE:   0

[HDD (BASE 65) ]
TOTAL THIS MO.   420    CLEAR  (SCALE 0-3)  18
DPTR FM NORMAL    66    PTCLDY (SCALE 4-7)   7
TOTAL FM JUL 1  6502    CLOUDY (SCALE 8-10)  0
DPTR FM NORMAL  -208

[CDD (BASE 65) ]
TOTAL THIS MO.     0
DPTR FM NORMAL     0    [PRESSURE DATA]
TOTAL FM JAN 1     0    HIGHEST SLP M ON M
DPTR FM NORMAL     0    LOWEST  SLP 29.69 ON M

[REMARKS]
