000
CXUS52 KMFL 251000
CF6FLL
PRELIMINARY LOCAL CLIMATOLOGICAL DATA (WS FORM: F-6)

                                          STATION:   FORT LAUDERDALE
                                          MONTH:     APRIL
                                          YEAR:      2017
                                          LATITUDE:   26  4 N
                                          LONGITUDE:  80  9 W

  TEMPERATURE IN F:       :PCPN:    SNOW:  WIND      :SUNSHINE: SKY     :PK WND
================================================================================
1   2   3   4   5  6A  6B    7    8   9   10  11  12  13   14  15   16   17  18
                                     12Z  AVG MX 2MIN
DY MAX MIN AVG DEP HDD CDD  WTR  SNW DPTH SPD SPD DIR MIN PSBL S-S WX    SPD DR
================================================================================

 1  84  71  78   3   0  13 0.00  0.0    0  7.5 16 140   M    M   5        20 140
 2  85  74  80   5   0  15 0.00  0.0    0  9.4 18 110   M    M   6        23 120
 3  84  76  80   5   0  15 0.01  0.0    0 13.9 24 140   M    M   5        32 140
 4  85  76  81   6   0  16 0.00  0.0    0 11.8 21 140   M    M   4        28 140
 5  86  75  81   6   0  16 0.00  0.0    0 10.0 21 130   M    M   6        27 130
 6  89  67  78   3   0  13 0.00  0.0    0 13.4 26 250   M    M   6        32 270
 7  77  62  70  -5   0   5 0.00  0.0    0  8.8 18 340   M    M   1        26 330
 8  78  56  67  -8   0   2 0.00  0.0    0  6.8 14 120   M    M   5        19 140
 9  81  63  72  -4   0   7    T  0.0    0 11.4 21 100   M    M   4        27  70
10  82  70  76   0   0  11 0.14  0.0    0 14.9 23 100   M    M   6        30  90
11  82  70  76   0   0  11    T  0.0    0 13.1 22  80   M    M   4        26 100
12  83  72  78   2   0  13 0.06  0.0    0 14.0 23  70   M    M   7 X      30  70
13  81  72  77   1   0  12 0.00  0.0    0 13.2 18  80   M    M   6        26 100
14  82  72  77   1   0  12 0.00  0.0    0 14.9 22  60   M    M   5        29  70
15  83  74  79   3   0  14 0.02  0.0    0 19.0 28 100   M    M   5        33  80
16  82  73  78   2   0  13 0.04  0.0    0 17.2 24 100   M    M   5        28 100
17  82  74  78   2   0  13 0.00  0.0    0 13.1 20 140   M    M   8        25 100
18  83  75  79   3   0  14    T  0.0    0 13.9 21 100   M    M   7        24 100
19  82  74  78   1   0  13    T  0.0    0 15.7 25 100   M    M   7        29 110
20  81  73  77   0   0  12 0.03  0.0    0 16.1 23  90   M    M   6        29 100
21  82  73  78   1   0  13 0.00  0.0    0 16.1 24 120   M    M   6        28 130
22  82  76  79   2   0  14 0.00  0.0    0 15.4 22 130   M    M   8        27 140
23  80  69  75  -2   0  10 3.70  0.0    0  8.4 24 160   M    M   8 123    30 160
24  89  68  79   2   0  14 0.00  0.0    0 10.2 25 250   M    M   5 1      32 250
================================================================================
SM 1985 1705         0 291  4.00     0.0 308.2          M      135
================================================================================
AV 82.7 71.0                              12.8 FASTST   M    M   6    MAX(MPH)
                                 MISC ---->  # 28 100               # 33   80
================================================================================
NOTES:
# LAST OF SEVERAL OCCURRENCES

COLUMN 17 PEAK WIND IN M.P.H.

PRELIMINARY LOCAL CLIMATOLOGICAL DATA (WS FORM: F-6) , PAGE 2

                                          STATION:  FORT LAUDERDALE
                                          MONTH:    APRIL
                                          YEAR:     2017
                                          LATITUDE:   26  4 N
                                          LONGITUDE:  80  9 W

[TEMPERATURE DATA]      [PRECIPITATION DATA]       SYMBOLS USED IN COLUMN 16

AVERAGE MONTHLY: 76.9   TOTAL FOR MONTH:   4.00    1 = FOG OR MIST
DPTR FM NORMAL:   1.0   DPTR FM NORMAL:    1.54    2 = FOG REDUCING VISIBILITY
HIGHEST:    89 ON 24, 6 GRTST 24HR  3.70 ON 23-23      TO 1/4 MILE OR LESS
LOWEST:     56 ON  8                               3 = THUNDER
                        SNOW, ICE PELLETS, HAIL    4 = ICE PELLETS
                        TOTAL MONTH:   0.0 INCH    5 = HAIL
                        GRTST 24HR     0.0         6 = FREEZING RAIN OR DRIZZLE
                        GRTST DEPTH:   0           7 = DUSTSTORM OR SANDSTORM:
                                                       VSBY 1/2 MILE OR LESS
                                                   8 = SMOKE OR HAZE
[NO. OF DAYS WITH]      [WEATHER - DAYS WITH]      9 = BLOWING SNOW
                                                   X = TORNADO
MAX 32 OR BELOW:   0    0.01 INCH OR MORE:   7
MAX 90 OR ABOVE:   0    0.10 INCH OR MORE:   2
MIN 32 OR BELOW:   0    0.50 INCH OR MORE:   1
MIN  0 OR BELOW:   0    1.00 INCH OR MORE:   1

[HDD (BASE 65) ]
TOTAL THIS MO.     0    CLEAR  (SCALE 0-3)   1
DPTR FM NORMAL     0    PTCLDY (SCALE 4-7)  22
TOTAL FM JUL 1    35    CLOUDY (SCALE 8-10)  1
DPTR FM NORMAL   -76

[CDD (BASE 65) ]
TOTAL THIS MO.   291
DPTR FM NORMAL    30    [PRESSURE DATA]
TOTAL FM JAN 1  1000    HIGHEST SLP M ON M
DPTR FM NORMAL   129    LOWEST  SLP 29.73 ON 24

[REMARKS]
