000
CXUS54 KLZK 291130
CF6FLP
PRELIMINARY LOCAL CLIMATOLOGICAL DATA (WS FORM: F-6)

                                          STATION:   Flippin
                                          MONTH:     APRIL
                                          YEAR:      2016
                                          LATITUDE:   36 17 N
                                          LONGITUDE:  92 28 W

  TEMPERATURE IN F:       :PCPN:    SNOW:  WIND      :SUNSHINE: SKY     :PK WND
================================================================================
1   2   3   4   5  6A  6B    7    8   9   10  11  12  13   14  15   16   17  18
                                     12Z  AVG MX 2MIN
DY MAX MIN AVG DEP HDD CDD  WTR  SNW DPTH SPD SPD DIR MIN PSBL S-S WX    SPD DR
================================================================================

 1  54  43  49   M  16   0 0.00    M    M  9.2 15 320   M    M   1        23 320
 2  63  37  50   M  15   0 0.00    M    M  8.9 20 290   M    M   0        30 290
 3  75  36  56   M   9   0 0.00    M    M  5.6 17 230   M    M   0        25 210
 4  79  46  63   M   2   0 0.00    M    M  5.3 13 340   M    M   0        20 330
 5  73  46  60   M   5   0 0.00    M    M  7.0 14 110   M    M   0        18 120
 6  70  54  62   M   3   0 0.11    M    M 11.3 30 300   M    M   3        38 300
 7  64  46  55   M  10   0 0.00    M    M 11.3 29 270   M    M   1        37 270
 8  61  43  52   M  13   0 0.00    M    M  9.8 24 300   M    M   0        38 300
 9  68  41  55   M  10   0 0.00    M    M  6.1 12  80   M    M   1         M  M
10  75  50  63   M   2   0 0.02    M    M 10.9 21 230   M    M   5        31 220
11  70  52  61   M   4   0 0.22    M    M  8.6 16  10   M    M   4 3      21  10
12  64  43  54   M  11   0 0.00    M    M  4.7  8  80   M    M   0         M  M
13  57  39  48   M  17   0 0.03    M    M  1.7  7  30   M    M   5         M  M
14  75  45  60   M   5   0 0.00    M    M  3.2 10 100   M    M   6        16  80
15  70  54  62   M   3   0 0.00    M    M  5.9 13 110   M    M   9        18 110
16  64  59  62   M   3   0 0.00    M    M  5.3 10  90   M    M  10        16  90
17  77  59  68   M   0   3 0.00    M    M  6.1 13 110   M    M   5        21 120
18  73  57  65   M   0   0 0.06    M    M  5.0 12 170   M    M   7        18 160
19  64  57  61   M   4   0 0.07    M    M  4.1  8 110   M    M  10         M  M
20  70  55  63   M   2   0 0.04    M    M  1.9  6 110   M    M   8         M  M
21  66  48  57   M   8   0 0.00    M    M  5.1 15 280   M    M   4        22 240
22   M   M   M   M   M   M 0.00    M    M  5.3 13 340   M    M   1        18 340
23   M   M   M   M   M   M 0.00    M    M  2.6  7 170   M    M   0         M  M
24   M   M   M   M   M   M 0.00    M    M  5.2 14 180   M    M   1        22 180
25   M   M   M   M   M   M 0.00    M    M  4.6  9 170   M    M   5        17 200
26   M   M   M   M   M   M 0.00    M    M  4.6 14  60   M    M   7        21 170
27   M   M   M   M   M   M 0.47    M    M  6.9 13 210   M    M   2 3      21 230
28   M   M   M   M   M   M 0.00    M    M  3.9 12 280   M    M   0         M  M
================================================================================
SM 1432 1010       142   3  1.02    M    170.1          M       95
================================================================================
AV 68.2 48.1                               6.1 FASTST   M    M   3    MAX(MPH)
                                 MISC ---->    30   M               # 38  300
================================================================================
NOTES:
# LAST OF SEVERAL OCCURRENCES

COLUMN 17 PEAK WIND IN M.P.H.

PRELIMINARY LOCAL CLIMATOLOGICAL DATA (WS FORM: F-6) , PAGE 2

                                          STATION:  Flippin
                                          MONTH:    APRIL
                                          YEAR:     2016
                                          LATITUDE:   36 17 N
                                          LONGITUDE:  92 28 W

[TEMPERATURE DATA]      [PRECIPITATION DATA]       SYMBOLS USED IN COLUMN 16

AVERAGE MONTHLY: 58.1   TOTAL FOR MONTH:   1.02    1 = FOG OR MIST
DPTR FM NORMAL:     M   DPTR FM NORMAL:       M    2 = FOG REDUCING VISIBILITY
HIGHEST:    79 ON  4    GRTST 24HR  0.47 ON 27-27      TO 1/4 MILE OR LESS
LOWEST:     36 ON  3                               3 = THUNDER
                        SNOW, ICE PELLETS, HAIL    4 = ICE PELLETS
                        TOTAL MONTH:    M          5 = HAIL
                        GRTST 24HR    M  ON   M    6 = FREEZING RAIN OR DRIZZLE
                        GRTST DEPTH:  M  ON   M    7 = DUSTSTORM OR SANDSTORM:
                                                       VSBY 1/2 MILE OR LESS
                                                   8 = SMOKE OR HAZE
[NO. OF DAYS WITH]      [WEATHER - DAYS WITH]      9 = BLOWING SNOW
                                                   X = TORNADO
MAX 32 OR BELOW:   0    0.01 INCH OR MORE:   8
MAX 90 OR ABOVE:   0    0.10 INCH OR MORE:   3
MIN 32 OR BELOW:   0    0.50 INCH OR MORE:   0
MIN  0 OR BELOW:   0    1.00 INCH OR MORE:   0

[HDD (BASE 65) ]
TOTAL THIS MO.   142    CLEAR  (SCALE 0-3)  15
DPTR FM NORMAL     M    PTCLDY (SCALE 4-7)   9
TOTAL FM JUL 1  2977    CLOUDY (SCALE 8-10)  4
DPTR FM NORMAL     M

[CDD (BASE 65) ]
TOTAL THIS MO.     3
DPTR FM NORMAL     M    [PRESSURE DATA]
TOTAL FM JAN 1    11    HIGHEST SLP M ON M
DPTR FM NORMAL     M    LOWEST  SLP M ON M

[REMARKS]
