000
CXUS55 KTBW 271000
CF6FMY
PRELIMINARY LOCAL CLIMATOLOGICAL DATA (WS FORM: F-6)

                                          STATION:   Fort Myers
                                          MONTH:     JUNE
                                          YEAR:      2017
                                          LATITUDE:   26 34 N
                                          LONGITUDE:  81 52 W

  TEMPERATURE IN F:       :PCPN:    SNOW:  WIND      :SUNSHINE: SKY     :PK WND
================================================================================
1   2   3   4   5  6A  6B    7    8   9   10  11  12  13   14  15   16   17  18
                                     12Z  AVG MX 2MIN
DY MAX MIN AVG DEP HDD CDD  WTR  SNW DPTH SPD SPD DIR MIN PSBL S-S WX    SPD DR
================================================================================

 1  93  74  84   2   0  19 0.08  0.0    0  6.5 18 160   M    M   2 3      25 150
 2  87  73  80  -2   0  15    T  0.0    0  6.1 15 240   M    M   3        21 250
 3  92  73  83   1   0  18 1.38  0.0    0  4.6 15 310   M    M   3 13     21 340
 4  87  73  80  -2   0  15 0.01  0.0    0  4.5 16 140   M    M   1        21 150
 5  82  74  78  -4   0  13 0.41  0.0    0  4.7 14 190   M    M   6 1      18 200
 6   M   M   M   M   M   M 0.51  0.0    0  7.2 12 190   M    M   7 13     21 190
 7   M   M   M   M   M   M 3.04  0.0    0 10.3 21 190   M    M   4 13     31 180
 8  87  76  82   0   0  17 0.05  0.0    0 10.8 26 270   M    M   5 1      32 270
 9  90  74  82   0   0  17 0.05  0.0    0  5.2 13 260   M    M   2 1      16 270
10  80  74  77  -5   0  12 0.63  0.0    0  4.4 13 120   M    M   4 13     16 120
11  92  75  84   2   0  19 0.03  0.0    0  6.6 20  90   M    M   4 13     29 110
12  93  76  85   3   0  20 0.03  0.0    0  5.3 15 150   M    M   5 13     21 140
13  91  73  82   0   0  17 0.28  0.0    0  5.8 23 250   M    M   2 13     25 250
14  88  73  81  -2   0  16 0.37  0.0    0  5.9 22 170   M    M   3 123    30 170
15  89  72  81  -2   0  16 0.07  0.0    0  4.7 21 140   M    M   2 13     27 130
16  89  72  81  -2   0  16    T  0.0    0  4.7 16 260   M    M   2 3      21 280
17  90  72  81  -2   0  16 2.53  0.0    0  3.5 33  30   M    M   2 123    42  70
18  91  76  84   1   0  19 0.10  0.0    0  6.6 20 140   M    M   3 13     28 180
19  86  75  81  -2   0  16 0.22  0.0    0  7.8 24 140   M    M   4 1      32 140
20  93  78  86   3   0  21    T  0.0    0  9.1 20 150   M    M   3        26 130
21  93  77  85   2   0  20 0.00  0.0    0  8.1 18 220   M    M   2 3      23 220
22  94  76  85   2   0  20 0.00  0.0    0  6.1 15 120   M    M   2 1      21 110
23  93  75  84   1   0  19    T  0.0    0  5.7 13 140   M    M   5        17 280
24  92  76  84   1   0  19 0.04  0.0    0  4.6 16 280   M    M   5 3      20 270
25  95  76  86   3   0  21 0.20  0.0    0  4.4 18 280   M    M   4 138    22 280
26  93  76  85   2   0  20    T  0.0    0  5.1 16  10   M    M   4 3      19  10
================================================================================
SM 2160 1789         0 421 10.03     0.0 158.3          M       89
================================================================================
AV 90.0 74.5                               6.1 FASTST   M    M   3    MAX(MPH)
                                 MISC ---->  # 33  30               # 42   70
================================================================================
NOTES:
# LAST OF SEVERAL OCCURRENCES

COLUMN 17 PEAK WIND IN M.P.H.

PRELIMINARY LOCAL CLIMATOLOGICAL DATA (WS FORM: F-6) , PAGE 2

                                          STATION:  Fort Myers
                                          MONTH:    JUNE
                                          YEAR:     2017
                                          LATITUDE:   26 34 N
                                          LONGITUDE:  81 52 W

[TEMPERATURE DATA]      [PRECIPITATION DATA]       SYMBOLS USED IN COLUMN 16

AVERAGE MONTHLY: 82.3   TOTAL FOR MONTH:  10.03    1 = FOG OR MIST
DPTR FM NORMAL:  -0.2   DPTR FM NORMAL:    1.42    2 = FOG REDUCING VISIBILITY
HIGHEST:    95 ON 25    GRTST 24HR  3.04 ON  7- 7      TO 1/4 MILE OR LESS
LOWEST:     72 ON 17,16                            3 = THUNDER
                        SNOW, ICE PELLETS, HAIL    4 = ICE PELLETS
                        TOTAL MONTH:   0.0 INCH    5 = HAIL
                        GRTST 24HR     0.0         6 = FREEZING RAIN OR DRIZZLE
                        GRTST DEPTH:   0           7 = DUSTSTORM OR SANDSTORM:
                                                       VSBY 1/2 MILE OR LESS
                                                   8 = SMOKE OR HAZE
[NO. OF DAYS WITH]      [WEATHER - DAYS WITH]      9 = BLOWING SNOW
                                                   X = TORNADO
MAX 32 OR BELOW:   0    0.01 INCH OR MORE:  19
MAX 90 OR ABOVE:  15    0.10 INCH OR MORE:  11
MIN 32 OR BELOW:   0    0.50 INCH OR MORE:   5
MIN  0 OR BELOW:   0    1.00 INCH OR MORE:   3

[HDD (BASE 65) ]
TOTAL THIS MO.     0    CLEAR  (SCALE 0-3)  11
DPTR FM NORMAL     0    PTCLDY (SCALE 4-7)  15
TOTAL FM JUL 1    76    CLOUDY (SCALE 8-10)  0
DPTR FM NORMAL  -211

[CDD (BASE 65) ]
TOTAL THIS MO.   421
DPTR FM NORMAL   -35    [PRESSURE DATA]
TOTAL FM JAN 1  1703    HIGHEST SLP 29.88 ON 18
DPTR FM NORMAL   181    LOWEST  SLP 29.68 ON  8

[REMARKS]
