000
CXUS55 KTBW 301000
CF6FMY
PRELIMINARY LOCAL CLIMATOLOGICAL DATA (WS FORM: F-6)

                                          STATION:   Fort Myers
                                          MONTH:     SEPTEMBER
                                          YEAR:      2014
                                          LATITUDE:   26 34 N
                                          LONGITUDE:  81 52 W

  TEMPERATURE IN F:       :PCPN:    SNOW:  WIND      :SUNSHINE: SKY     :PK WND
================================================================================
1   2   3   4   5  6A  6B    7    8   9   10  11  12  13   14  15   16   17  18
                                     12Z  AVG MX 2MIN
DY MAX MIN AVG DEP HDD CDD  WTR  SNW DPTH SPD SPD DIR MIN PSBL S-S WX    SPD DR
================================================================================

 1  96  75  86   3   0  21 0.00  0.0    0  5.0 21 150   M    M   1 3      33 120
 2  95  74  85   2   0  20 0.09  0.0    0  5.0 16 140   M    M   2 3      22 140
 3  92  72  82  -1   0  17 0.53  0.0    0  5.4 32 110   M    M   1 13     45 110
 4  89  74  82  -1   0  17 0.00  0.0    0  5.0 13 230   M    M   1 3      17 240
 5  92  73  83   0   0  18 0.17  0.0    0  5.0 16  60   M    M   1 13     22  50
 6  90  73  82  -1   0  17 1.27  0.0    0  5.4 20 160   M    M   1 13     24 110
 7  91  74  83   0   0  18    T  0.0    0  5.5 23 140   M    M   1 3      31 150
 8  89  73  81  -2   0  16 0.00  0.0    0  4.9 18 170   M    M   2        24 170
 9  93  74  84   1   0  19 0.00  0.0    0  4.6 15 220   M    M   2 3      19 230
10  91  74  83   0   0  18 0.15  0.0    0  5.8 20 190   M    M   2 138    27 180
11  91  74  83   0   0  18 0.04  0.0    0  2.6 13 270   M    M   1 138    19 280
12  90  75  83   0   0  18 0.02  0.0    0 10.0 20  50   M    M   3 13     25  40
13  92  73  83   0   0  18    T  0.0    0  7.9 26 110   M    M   2 13     35 110
14  86  72  79  -4   0  14 0.49  0.0    0  5.9 22 190   M    M   2 1      32 190
15  94  72  83   0   0  18    T  0.0    0  3.2 10  90   M    M   1        13  30
16  93  74  84   2   0  19 0.00  0.0    0  4.3 21 260   M    M   1 3      25 260
17  85  72  79  -3   0  14 0.81  0.0    0  3.9 23 350   M    M   3 13     29 350
18  91  74  83   1   0  18 0.02  0.0    0  4.3 14 250   M    M   3        16 250
19  79  72  76  -6   0  11 0.48  0.0    0  2.4 17 280   M    M   4 1      21 280
20  78  73  76  -6   0  11 0.06  0.0    0  4.5 14 320   M    M   3 1      18 320
21  88  75  82   0   0  17 0.02  0.0    0  4.3 13 260   M    M   2 13     17 260
22  80  72  76  -6   0  11 0.17  0.0    0  4.1 15 340   M    M   1 13     18 360
23  84  72  78  -4   0  13    T  0.0    0  4.6 15 190   M    M   3 1      22 210
24  90  72  81  -1   0  16 0.00  0.0    0  6.6 13 320   M    M   4 13     16  20
25  92  74  83   1   0  18 0.01  0.0    0  8.1 22 170   M    M   4 13     27 170
26  86  74  80  -2   0  15 0.36  0.0    0  6.2 21 120   M    M   4 13     27 120
27  92  73  83   1   0  18 1.96  0.0    0  7.1 23  80   M    M   4 13     27 100
28  90  74  82   1   0  17 0.56  0.0    0  5.8 16 120   M    M   3 13     21 120
29  89  74  82   1   0  17    T  0.0    0  5.3 16 260   M    M   2        21 250
================================================================================
SM 2588 2127         0 482  7.21     0.0 152.7          M       64
================================================================================
AV 89.2 73.3                               5.3 FASTST   M    M   2    MAX(MPH)
                                 MISC ---->  # 32 110               # 45  110
================================================================================
NOTES:
# LAST OF SEVERAL OCCURRENCES

COLUMN 17 PEAK WIND IN M.P.H.

PRELIMINARY LOCAL CLIMATOLOGICAL DATA (WS FORM: F-6) , PAGE 2

                                          STATION:  Fort Myers
                                          MONTH:    SEPTEMBER
                                          YEAR:     2014
                                          LATITUDE:   26 34 N
                                          LONGITUDE:  81 52 W

[TEMPERATURE DATA]      [PRECIPITATION DATA]       SYMBOLS USED IN COLUMN 16

AVERAGE MONTHLY: 81.3   TOTAL FOR MONTH:   7.21    1 = FOG OR MIST
DPTR FM NORMAL:  -1.2   DPTR FM NORMAL:   -0.90    2 = FOG REDUCING VISIBILITY
HIGHEST:    96 ON  1    GRTST 24HR  2.49 ON 27-28      TO 1/4 MILE OR LESS
LOWEST:     72 ON 24,23                            3 = THUNDER
                        SNOW, ICE PELLETS, HAIL    4 = ICE PELLETS
                        TOTAL MONTH:   0.0 INCH    5 = HAIL
                        GRTST 24HR     0.0         6 = FREEZING RAIN OR DRIZZLE
                        GRTST DEPTH:   0           7 = DUSTSTORM OR SANDSTORM:
                                                       VSBY 1/2 MILE OR LESS
                                                   8 = SMOKE OR HAZE
[NO. OF DAYS WITH]      [WEATHER - DAYS WITH]      9 = BLOWING SNOW
                                                   X = TORNADO
MAX 32 OR BELOW:   0    0.01 INCH OR MORE:  18
MAX 90 OR ABOVE:  18    0.10 INCH OR MORE:  11
MIN 32 OR BELOW:   0    0.50 INCH OR MORE:   5
MIN  0 OR BELOW:   0    1.00 INCH OR MORE:   2

[HDD (BASE 65) ]
TOTAL THIS MO.     0    CLEAR  (SCALE 0-3)  22
DPTR FM NORMAL     0    PTCLDY (SCALE 4-7)   7
TOTAL FM JUL 1     0    CLOUDY (SCALE 8-10)  0
DPTR FM NORMAL     0

[CDD (BASE 65) ]
TOTAL THIS MO.   482
DPTR FM NORMAL   -24    [PRESSURE DATA]
TOTAL FM JAN 1  3393    HIGHEST SLP M ON M
DPTR FM NORMAL   163    LOWEST  SLP 29.83 ON 29

[REMARKS]
