000
CXUS52 KTBW 161000
CF6FMY
PRELIMINARY LOCAL CLIMATOLOGICAL DATA (WS FORM: F-6)
STATION: FORT MYERS
MONTH: APRIL
YEAR: 2024
LATITUDE: 26 34 N
LONGITUDE: 81 52 W
TEMPERATURE IN F: :PCPN: SNOW: WIND :SUNSHINE: SKY :PK WND
================================================================================
1 2 3 4 5 6A 6B 7 8 9 10 11 12 13 14 15 16 17 18
12Z AVG MX 2MIN
DY MAX MIN AVG DEP HDD CDD WTR SNW DPTH SPD SPD DIR MIN PSBL S-S WX SPD DR
================================================================================
1 83 61 72 0 0 7 0.00 0.0 0 4.5 14 220 M M 1 21 220
2 86 67 77 4 0 12 0.00 0.0 0 8.1 17 200 M M 0 27 190
3 84 64 74 1 0 9 0.38 0.0 0 12.7 26 210 M M 7 13 42 200
4 79 65 72 -1 0 7 0.16 0.0 0 10.3 17 300 M M 3 13 24 320
5 80 63 72 -1 0 7 0.00 0.0 0 8.1 16 300 M M 0 22 290
6 79 62 71 -2 0 6 T 0.0 0 9.6 16 310 M M 1 24 330
7 83 57 70 -3 0 5 0.00 0.0 0 7.7 15 40 M M 0 20 30
8 81 61 71 -3 0 6 0.00 0.0 0 10.0 18 110 M M 1 28 110
9 85 63 74 0 0 9 0.00 0.0 0 10.0 17 110 M M 4 25 130
10 87 67 77 3 0 12 0.00 0.0 0 10.7 18 130 M M 1 26 140
11 83 72 78 4 0 13 0.12 0.0 0 13.6 30 200 M M 6 1 42 200
12 81 65 73 -1 0 8 0.00 0.0 0 11.3 20 360 M M 1 27 30
13 83 61 72 -2 0 7 0.00 0.0 0 8.8 22 30 M M 0 28 30
14 85 57 71 -4 0 6 0.00 0.0 0 6.2 18 60 M M 0 25 50
15 87 61 74 -1 0 9 0.00 0.0 0 5.6 16 70 M M 0 23 30
================================================================================
SM 1246 946 0 123 0.66 0.0 137.2 M 25
================================================================================
AV 83.1 63.1 9.1 FASTST M M 2 MAX(MPH)
MISC ----> 30 200 # 42 200
================================================================================
NOTES:
# LAST OF SEVERAL OCCURRENCES
COLUMN 17 PEAK WIND IN M.P.H.
PRELIMINARY LOCAL CLIMATOLOGICAL DATA (WS FORM: F-6) , PAGE 2
STATION: FORT MYERS
MONTH: APRIL
YEAR: 2024
LATITUDE: 26 34 N
LONGITUDE: 81 52 W
[TEMPERATURE DATA] [PRECIPITATION DATA] SYMBOLS USED IN COLUMN 16
AVERAGE MONTHLY: 73.1 TOTAL FOR MONTH: 0.66 1 = FOG OR MIST
DPTR FM NORMAL: -0.5 DPTR FM NORMAL: -0.52 2 = FOG REDUCING VISIBILITY
HIGHEST: 87 ON 10,15 GRTST 24HR 0.54 ON 3- 4 TO 1/4 MILE OR LESS
LOWEST: 57 ON 14, 7 3 = THUNDER
SNOW, ICE PELLETS, HAIL 4 = ICE PELLETS
TOTAL MONTH: 0.0 INCH 5 = HAIL
GRTST 24HR 0.0 6 = FREEZING RAIN OR DRIZZLE
GRTST DEPTH: 0 7 = DUSTSTORM OR SANDSTORM:
VSBY 1/2 MILE OR LESS
8 = SMOKE OR HAZE
[NO. OF DAYS WITH] [WEATHER - DAYS WITH] 9 = BLOWING SNOW
X = TORNADO
MAX 32 OR BELOW: 0 0.01 INCH OR MORE: 3
MAX 90 OR ABOVE: 0 0.10 INCH OR MORE: 3
MIN 32 OR BELOW: 0 0.50 INCH OR MORE: 0
MIN 0 OR BELOW: 0 1.00 INCH OR MORE: 0
[HDD (BASE 65) ]
TOTAL THIS MO. 0 CLEAR (SCALE 0-3) 12
DPTR FM NORMAL 0 PTCLDY (SCALE 4-7) 3
TOTAL FM JUL 1 146 CLOUDY (SCALE 8-10) 0
DPTR FM NORMAL -105
[CDD (BASE 65) ]
TOTAL THIS MO. 123
DPTR FM NORMAL -8 [PRESSURE DATA]
TOTAL FM JAN 1 547 HIGHEST SLP M ON M
DPTR FM NORMAL 26 LOWEST SLP 29.72 ON 3
[REMARKS]