000
CXUS53 KDTX 290635
CF6FNT
PRELIMINARY LOCAL CLIMATOLOGICAL DATA (WS FORM: F-6)
STATION: FLINT MI
MONTH: MARCH
YEAR: 2024
LATITUDE: 42 58 N
LONGITUDE: 83 44 W
TEMPERATURE IN F: :PCPN: SNOW: WIND :SUNSHINE: SKY :PK WND
================================================================================
1 2 3 4 5 6A 6B 7 8 9 10 11 12 13 14 15 16 17 18
12Z AVG MX 2MIN
DY MAX MIN AVG DEP HDD CDD WTR SNW DPTH SPD SPD DIR MIN PSBL S-S WX SPD DR
================================================================================
1 50 27 39 10 26 0 T 0.0 0 8.6 18 150 M M 2 23 160
2 54 37 46 17 19 0 T 0.0 0 4.3 10 260 M M 7 16 220
3 60 33 47 18 18 0 0.00 0.0 0 12.0 21 150 M M 2 1 27 140
4 72 45 59 29 6 0 0.00 0.0 0 10.1 21 190 M M 1 31 200
5 64 40 52 22 13 0 0.28 0.0 0 11.2 18 30 M M 8 13 26 180
6 46 33 40 10 25 0 0.00 0.0 0 10.9 22 20 M M 7 28 30
7 55 32 44 13 21 0 0.00 0.0 0 6.4 13 80 M M 6 16 70
8 53 38 46 15 19 0 0.56 0.0 0 7.6 15 150 M M 8 1 20 140
9 54 31 43 11 22 0 0.14 0.1 0 14.4 23 280 M M 10 1 30 270
10 38 28 33 1 32 0 0.06 1.8 2 16.5 28 310 M M 8 1 40 300
11 56 27 42 10 23 0 0.00 0.0 0 8.5 18 230 M M 0 27 220
12 69 39 54 21 11 0 0.00 0.0 0 9.5 20 220 M M 0 29 250
13 69 42 56 23 9 0 0.00 0.0 0 5.2 13 220 M M 1 20 220
14 54 44 49 16 16 0 0.39 0.0 0 9.4 22 40 M M 9 1 29 20
15 49 32 41 7 24 0 0.00 0.0 0 5.9 20 350 M M 6 25 350
16 58 28 43 9 22 0 T T 0 12.8 32 280 M M 4 44 280
17 40 29 35 1 30 0 0.03 0.4 0 11.9 26 290 M M 9 12 33 290
18 34 25 30 -5 35 0 0.01 0.4 T 12.1 20 310 M M 9 1 27 300
19 42 30 36 1 29 0 0.00 0.0 0 12.7 26 270 M M 9 37 270
20 36 22 29 -7 36 0 0.04 1.3 1 14.9 29 290 M M 8 1 39 290
21 35 17 26 -10 39 0 0.00 0.0 0 7.1 17 270 M M 3 23 280
22 30 23 27 -9 38 0 0.30 5.2 1 6.4 14 150 M M 9 1 16 150
23 34 22 28 -9 37 0 0.00 0.0 5 7.1 18 350 M M 6 1 25 360
24 38 18 28 -9 37 0 0.00 0.0 1 9.9 20 120 M M 5 25 110
25 62 29 46 8 19 0 0.00 0.0 0 13.4 21 150 M M 0 28 130
26 60 44 52 14 13 0 0.21 0.0 0 19.2 35 160 M M 8 13 50 160
27 44 29 37 -1 28 0 0.00 T 0 10.5 21 250 M M 9 34 240
28 47 28 38 -1 27 0 0.00 0.0 0 10.7 23 270 M M 2 31 250
================================================================================
SM 1403 872 674 0 2.02 9.2 289.2 M 156
================================================================================
AV 50.1 31.1 10.3 FASTST M M 6 MAX(MPH)
MISC ----> 35 160 50 160
================================================================================
NOTES:
# LAST OF SEVERAL OCCURRENCES
COLUMN 17 PEAK WIND IN M.P.H.
PRELIMINARY LOCAL CLIMATOLOGICAL DATA (WS FORM: F-6) , PAGE 2
STATION: FLINT MI
MONTH: MARCH
YEAR: 2024
LATITUDE: 42 58 N
LONGITUDE: 83 44 W
[TEMPERATURE DATA] [PRECIPITATION DATA] SYMBOLS USED IN COLUMN 16
AVERAGE MONTHLY: 40.6 TOTAL FOR MONTH: 2.02 1 = FOG OR MIST
DPTR FM NORMAL: 7.0 DPTR FM NORMAL: 0.29 2 = FOG REDUCING VISIBILITY
HIGHEST: 72 ON 4 GRTST 24HR 0.70 ON 8- 9 TO 1/4 MILE OR LESS
LOWEST: 17 ON 21 3 = THUNDER
SNOW, ICE PELLETS, HAIL 4 = ICE PELLETS
TOTAL MONTH: 9.2 INCHES 5 = HAIL
GRTST 24HR 5.2 ON 22-22 6 = FREEZING RAIN OR DRIZZLE
GRTST DEPTH: 5 ON 23 7 = DUSTSTORM OR SANDSTORM:
VSBY 1/2 MILE OR LESS
8 = SMOKE OR HAZE
[NO. OF DAYS WITH] [WEATHER - DAYS WITH] 9 = BLOWING SNOW
X = TORNADO
MAX 32 OR BELOW: 1 0.01 INCH OR MORE: 10
MAX 90 OR ABOVE: 0 0.10 INCH OR MORE: 6
MIN 32 OR BELOW: 18 0.50 INCH OR MORE: 1
MIN 0 OR BELOW: 0 1.00 INCH OR MORE: 0
[HDD (BASE 65) ]
TOTAL THIS MO. 674 CLEAR (SCALE 0-3) 9
DPTR FM NORMAL -204 PTCLDY (SCALE 4-7) 10
TOTAL FM JUL 1 4745 CLOUDY (SCALE 8-10) 9
DPTR FM NORMAL -1129
[CDD (BASE 65) ]
TOTAL THIS MO. 0
DPTR FM NORMAL 0 [PRESSURE DATA]
TOTAL FM JAN 1 0 HIGHEST SLP M ON M
DPTR FM NORMAL 0 LOWEST SLP 29.52 ON 26
[REMARKS]