000
CXUS54 KMAF 281100
CF6FST
PRELIMINARY LOCAL CLIMATOLOGICAL DATA (WS FORM: F-6)

                                          STATION:   Fort Stockton
                                          MONTH:     JUNE
                                          YEAR:      2017
                                          LATITUDE:   30 55 N
                                          LONGITUDE: 102 55 W

  TEMPERATURE IN F:       :PCPN:    SNOW:  WIND      :SUNSHINE: SKY     :PK WND
================================================================================
1   2   3   4   5  6A  6B    7    8   9   10  11  12  13   14  15   16   17  18
                                     12Z  AVG MX 2MIN
DY MAX MIN AVG DEP HDD CDD  WTR  SNW DPTH SPD SPD DIR MIN PSBL S-S WX    SPD DR
================================================================================

 1  88  64  76  -4   0  11 0.15  0.0    0 10.2 31 120   M    M   2 138    37 150
 2  88  62  75  -5   0  10 0.24  0.0    0  9.1 31 250   M    M   1 3      42 240
 3  87  58  73  -7   0   8 0.06  0.0    0  5.6 25 360   M    M   2 13     31  10
 4  91  60  76  -4   0  11    T  0.0    0  5.6 25 290   M    M   0 3      34 310
 5  95  64  80   0   0  15    T  0.0    0  7.7 29 230   M    M   0        36 230
 6  92  67  80   0   0  15 0.00  0.0    0  7.8 13  70   M    M   1        20  70
 7  93  67  80   0   0  15 0.00  0.0    0  6.8 23 360   M    M   2 3      29 360
 8  92  69  81   0   0  16 0.00  0.0    0  8.4 25 280   M    M   1        37 270
 9 101  71  86   5   0  21 0.00  0.0    0 11.0 26 160   M    M   0        33 170
10 105  71  88   7   0  23 0.00  0.0    0 14.9 30 180   M    M   0 3      36 190
11 105  72  89   8   0  24 0.00  0.0    0 14.7 28 150   M    M   0        37 150
12 106  70  88   7   0  23 0.01  0.0    0 15.4 31 240   M    M   1 3      39 250
13 102  72  87   6   0  22 0.04  0.0    0 17.1 25 160   M    M   1 3      36 170
14 104  72  88   7   0  23 0.49  0.0    0 14.4 26 150   M    M   1 3      33 160
15 106  72  89   8   0  24 0.00  0.0    0 12.8 25 160   M    M   0        33 160
16 110  73  92  10   0  27 0.00  0.0    0 13.3 24 160   M    M   0        35 140
17 111  70  91   9   0  26 0.00  0.0    0 11.5 22 150   M    M   0        26 150
18 102  72  87   5   0  22 0.00  0.0    0 15.1 28  10   M    M   3 8      34 310
19  97  72  85   3   0  20 0.00  0.0    0  8.2 16 160   M    M   2 3      27  80
20  97  73  85   3   0  20 0.00  0.0    0  9.2 18 100   M    M   1        23  90
21 101  70  86   4   0  21 0.00  0.0    0  6.8 15  90   M    M   0        19  80
22 105  75  90   8   0  25 0.00  0.0    0  7.9 18 150   M    M   0        24 140
23 107  76  92  10   0  27    T  0.0    0 15.2 35  10   M    M   1 38     46  30
24  91  69  80  -2   0  15 0.00  0.0    0 13.7 24  80   M    M   1        30  80
25  93  69  81  -1   0  16 0.00  0.0    0 12.9 22 150   M    M   1        30 140
26  91  64  78  -4   0  13    T  0.0    0 11.3 29  30   M    M   2 3      34  50
27  93  70  82   0   0  17 0.00  0.0    0 10.0 23 160   M    M   1        29 160
================================================================================
SM 2653 1864         0 510  0.99     0.0 296.6          M       24
================================================================================
AV 98.3 69.0                              11.0 FASTST   M    M   1    MAX(MPH)
                                 MISC ---->  # 35  10               # 46   30
================================================================================
NOTES:
# LAST OF SEVERAL OCCURRENCES

COLUMN 17 PEAK WIND IN M.P.H.

PRELIMINARY LOCAL CLIMATOLOGICAL DATA (WS FORM: F-6) , PAGE 2

                                          STATION:  Fort Stockton
                                          MONTH:    JUNE
                                          YEAR:     2017
                                          LATITUDE:   30 55 N
                                          LONGITUDE: 102 55 W

[TEMPERATURE DATA]      [PRECIPITATION DATA]       SYMBOLS USED IN COLUMN 16

AVERAGE MONTHLY: 83.7   TOTAL FOR MONTH:   0.99    1 = FOG OR MIST
DPTR FM NORMAL:   2.5   DPTR FM NORMAL:   -0.93    2 = FOG REDUCING VISIBILITY
HIGHEST:   111 ON 17    GRTST 24HR  0.49 ON 14-14      TO 1/4 MILE OR LESS
LOWEST:     58 ON  3                               3 = THUNDER
                        SNOW, ICE PELLETS, HAIL    4 = ICE PELLETS
                        TOTAL MONTH:   0.0 INCH    5 = HAIL
                        GRTST 24HR     0.0         6 = FREEZING RAIN OR DRIZZLE
                        GRTST DEPTH:   0           7 = DUSTSTORM OR SANDSTORM:
                                                       VSBY 1/2 MILE OR LESS
                                                   8 = SMOKE OR HAZE
[NO. OF DAYS WITH]      [WEATHER - DAYS WITH]      9 = BLOWING SNOW
                                                   X = TORNADO
MAX 32 OR BELOW:   0    0.01 INCH OR MORE:   6
MAX 90 OR ABOVE:  24    0.10 INCH OR MORE:   3
MIN 32 OR BELOW:   0    0.50 INCH OR MORE:   0
MIN  0 OR BELOW:   0    1.00 INCH OR MORE:   0

[HDD (BASE 65) ]
TOTAL THIS MO.     0    CLEAR  (SCALE 0-3)  27
DPTR FM NORMAL     0    PTCLDY (SCALE 4-7)   0
TOTAL FM JUL 1  1395    CLOUDY (SCALE 8-10)  0
DPTR FM NORMAL  -548

[CDD (BASE 65) ]
TOTAL THIS MO.   510
DPTR FM NORMAL    73    [PRESSURE DATA]
TOTAL FM JAN 1  1209    HIGHEST SLP M ON M
DPTR FM NORMAL   232    LOWEST  SLP 29.52 ON M

[REMARKS]
