000
CXUS54 KMAF 291100
CF6FST
PRELIMINARY LOCAL CLIMATOLOGICAL DATA (WS FORM: F-6)

                                          STATION:   Fort Stockton
                                          MONTH:     APRIL
                                          YEAR:      2017
                                          LATITUDE:   30 55 N
                                          LONGITUDE: 102 55 W

  TEMPERATURE IN F:       :PCPN:    SNOW:  WIND      :SUNSHINE: SKY     :PK WND
================================================================================
1   2   3   4   5  6A  6B    7    8   9   10  11  12  13   14  15   16   17  18
                                     12Z  AVG MX 2MIN
DY MAX MIN AVG DEP HDD CDD  WTR  SNW DPTH SPD SPD DIR MIN PSBL S-S WX    SPD DR
================================================================================

 1  77  50  64   0   1   0 0.04  0.0    0 13.4 24  20   M    M   3 138    32  20
 2  61  45  53 -11  12   0 0.69    M    0 13.6 23 340   M    M   6 13     27 340
 3  83  52  68   4   0   3 0.00  0.0    0 13.4 21 250   M    M   0        26 220
 4  83  49  66   1   0   1 0.00  0.0    0 18.1 36 300   M    M   0        46 280
 5  67  39  53 -12  12   0 0.00  0.0    0  7.5 17 350   M    M   0        23 340
 6  77  46  62  -3   3   0 0.00  0.0    0 14.5 23 160   M    M   0        32 160
 7  86  51  69   3   0   4 0.00  0.0    0 16.7 26 160   M    M   0        34 150
 8  96  56  76  10   0  11 0.00  0.0    0 12.4 28 140   M    M   0        34 140
 9  94  59  77  11   0  12 0.00  0.0    0 11.0 20 280   M    M   0        26 280
10  86  58  72   6   0   7 0.00  0.0    0  9.8 21  60   M    M   0        26  60
11  82  61  72   5   0   7 0.00  0.0    0 11.4 26 120   M    M   6        33 130
12  76  60  68   1   0   3 0.30  0.0    0 17.1 29  60   M    M   5 13     38 110
13  75  57  66  -1   0   1 0.04  0.0    0 15.7 33 180   M    M   3 12     41 180
14  84  62  73   6   0   8 0.12  0.0    0 20.2 31 160   M    M   0 3      40 150
15  89  62  76   8   0  11    T  0.0    0 14.5 25 140   M    M   0 3      34 140
16  90  61  76   8   0  11 0.00  0.0    0  9.2 32 170   M    M   1 3      41 170
17  86  56  71   3   0   6 0.00  0.0    0 10.0 23 150   M    M   0        31 150
18  93  59  76   8   0  11 0.00  0.0    0 10.7 22 140   M    M   0        31 150
19  96  61  79  10   0  14 0.00  0.0    0 12.0 24 170   M    M   0        31 160
20  92  60  76   7   0  11 0.00  0.0    0 12.7 25 160   M    M   0        34 150
21  95  63  79  10   0  14 0.00  0.0    0 11.7 23 180   M    M   0        30 150
22  71  50  61  -8   4   0 0.00  0.0    0 12.5 24  10   M    M   5        30  50
23  76  45  61  -9   4   0 0.00  0.0    0 10.1 21 160   M    M   0        28 150
24  97  58  78   8   0  13 0.00  0.0    0 11.1 23 150   M    M   0        31 150
25  97  66  82  12   0  17 0.00  0.0    0 15.0 31 250   M    M   2 8      40 230
26  78  59  69  -1   0   4 0.00  0.0    0 14.0 28 330   M    M   2        39 330
27  97  61  79   8   0  14 0.00  0.0    0 14.5 26 220   M    M   0        38 240
28  97  67  82  11   0  17 0.00  0.0    0 11.1 26 240   M    M   0        47 220
================================================================================
SM 2381 1573        36 200  1.19     0.0 363.9          M       33
================================================================================
AV 85.0 56.2                              13.0 FASTST   M    M   1    MAX(MPH)
                                 MISC ---->  # 36 300               # 47  220
================================================================================
NOTES:
# LAST OF SEVERAL OCCURRENCES

COLUMN 17 PEAK WIND IN M.P.H.

PRELIMINARY LOCAL CLIMATOLOGICAL DATA (WS FORM: F-6) , PAGE 2

                                          STATION:  Fort Stockton
                                          MONTH:    APRIL
                                          YEAR:     2017
                                          LATITUDE:   30 55 N
                                          LONGITUDE: 102 55 W

[TEMPERATURE DATA]      [PRECIPITATION DATA]       SYMBOLS USED IN COLUMN 16

AVERAGE MONTHLY: 70.6   TOTAL FOR MONTH:   1.19    1 = FOG OR MIST
DPTR FM NORMAL:   3.1   DPTR FM NORMAL:    0.46    2 = FOG REDUCING VISIBILITY
HIGHEST:    97 ON 28,27 GRTST 24HR  0.69 ON  2- 2      TO 1/4 MILE OR LESS
LOWEST:     39 ON  5                               3 = THUNDER
                        SNOW, ICE PELLETS, HAIL    4 = ICE PELLETS
                        TOTAL MONTH:   0.0 INCH    5 = HAIL
                        GRTST 24HR     0.0         6 = FREEZING RAIN OR DRIZZLE
                        GRTST DEPTH:   0           7 = DUSTSTORM OR SANDSTORM:
                                                       VSBY 1/2 MILE OR LESS
                                                   8 = SMOKE OR HAZE
[NO. OF DAYS WITH]      [WEATHER - DAYS WITH]      9 = BLOWING SNOW
                                                   X = TORNADO
MAX 32 OR BELOW:   0    0.01 INCH OR MORE:   5
MAX 90 OR ABOVE:  11    0.10 INCH OR MORE:   3
MIN 32 OR BELOW:   0    0.50 INCH OR MORE:   1
MIN  0 OR BELOW:   0    1.00 INCH OR MORE:   0

[HDD (BASE 65) ]
TOTAL THIS MO.    36    CLEAR  (SCALE 0-3)  24
DPTR FM NORMAL   -29    PTCLDY (SCALE 4-7)   4
TOTAL FM JUL 1  1378    CLOUDY (SCALE 8-10)  0
DPTR FM NORMAL  -553

[CDD (BASE 65) ]
TOTAL THIS MO.   200
DPTR FM NORMAL    65    [PRESSURE DATA]
TOTAL FM JAN 1   372    HIGHEST SLP M ON M
DPTR FM NORMAL   188    LOWEST  SLP 29.30 ON 25

[REMARKS]
