000
CXUS54 KFWD 280730
CF6FTW
PRELIMINARY LOCAL CLIMATOLOGICAL DATA (WS FORM: F-6)

                                          STATION:   FORT WORTH MEACHAM
                                          MONTH:     MARCH
                                          YEAR:      2017
                                          LATITUDE:   32 49 N
                                          LONGITUDE:  97 21 W

  TEMPERATURE IN F:       :PCPN:    SNOW:  WIND      :SUNSHINE: SKY     :PK WND
================================================================================
1   2   3   4   5  6A  6B    7    8   9   10  11  12  13   14  15   16   17  18
                                     12Z  AVG MX 2MIN
DY MAX MIN AVG DEP HDD CDD  WTR  SNW DPTH SPD SPD DIR MIN PSBL S-S WX    SPD DR
================================================================================

 1  73  46  60   7   5   0 0.00  0.0    0 14.0 24 340   M    M   0 8      31  10
 2  66  39  53   0  12   0 0.00  0.0    0  4.9 14 110   M    M   0        17 100
 3  71  41  56   3   9   0 0.00  0.0    0  7.4 21 140   M    M   0        25 180
 4  60  50  55   2  10   0 0.03  0.0    0 12.2 25 160   M    M   8 1      33 150
 5  67  53  60   6   5   0 0.03  0.0    0 10.0 16 160   M    M  10 12     22 160
 6  84  66  75  21   0  10 0.00  0.0    0 19.0 32 170   M    M   7        43 160
 7  72  51  62   8   3   0    T  0.0    0 12.5 36  10   M    M   2        41  10
 8  77  43  60   6   5   0 0.00  0.0    0  8.1 21 160   M    M   1        25 160
 9  80  60  70  15   0   5 0.00  0.0    0 11.1 23 180   M    M   5        30 190
10  69  61  65  10   0   0    T  0.0    0  7.0 16 350   M    M   5 128    21  20
11  76  49  63   8   2   0 0.00  0.0    0 10.0 25  20   M    M   7 18     33  30
12  54  44  49  -7  16   0    T  0.0    0  9.0 21  10   M    M  10        25  10
13  66  42  54  -2  11   0 0.03  0.0    0 11.5 23 360   M    M   5 18     28  10
14  66  37  52  -4  13   0 0.00  0.0    0  6.3 14 150   M    M   0        18 150
15  67  45  56   0   9   0 0.00  0.0    0 10.5 16 140   M    M   2        20  40
16  74  55  65   8   0   0 0.00  0.0    0 15.5 25 180   M    M   6        33 190
17  80  67  74  17   0   9 0.00  0.0    0 15.3 26 180   M    M   7        31 150
18  85  63  74  17   0   9 0.00  0.0    0  9.0 18 130   M    M   2        22 130
19  86  63  75  17   0  10 0.00  0.0    0 12.7 22 150   M    M   2 18     27 160
20  91  65  78  20   0  13 0.00  0.0    0 15.2 26 180   M    M   1        34 180
21  86  63  75  17   0  10 0.00  0.0    0 12.7 22 170   M    M   0        28 190
22  85  63  74  16   0   9 0.00  0.0    0 11.6 22 140   M    M   2        26 130
23  86  65  76  17   0  11 0.00  0.0    0 23.8 38 160   M    M   1        48 150
24  83  58  71  12   0   6 0.17  0.0    0 16.1 33 160   M    M   4 1      42 180
25  73  53  63   4   2   0 0.00  0.0    0 10.7 26 290   M    M   0        35 290
26  84  53  69   9   0   4    T  0.0    0 14.4 30 180   M    M   2 3      38 170
27  76  56  66   6   0   1 0.00  0.0    0  8.3 22 180   M    M   3        28 190
================================================================================
SM 2037 1451       102  97  0.26     0.0 318.8          M       92
================================================================================
AV 75.4 53.7                              11.8 FASTST   M    M   3    MAX(MPH)
                                 MISC ---->  # 38 160               # 48  150
================================================================================
NOTES:
# LAST OF SEVERAL OCCURRENCES

COLUMN 17 PEAK WIND IN M.P.H.

PRELIMINARY LOCAL CLIMATOLOGICAL DATA (WS FORM: F-6) , PAGE 2

                                          STATION:  FORT WORTH MEACHAM
                                          MONTH:    MARCH
                                          YEAR:     2017
                                          LATITUDE:   32 49 N
                                          LONGITUDE:  97 21 W

[TEMPERATURE DATA]      [PRECIPITATION DATA]       SYMBOLS USED IN COLUMN 16

AVERAGE MONTHLY: 64.6   TOTAL FOR MONTH:   0.26    1 = FOG OR MIST
DPTR FM NORMAL:   8.4   DPTR FM NORMAL:   -2.77    2 = FOG REDUCING VISIBILITY
HIGHEST:    91 ON 20    GRTST 24HR  0.17 ON 24-24      TO 1/4 MILE OR LESS
LOWEST:     37 ON 14                               3 = THUNDER
                        SNOW, ICE PELLETS, HAIL    4 = ICE PELLETS
                        TOTAL MONTH:   0.0 INCH    5 = HAIL
                        GRTST 24HR     0.0         6 = FREEZING RAIN OR DRIZZLE
                        GRTST DEPTH:   0           7 = DUSTSTORM OR SANDSTORM:
                                                       VSBY 1/2 MILE OR LESS
                                                   8 = SMOKE OR HAZE
[NO. OF DAYS WITH]      [WEATHER - DAYS WITH]      9 = BLOWING SNOW
                                                   X = TORNADO
MAX 32 OR BELOW:   0    0.01 INCH OR MORE:   4
MAX 90 OR ABOVE:   1    0.10 INCH OR MORE:   1
MIN 32 OR BELOW:   0    0.50 INCH OR MORE:   0
MIN  0 OR BELOW:   0    1.00 INCH OR MORE:   0

[HDD (BASE 65) ]
TOTAL THIS MO.   102    CLEAR  (SCALE 0-3)  16
DPTR FM NORMAL  -155    PTCLDY (SCALE 4-7)   8
TOTAL FM JUL 1  1286    CLOUDY (SCALE 8-10)  3
DPTR FM NORMAL  -957

[CDD (BASE 65) ]
TOTAL THIS MO.    97
DPTR FM NORMAL    73    [PRESSURE DATA]
TOTAL FM JAN 1   160    HIGHEST SLP M ON M
DPTR FM NORMAL   129    LOWEST  SLP 29.61 ON 26

[REMARKS]
