000
CXUS52 KFFC 011110
CF6FTY
PRELIMINARY LOCAL CLIMATOLOGICAL DATA (WS FORM: F-6)

                                          STATION:   FULTON COUNTY AIRPORT
                                          MONTH:     JUNE
                                          YEAR:      2015
                                          LATITUDE:   33 46 N
                                          LONGITUDE:  84 31 W

  TEMPERATURE IN F:       :PCPN:    SNOW:  WIND      :SUNSHINE: SKY     :PK WND
================================================================================
1   2   3   4   5  6A  6B    7    8   9   10  11  12  13   14  15   16   17  18
                                     12Z  AVG MX 2MIN
DY MAX MIN AVG DEP HDD CDD  WTR  SNW DPTH SPD SPD DIR MIN PSBL S-S WX    SPD DR
================================================================================

 1  81  67  74   0   0   9    T  0.0    0  4.5 10 260   M    M   6 3      16 250
 2  83  64  74   0   0   9 0.00    M    M  2.7 13 320   M    M   4 3      18 320
 3  81  64  73  -1   0   8 0.16  0.0    0  3.1 13 140   M    M   3 13     20  90
 4  80  62  71  -4   0   6    T  0.0    M  4.8 12  70   M    M   7        17  90
 5  86  60  73  -2   0   8 0.00    M    M  2.7 13 330   M    M   1        17 330
 6  89  65  77   2   0  12 0.00    M    M  2.5 10 330   M    M   1        14 280
 7  90  65  78   3   0  13 0.00    M    M  3.6 12 150   M    M   2 1      15 150
 8  88  70  79   4   0  14 0.00    M    M  6.9 16 260   M    M   2        22 260
 9  87  70  79   3   0  14    T    M    M  5.6 21 170   M    M   2 3      28 180
10  89  67  78   2   0  13    T    M    M  3.8 14 150   M    M   3 13     17 160
11  86  69  78   2   0  13 0.09  0.0    M  3.2 14 290   M    M   5 13     17 290
12  85  69  77   1   0  12 0.03  0.0    M  5.3 21 280   M    M   6 13     26 280
13  90  67  79   3   0  14 0.00  0.0    M  2.8  9 200   M    M   1        13 170
14  92  68  80   3   0  15 0.00    M    M  2.9 10 210   M    M   0        14 270
15  95  69  82   5   0  17    T    M    M  2.3 10 290   M    M   1        14 270
16  95  71  83   6   0  18 0.00    M    M  3.5 13 290   0    0   0        16 350
17  95  72  84   7   0  19 0.00    M    M  3.4 12 250   M    M   1        18 240
18  94  73  84   7   0  19 0.05    M    M  3.7 20 330   M    M   1 3      24 320
19  92  71  82   5   0  17 0.00    M    M  5.2 15 200   M    M   2        20 230
20  89  75  82   4   0  17 0.08    M    M  7.4 21 250   M    M   3 38     34 250
21  94  72  83   5   0  18 0.00    M    M  5.8 14 310   M    M   2        18 310
22  95  74  85   7   0  20 0.00    M    M  4.6 15 310   M    M   1        20 320
23  95  74  85   7   0  20 0.00    M    M  5.1 17 300   M    M   1        22 300
24  93  72  83   5   0  18    T    M    M  5.0 24 360   M    M   2 3      33 360
25  95  68  82   4   0  17 0.00    M    M  3.6 12 340   M    M   0        15 270
26  94  73  84   6   0  19 0.00    M    M  5.1 14 230   M    M   1 3      19 220
27  86  73  80   1   0  15 0.56  0.0    M  6.0 18 270   M    M   5 138    26 290
28  84  64  74  -5   0   9 0.00  0.0    M  5.3 16 320   M    M   2        22 290
29  87  60  74  -5   0   9 0.00  0.0    M  4.3 13 200   M    M   2        17 200
30  87  70  79   0   0  14 0.03  0.0    M  7.2 16 290   M    M   2 3      23 290
================================================================================
SM 2677 2058         0 426  1.00     0.0 131.9            0     69
================================================================================
AV 89.2 68.6                               4.4 FASTST    0   0   2    MAX(MPH)
                                 MISC ---->  # 24 360               # 34  250
================================================================================
NOTES:
# LAST OF SEVERAL OCCURRENCES

COLUMN 17 PEAK WIND IN M.P.H.

PRELIMINARY LOCAL CLIMATOLOGICAL DATA (WS FORM: F-6) , PAGE 2

                                          STATION:  FULTON COUNTY AIRPORT
                                          MONTH:    JUNE
                                          YEAR:     2015
                                          LATITUDE:   33 46 N
                                          LONGITUDE:  84 31 W

[TEMPERATURE DATA]      [PRECIPITATION DATA]       SYMBOLS USED IN COLUMN 16

AVERAGE MONTHLY: 78.9   TOTAL FOR MONTH:   1.00    1 = FOG OR MIST
DPTR FM NORMAL:   2.2   DPTR FM NORMAL:   -3.13    2 = FOG REDUCING VISIBILITY
HIGHEST:    95 ON 25,23 GRTST 24HR  0.56 ON 27-27      TO 1/4 MILE OR LESS
LOWEST:     60 ON 29, 5                            3 = THUNDER
                        SNOW, ICE PELLETS, HAIL    4 = ICE PELLETS
                        TOTAL MONTH:   0.0 INCH    5 = HAIL
                        GRTST 24HR     0.0         6 = FREEZING RAIN OR DRIZZLE
                        GRTST DEPTH:   0           7 = DUSTSTORM OR SANDSTORM:
                                                       VSBY 1/2 MILE OR LESS
                                                   8 = SMOKE OR HAZE
[NO. OF DAYS WITH]      [WEATHER - DAYS WITH]      9 = BLOWING SNOW
                                                   X = TORNADO
MAX 32 OR BELOW:   0    0.01 INCH OR MORE:   7
MAX 90 OR ABOVE:  14    0.10 INCH OR MORE:   2
MIN 32 OR BELOW:   0    0.50 INCH OR MORE:   1
MIN  0 OR BELOW:   0    1.00 INCH OR MORE:   0

[HDD (BASE 65) ]
TOTAL THIS MO.     0    CLEAR  (SCALE 0-3)  22
DPTR FM NORMAL     0    PTCLDY (SCALE 4-7)   8
TOTAL FM JUL 1  2947    CLOUDY (SCALE 8-10)  0
DPTR FM NORMAL    67

[CDD (BASE 65) ]
TOTAL THIS MO.   426
DPTR FM NORMAL    76    [PRESSURE DATA]
TOTAL FM JAN 1   701    HIGHEST SLP 30.17 ON 13
DPTR FM NORMAL   151    LOWEST  SLP 29.79 ON  9

[REMARKS]
#FINAL-06-15#
