000
CXUS51 KCAR 230600
CF6FVE
PRELIMINARY LOCAL CLIMATOLOGICAL DATA (WS FORM: F-6)

                                          STATION:   FRENCHVILLE ME
                                          MONTH:     APRIL
                                          YEAR:      2014
                                          LATITUDE:   47 16 N
                                          LONGITUDE:  68 19 W

  TEMPERATURE IN F:       :PCPN:    SNOW:  WIND      :SUNSHINE: SKY     :PK WND
================================================================================
1   2   3   4   5  6A  6B    7    8   9   10  11  12  13   14  15   16   17  18
                                     12Z  AVG MX 2MIN
DY MAX MIN AVG DEP HDD CDD  WTR  SNW DPTH SPD SPD DIR MIN PSBL S-S WX    SPD DR
================================================================================

 1  43  16  30   0  35   0 0.00    M    M 11.3 21 350   M    M   0        25  10
 2  36  20  28  -2  37   0 0.00    M    M  9.3 17 150   M    M   1        22 140
 3  33  22  28  -3  37   0    T    M    M 10.1 20 330   M    M   9 1      23 330
 4  42  15  29  -2  36   0 0.00    M    M  9.5 21 150   M    M   0        27 150
 5  34  29  32   0  33   0 0.24    M    M 10.2 24 150   M    M  10 12     30 150
 6  37  26  32   0  33   0 0.01    M    M 17.9 32 280   M    M   6 1      40 280
 7  53  28  41   9  24   0 0.00  0.0    M  8.2 16 260   M    M   3        21 260
 8  40  32  36   3  29   0 0.31    M    M 12.1 25 100   M    M   9 123    34 100
 9  36  21  29  -5  36   0    T    M    M 17.5 25 300   M    M   3        33 290
10  47  15  31  -3  34   0 0.00  0.0    M 12.8 24 190   M    M   2        34 190
11  49  30  40   6  25   0    T    M    M 12.1 28 250   M    M   5        37 240
12  48  27  38   3  27   0    T    M    M 10.1 33 290   M    M   4        42 290
13  33  23  28  -8  37   0 0.31    M    M  8.2 21 140   M    M   6 16     27 150
14  53  32  43   7  22   0 0.05    M    M 11.3 17 150   M    M   7 12     24 180
15  53  35  44   7  21   0 0.41    M    M 14.1 26 160   M    M  10 12     38 170
16  35  14  25 -12  40   0 0.24    M    M 13.7 31 290   M    M   6 1      36 290
17  37  12  25 -13  40   0 0.00  0.0    M  5.6 12 150   M    M   0        15 150
18  42  24  33  -5  32   0    T    M    M  8.6 14 270   M    M   3        18 140
19  38  30  34  -5  31   0 0.04    M    M 11.2 26 310   M    M   8 12     36 320
20  46  25  36  -3  29   0 0.00    M    M  6.8 16 340   M    M   1        22 350
21  60  35  48   8  17   0    T    M    M  9.2 20 340   M    M   5        28 230
22  44  34  39  -1  26   0 0.22    M    M  7.8 15  90   M    M   7 1      21  90
================================================================================
SM  939  545       681   0  1.83     0.0 237.6          M      105
================================================================================
AV 42.7 24.8                              10.8 FASTST   M    M   5    MAX(MPH)
                                 MISC ---->  # 33 290               # 42  290
================================================================================
NOTES:
# LAST OF SEVERAL OCCURRENCES

COLUMN 17 PEAK WIND IN M.P.H.

PRELIMINARY LOCAL CLIMATOLOGICAL DATA (WS FORM: F-6) , PAGE 2

                                          STATION:  FRENCHVILLE ME
                                          MONTH:    APRIL
                                          YEAR:     2014
                                          LATITUDE:   47 16 N
                                          LONGITUDE:  68 19 W

[TEMPERATURE DATA]      [PRECIPITATION DATA]       SYMBOLS USED IN COLUMN 16

AVERAGE MONTHLY: 33.7   TOTAL FOR MONTH:   1.83    1 = FOG OR MIST
DPTR FM NORMAL:  -1.2   DPTR FM NORMAL:   -0.24    2 = FOG REDUCING VISIBILITY
HIGHEST:    60 ON 21    GRTST 24HR  0.65 ON 15-16      TO 1/4 MILE OR LESS
LOWEST:     12 ON 17                               3 = THUNDER
                        SNOW, ICE PELLETS, HAIL    4 = ICE PELLETS
                        TOTAL MONTH:   0.0 INCH    5 = HAIL
                        GRTST 24HR     0.0         6 = FREEZING RAIN OR DRIZZLE
                        GRTST DEPTH:  M  ON   M    7 = DUSTSTORM OR SANDSTORM:
                                                       VSBY 1/2 MILE OR LESS
                                                   8 = SMOKE OR HAZE
[NO. OF DAYS WITH]      [WEATHER - DAYS WITH]      9 = BLOWING SNOW
                                                   X = TORNADO
MAX 32 OR BELOW:   0    0.01 INCH OR MORE:   9
MAX 90 OR ABOVE:   0    0.10 INCH OR MORE:   6
MIN 32 OR BELOW:  19    0.50 INCH OR MORE:   0
MIN  0 OR BELOW:   0    1.00 INCH OR MORE:   0

[HDD (BASE 65) ]
TOTAL THIS MO.   681    CLEAR  (SCALE 0-3)   9
DPTR FM NORMAL    20    PTCLDY (SCALE 4-7)   9
TOTAL FM JUL 1  9197    CLOUDY (SCALE 8-10)  4
DPTR FM NORMAL   245

[CDD (BASE 65) ]
TOTAL THIS MO.     0
DPTR FM NORMAL     0    [PRESSURE DATA]
TOTAL FM JAN 1     0    HIGHEST SLP M ON M
DPTR FM NORMAL     0    LOWEST  SLP 29.18 ON  8

[REMARKS]
