000
CXUS53 KIWX 240800
CF6FWA
PRELIMINARY LOCAL CLIMATOLOGICAL DATA (WS FORM: F-6)

                                          STATION:   FORT WAYNE
                                          MONTH:     JUNE
                                          YEAR:      2017
                                          LATITUDE:   41  0 N
                                          LONGITUDE:  85 12 W

  TEMPERATURE IN F:       :PCPN:    SNOW:  WIND      :SUNSHINE: SKY     :PK WND
================================================================================
1   2   3   4   5  6A  6B    7    8   9   10  11  12  13   14  15   16   17  18
                                     12Z  AVG MX 2MIN
DY MAX MIN AVG DEP HDD CDD  WTR  SNW DPTH SPD SPD DIR MIN PSBL S-S WX    SPD DR
================================================================================

 1  78  51  65  -1   0   0 0.00  0.0    0  7.5 18 270   M    M   1        25 290
 2  82  49  66   0   0   1 0.00  0.0    0  3.0 12 280   M    M   2        14 280
 3  88  55  72   6   0   7 0.00  0.0    0  5.7 15 260   M    M   5 8      19 260
 4  90  67  79  12   0  14 0.27  0.0    0  9.4 26 240   M    M   8 3      32 240
 5  84  59  72   5   0   7 0.00  0.0    0  6.3 21  40   M    M   4 1      27  30
 6  76  55  66  -1   0   1 0.00  0.0    0 10.7 22  60   M    M   3        28  40
 7  73  54  64  -4   1   0 0.00  0.0    0 12.7 25  70   M    M   4        33  60
 8  78  49  64  -4   1   0 0.00  0.0    0  3.3 10  40   M    M   3        14  50
 9  87  58  73   5   0   8 0.15  0.0    0 11.2 26 240   M    M   6 38     33 280
10  88  64  76   7   0  11 0.00  0.0    0 14.2 25 220   M    M   5        32 220
11  91  65  78   9   0  13 0.00  0.0    0 14.9 26 250   M    M   2        33 240
12  93  69  81  12   0  16 0.00  0.0    0 11.4 23 240   M    M   3        28 250
13  95  72  84  14   0  19 0.74  0.0    0  9.0 36 300   M    M   6 38     44 300
14  86  69  78   8   0  13 0.34  0.0    0  6.6 18 240   M    M   8 13     23 190
15  84  67  76   6   0  11    T  0.0    0  7.4 20 240   M    M   8 3      23 240
16  88  65  77   7   0  12 0.01  0.0    0  4.8 20 180   M    M   6 3      24 180
17  89  68  79   8   0  14    T  0.0    0 11.7 25 230   M    M   8        31 230
18  82  70  76   5   0  11 0.09  0.0    0 17.3 24 210   M    M   7 3      38 210
19  78  60  69  -2   0   4 0.62  0.0    0  9.6 32 270   M    M   5 38     40 270
20  81  59  70  -2   0   5 0.07  0.0    0 10.5 23 320   M    M   5        31 310
21  82  58  70  -2   0   5 0.00  0.0    0  3.8 12  70   M    M   6        14  70
22  88  69  79   7   0  14    T  0.0    0 13.2 28 200   M    M   7        34 200
23  75  61  68  -4   0   3 1.79  0.0    0  9.8 21 290   M    M   9 13     29 280
================================================================================
SM 1936 1413         2 189  4.08     0.0 214.0          M      121
================================================================================
AV 84.2 61.4                               9.3 FASTST   M    M   5    MAX(MPH)
                                 MISC ---->  # 36 300               # 44  300
================================================================================
NOTES:
# LAST OF SEVERAL OCCURRENCES

COLUMN 17 PEAK WIND IN M.P.H.

PRELIMINARY LOCAL CLIMATOLOGICAL DATA (WS FORM: F-6) , PAGE 2

                                          STATION:  FORT WAYNE
                                          MONTH:    JUNE
                                          YEAR:     2017
                                          LATITUDE:   41  0 N
                                          LONGITUDE:  85 12 W

[TEMPERATURE DATA]      [PRECIPITATION DATA]       SYMBOLS USED IN COLUMN 16

AVERAGE MONTHLY: 72.8   TOTAL FOR MONTH:   4.08    1 = FOG OR MIST
DPTR FM NORMAL:   3.6   DPTR FM NORMAL:    0.79    2 = FOG REDUCING VISIBILITY
HIGHEST:    95 ON 13    GRTST 24HR  1.79 ON 23-23      TO 1/4 MILE OR LESS
LOWEST:     49 ON  8, 2                            3 = THUNDER
                        SNOW, ICE PELLETS, HAIL    4 = ICE PELLETS
                        TOTAL MONTH:   0.0 INCH    5 = HAIL
                        GRTST 24HR     0.0         6 = FREEZING RAIN OR DRIZZLE
                        GRTST DEPTH:   0           7 = DUSTSTORM OR SANDSTORM:
                                                       VSBY 1/2 MILE OR LESS
                                                   8 = SMOKE OR HAZE
[NO. OF DAYS WITH]      [WEATHER - DAYS WITH]      9 = BLOWING SNOW
                                                   X = TORNADO
MAX 32 OR BELOW:   0    0.01 INCH OR MORE:   9
MAX 90 OR ABOVE:   4    0.10 INCH OR MORE:   6
MIN 32 OR BELOW:   0    0.50 INCH OR MORE:   3
MIN  0 OR BELOW:   0    1.00 INCH OR MORE:   1

[HDD (BASE 65) ]
TOTAL THIS MO.     2    CLEAR  (SCALE 0-3)   6
DPTR FM NORMAL   -27    PTCLDY (SCALE 4-7)  15
TOTAL FM JUL 1  4981    CLOUDY (SCALE 8-10)  2
DPTR FM NORMAL -1120

[CDD (BASE 65) ]
TOTAL THIS MO.   189
DPTR FM NORMAL    64    [PRESSURE DATA]
TOTAL FM JAN 1   253    HIGHEST SLP M ON M
DPTR FM NORMAL    71    LOWEST  SLP 29.61 ON 23

[REMARKS]
