000
CXUS53 KIWX 290800
CF6FWA
PRELIMINARY LOCAL CLIMATOLOGICAL DATA (WS FORM: F-6)

                                          STATION:   FORT WAYNE
                                          MONTH:     AUGUST
                                          YEAR:      2015
                                          LATITUDE:   41  0 N
                                          LONGITUDE:  85 12 W

  TEMPERATURE IN F:       :PCPN:    SNOW:  WIND      :SUNSHINE: SKY     :PK WND
================================================================================
1   2   3   4   5  6A  6B    7    8   9   10  11  12  13   14  15   16   17  18
                                     12Z  AVG MX 2MIN
DY MAX MIN AVG DEP HDD CDD  WTR  SNW DPTH SPD SPD DIR MIN PSBL S-S WX    SPD DR
================================================================================

 1  84  60  72  -1   0   7 0.00  0.0    0  8.1 17 270   M    M   4        23 300
 2  90  63  77   5   0  12 0.00  0.0    0 13.2 26 230   M    M   4        32 220
 3  84  61  73   1   0   8 0.63  0.0    0  8.0 28  20   M    M   6 13     35  20
 4  81  59  70  -2   0   5 0.00  0.0    0  7.3 20 260   M    M   5        25 270
 5  82  56  69  -3   0   4 0.00  0.0    0  2.6  8  80   M    M   6 1      11  80
 6  79  59  69  -3   0   4 0.00  0.0    0 10.7 22  80   M    M   7        25  80
 7  80  56  68  -4   0   3 0.00  0.0    0  4.6 14  90   M    M   6        19  80
 8  84  60  72   0   0   7 0.00  0.0    0  2.9  9 220   M    M   6        13 150
 9  79  67  73   1   0   8 0.01  0.0    0  3.8 14 190   M    M   9 18     17 220
10  85  66  76   4   0  11 0.27  0.0    0  6.2 29 340   M    M   7 138    35 330
11  82  64  73   1   0   8 0.00  0.0    0  9.0 20 340   M    M   4 18     25 350
12  78  59  69  -3   0   4 0.00  0.0    0  6.6 14 360   M    M   2        17 330
13  83  56  70  -2   0   5 0.00  0.0    0  6.5 14 250   M    M   4 1      17 260
14  86  64  75   3   0  10 0.00  0.0    0  9.2 20  70   M    M   7        24  60
15  84  65  75   3   0  10 0.47  0.0    0  4.0 24  50   M    M   6 13     30  50
16  87  64  76   4   0  11 0.00  0.0    0  5.5 18 190   M    M   5 8      21 190
17  84  67  76   4   0  11 1.25  0.0    0  8.3 32 280   M    M   6 13     49 220
18  84  64  74   2   0   9 0.00  0.0    0  6.7 15 200   M    M   6 18     19 220
19  84  66  75   3   0  10 0.32  0.0    0 10.7 22 210   M    M   8 1      27 210
20  73  56  65  -6   0   0 0.17  0.0    0 13.5 23 240   M    M   4 1      35 240
21  79  53  66  -5   0   1 0.00  0.0    0  3.4  7 220   M    M   2         M  M
22  79  56  68  -3   0   3 0.00  0.0    0  4.3 16 110   M    M   6        22 110
23  83  59  71   0   0   6 0.43  0.0    0  8.7 23 290   M    M   7 13     28 280
24  73  56  65  -6   0   0 0.00  0.0    0 11.4 23 250   M    M   3        31 240
25  67  54  61 -10   4   0 0.00  0.0    0  7.5 14 280   M    M   8        20 270
26  68  56  62  -9   3   0    T  0.0    0  3.7 12 290   M    M   8 18     14 290
27  75  50  63  -7   2   0 0.00  0.0    0  2.3  8  60   M    M   4 1      10  70
28  78  54  66  -4   0   1 0.00  0.0    0  4.0 10 240   M    M   5 18     13 200
================================================================================
SM 2255 1670         9 158  3.55     0.0 192.7          M      155
================================================================================
AV 80.5 59.6                               6.9 FASTST   M    M   6    MAX(MPH)
                                 MISC ---->  # 32 280               # 49  220
================================================================================
NOTES:
# LAST OF SEVERAL OCCURRENCES

COLUMN 17 PEAK WIND IN M.P.H.

PRELIMINARY LOCAL CLIMATOLOGICAL DATA (WS FORM: F-6) , PAGE 2

                                          STATION:  FORT WAYNE
                                          MONTH:    AUGUST
                                          YEAR:     2015
                                          LATITUDE:   41  0 N
                                          LONGITUDE:  85 12 W

[TEMPERATURE DATA]      [PRECIPITATION DATA]       SYMBOLS USED IN COLUMN 16

AVERAGE MONTHLY: 70.1   TOTAL FOR MONTH:   3.55    1 = FOG OR MIST
DPTR FM NORMAL:  -1.6   DPTR FM NORMAL:    0.25    2 = FOG REDUCING VISIBILITY
HIGHEST:    90 ON  2    GRTST 24HR  1.25 ON 17-17      TO 1/4 MILE OR LESS
LOWEST:     50 ON 27                               3 = THUNDER
                        SNOW, ICE PELLETS, HAIL    4 = ICE PELLETS
                        TOTAL MONTH:   0.0 INCH    5 = HAIL
                        GRTST 24HR     0.0         6 = FREEZING RAIN OR DRIZZLE
                        GRTST DEPTH:   0           7 = DUSTSTORM OR SANDSTORM:
                                                       VSBY 1/2 MILE OR LESS
                                                   8 = SMOKE OR HAZE
[NO. OF DAYS WITH]      [WEATHER - DAYS WITH]      9 = BLOWING SNOW
                                                   X = TORNADO
MAX 32 OR BELOW:   0    0.01 INCH OR MORE:   8
MAX 90 OR ABOVE:   1    0.10 INCH OR MORE:   7
MIN 32 OR BELOW:   0    0.50 INCH OR MORE:   2
MIN  0 OR BELOW:   0    1.00 INCH OR MORE:   1

[HDD (BASE 65) ]
TOTAL THIS MO.     9    CLEAR  (SCALE 0-3)   3
DPTR FM NORMAL     8    PTCLDY (SCALE 4-7)  24
TOTAL FM JUL 1     9    CLOUDY (SCALE 8-10)  1
DPTR FM NORMAL     5

[CDD (BASE 65) ]
TOTAL THIS MO.   158
DPTR FM NORMAL   -36    [PRESSURE DATA]
TOTAL FM JAN 1   647    HIGHEST SLP M ON M
DPTR FM NORMAL   -53    LOWEST  SLP 29.72 ON M

[REMARKS]
