000
CXUS52 KMFL 181000
CF6FXE
PRELIMINARY LOCAL CLIMATOLOGICAL DATA (WS FORM: F-6)

                                          STATION:   FORT LAUDERDALE EXEC ARPT
                                          MONTH:     APRIL
                                          YEAR:      2014
                                          LATITUDE:   26 12 N
                                          LONGITUDE:  80 11 W

  TEMPERATURE IN F:       :PCPN:    SNOW:  WIND      :SUNSHINE: SKY     :PK WND
================================================================================
1   2   3   4   5  6A  6B    7    8   9   10  11  12  13   14  15   16   17  18
                                     12Z  AVG MX 2MIN
DY MAX MIN AVG DEP HDD CDD  WTR  SNW DPTH SPD SPD DIR MIN PSBL S-S WX    SPD DR
================================================================================

 1  79  60  70  -3   0   5 0.00  0.0    0  6.1 16  90   M    M   1        23  80
 2  80  61  71  -2   0   6 0.00  0.0    0  7.8 17 110   M    M   2        21 110
 3  81  69  75   2   0  10 0.00  0.0    0 10.9 18 110   M    M   2        23 140
 4  83  72  78   4   0  13 0.00  0.0    0 10.4 18 140   M    M   3        23 140
 5  84  68  76   2   0  11 0.00  0.0    0  6.2 15 120   M    M   2        20 120
 6  86  69  78   4   0  13 0.00  0.0    M  6.1 14 130   M    M   0         M  M
 7  89  75  82   8   0  17 0.00  0.0    0 11.5 21 150   M    M   2        26 140
 8  92  67  80   6   0  15 0.10  0.0    0 13.8 30 220   M    M   7 1      40 210
 9  78  65  72  -2   0   7 0.00  0.0    0  9.8 23 270   M    M   5        30 270
10  79  64  72  -2   0   7 0.00  0.0    0 10.2 21 100   M    M   4        28  90
11  81  65  73  -1   0   8 0.03  0.0    0  9.2 18  90   M    M   4        24  80
12  83  70  77   3   0  12 0.00  0.0    0 10.7 21  60   M    M   4        29  70
13  78  71  75   1   0  10 1.54  0.0    0 11.2 23  90   M    M   8 1      37  60
14  86  74  80   5   0  15 0.00  0.0    0  9.6 17 120   M    M   4        22 120
15  88  72  80   5   0  15 0.73  0.0    0  7.1 22 270   M    M   2 13     30 270
16  82  71  77   2   0  12 2.90  0.0    0  8.6 23  80   M    M   7 13     28  80
17  81  72  77   2   0  12 0.71  0.0    0 11.6 22  80   M    M   6 1      27  80
================================================================================
SM 1410 1165         0 188  6.01     0.0 160.8          M       63
================================================================================
AV 82.9 68.5                               9.5 FASTST   M    M   4    MAX(MPH)
                                 MISC ---->  # 30 220               # 40  210
================================================================================
NOTES:
# LAST OF SEVERAL OCCURRENCES

COLUMN 17 PEAK WIND IN M.P.H.

PRELIMINARY LOCAL CLIMATOLOGICAL DATA (WS FORM: F-6) , PAGE 2

                                          STATION:  FORT LAUDERDALE EXEC ARPT
                                          MONTH:    APRIL
                                          YEAR:     2014
                                          LATITUDE:   26 12 N
                                          LONGITUDE:  80 11 W

[TEMPERATURE DATA]      [PRECIPITATION DATA]       SYMBOLS USED IN COLUMN 16

AVERAGE MONTHLY: 75.7   TOTAL FOR MONTH:   6.01    1 = FOG OR MIST
DPTR FM NORMAL:   1.7   DPTR FM NORMAL:    4.04    2 = FOG REDUCING VISIBILITY
HIGHEST:    92 ON  8    GRTST 24HR  3.50 ON 16-17      TO 1/4 MILE OR LESS
LOWEST:     60 ON  1                               3 = THUNDER
                        SNOW, ICE PELLETS, HAIL    4 = ICE PELLETS
                        TOTAL MONTH:   0.0 INCH    5 = HAIL
                        GRTST 24HR     0.0         6 = FREEZING RAIN OR DRIZZLE
                        GRTST DEPTH:   0           7 = DUSTSTORM OR SANDSTORM:
                                                       VSBY 1/2 MILE OR LESS
                                                   8 = SMOKE OR HAZE
[NO. OF DAYS WITH]      [WEATHER - DAYS WITH]      9 = BLOWING SNOW
                                                   X = TORNADO
MAX 32 OR BELOW:   0    0.01 INCH OR MORE:   6
MAX 90 OR ABOVE:   1    0.10 INCH OR MORE:   5
MIN 32 OR BELOW:   0    0.50 INCH OR MORE:   4
MIN  0 OR BELOW:   0    1.00 INCH OR MORE:   2

[HDD (BASE 65) ]
TOTAL THIS MO.     0    CLEAR  (SCALE 0-3)   8
DPTR FM NORMAL     0    PTCLDY (SCALE 4-7)   9
TOTAL FM JUL 1    91    CLOUDY (SCALE 8-10)  0
DPTR FM NORMAL   -77

[CDD (BASE 65) ]
TOTAL THIS MO.   188
DPTR FM NORMAL    32    [PRESSURE DATA]
TOTAL FM JAN 1   819    HIGHEST SLP M ON M
DPTR FM NORMAL   190    LOWEST  SLP 29.78 ON  8

[REMARKS]
