000
CXUS52 KMFL 221000
CF6FXE
PRELIMINARY LOCAL CLIMATOLOGICAL DATA (WS FORM: F-6)

                                          STATION:   FORT LAUDERDALE EXEC ARPT
                                          MONTH:     NOVEMBER
                                          YEAR:      2017
                                          LATITUDE:   26 12 N
                                          LONGITUDE:  80 11 W

  TEMPERATURE IN F:       :PCPN:    SNOW:  WIND      :SUNSHINE: SKY     :PK WND
================================================================================
1   2   3   4   5  6A  6B    7    8   9   10  11  12  13   14  15   16   17  18
                                     12Z  AVG MX 2MIN
DY MAX MIN AVG DEP HDD CDD  WTR  SNW DPTH SPD SPD DIR MIN PSBL S-S WX    SPD DR
================================================================================

 1  81  63  72  -4   0   7 0.00  0.0    0  6.1 15  70   M    M   3        18  80
 2  83  66  75  -1   0  10    T  0.0    0  7.8 18  70   M    M   3        23  80
 3  83  67  75  -1   0  10 0.02  0.0    0  5.6 15  20   M    M   4 1      21  30
 4  84  71  78   3   0  13 0.07  0.0    0  6.5 16  30   M    M   4 1      21  40
 5  85  69  77   2   0  12 0.00  0.0    0  5.8 14  70   M    M   2        19  40
 6  84  64  74  -1   0   9    T  0.0    0  5.0 14  80   M    M   3 18     23  80
 7  84  71  78   3   0  13 0.00  0.0    0  5.7 14  80   M    M   2        21  90
 8  84  70  77   2   0  12 0.00  0.0    0  6.3 15  60   M    M   1        19  70
 9  85  72  79   5   0  14 0.00  0.0    0  6.1 14  90   M    M   3        19  80
10  85  69  77   3   0  12 1.35  0.0    0  7.4 18  50   M    M   4 1      24  50
11  82  73  78   4   0  13 0.07  0.0    0 13.2 20  60   M    M   4 1      25  50
12  83  75  79   5   0  14 0.06  0.0    0 14.2 22  70   M    M   7 13     29  70
13  83  74  79   5   0  14 0.16  0.0    0 10.6 17  60   M    M   6 1      23  60
14  83  73  78   4   0  13    T  0.0    0  9.3 18  30   M    M   3        26  50
15  81  69  75   1   0  10 0.31  0.0    0  8.1 22  30   M    M   5 1      31  40
16  81  68  75   2   0  10 0.13  0.0    0  6.9 13  10   M    M   4 1      18  20
17  79  66  73   0   0   8 0.00  0.0    0  7.1 18  40   M    M   3        23  50
18  81  61  71  -2   0   6 0.00  0.0    0  4.5 13  80   M    M   3        18  70
19  81  62  72  -1   0   7 0.00  0.0    0  4.2 14 260   M    M   0        16 260
20  79  68  74   1   0   9 0.04  0.0    0 10.9 21  70   M    M   5        26  60
21  84  68  76   3   0  11 2.40  0.0    0  6.3 20 120   M    M   6 13     26  70
================================================================================
SM 1735 1439         0 227  4.61     0.0 157.6          M       75
================================================================================
AV 82.6 68.5                               7.5 FASTST   M    M   4    MAX(MPH)
                                 MISC ---->  # 22  70               # 31   40
================================================================================
NOTES:
# LAST OF SEVERAL OCCURRENCES

COLUMN 17 PEAK WIND IN M.P.H.

PRELIMINARY LOCAL CLIMATOLOGICAL DATA (WS FORM: F-6) , PAGE 2

                                          STATION:  FORT LAUDERDALE EXEC ARPT
                                          MONTH:    NOVEMBER
                                          YEAR:     2017
                                          LATITUDE:   26 12 N
                                          LONGITUDE:  80 11 W

[TEMPERATURE DATA]      [PRECIPITATION DATA]       SYMBOLS USED IN COLUMN 16

AVERAGE MONTHLY: 75.6   TOTAL FOR MONTH:   4.61    1 = FOG OR MIST
DPTR FM NORMAL:   1.3   DPTR FM NORMAL:    1.95    2 = FOG REDUCING VISIBILITY
HIGHEST:    85 ON 10, 9 GRTST 24HR  2.40 ON 21-21      TO 1/4 MILE OR LESS
LOWEST:     61 ON 18                               3 = THUNDER
                        SNOW, ICE PELLETS, HAIL    4 = ICE PELLETS
                        TOTAL MONTH:   0.0 INCH    5 = HAIL
                        GRTST 24HR     0.0         6 = FREEZING RAIN OR DRIZZLE
                        GRTST DEPTH:   0           7 = DUSTSTORM OR SANDSTORM:
                                                       VSBY 1/2 MILE OR LESS
                                                   8 = SMOKE OR HAZE
[NO. OF DAYS WITH]      [WEATHER - DAYS WITH]      9 = BLOWING SNOW
                                                   X = TORNADO
MAX 32 OR BELOW:   0    0.01 INCH OR MORE:  10
MAX 90 OR ABOVE:   0    0.10 INCH OR MORE:   5
MIN 32 OR BELOW:   0    0.50 INCH OR MORE:   2
MIN  0 OR BELOW:   0    1.00 INCH OR MORE:   2

[HDD (BASE 65) ]
TOTAL THIS MO.     0    CLEAR  (SCALE 0-3)   8
DPTR FM NORMAL     0    PTCLDY (SCALE 4-7)  13
TOTAL FM JUL 1     3    CLOUDY (SCALE 8-10)  0
DPTR FM NORMAL     3

[CDD (BASE 65) ]
TOTAL THIS MO.   227
DPTR FM NORMAL    31    [PRESSURE DATA]
TOTAL FM JAN 1  4594    HIGHEST SLP M ON M
DPTR FM NORMAL   623    LOWEST  SLP 29.85 ON 15

[REMARKS]
