351
CXUS54 KTSA 260840
CF6FYV
PRELIMINARY LOCAL CLIMATOLOGICAL DATA (WS FORM: F-6)

                                          STATION:   FAYETTEVILLE ARKANSAS
                                          MONTH:     AUGUST
                                          YEAR:      2016
                                          LATITUDE:   36  0 N
                                          LONGITUDE:  94 10 W

  TEMPERATURE IN F:       :PCPN:    SNOW:  WIND      :SUNSHINE: SKY     :PK WND
================================================================================
1   2   3   4   5  6A  6B    7    8   9   10  11  12  13   14  15   16   17  18
                                     12Z  AVG MX 2MIN
DY MAX MIN AVG DEP HDD CDD  WTR  SNW DPTH SPD SPD DIR MIN PSBL S-S WX    SPD DR
================================================================================

 1  91  74  83   5   0  18 0.00  0.0    0  6.0 16 210   M    M   0        21 210
 2  92  69  81   3   0  16 0.00  0.0    0  6.2 14 170   M    M   0        18 200
 3  93  68  81   3   0  16 0.00  0.0    0  4.2 12 170   M    M   0        14 160
 4  94  70  82   4   0  17 0.00  0.0    0  3.5 13 250   M    M   0 1      16 200
 5  93  72  83   5   0  18 0.40  0.0    0  5.0 30 260   M    M   2 13     40 270
 6  89  72  81   3   0  16    T  0.0    0  4.0 18 300   M    M   1        23 300
 7  83  70  77  -1   0  12 0.27  0.0    0  2.6 15  70   M    M   1 13     20  60
 8  87  70  79   1   0  14    T  0.0    0  2.8 14 190   M    M   4 13     16 200
 9  90  69  80   2   0  15 0.01  0.0    0  3.3 17 180   M    M   2 3      20 170
10  92  67  80   2   0  15 0.00  0.0    0  2.9  8 150   M    M   0 1      11 230
11  93  71  82   4   0  17 0.00  0.0    0  3.8 13 120   M    M   0 1      16 210
12  91  73  82   4   0  17 0.02  0.0    0  3.6 13 300   M    M   3 13     16 170
13  86  71  79   1   0  14 0.01  0.0    0  4.6 14 360   M    M   6 1      20 360
14  79  67  73  -5   0   8 0.06  0.0    0  6.3 18  70   M    M   8 1      25  80
15  75  65  70  -8   0   5 0.04  0.0    0  2.5 10 290   M    M   8 12     12 320
16  85  61  73  -5   0   8 0.00  0.0    0  3.5 10 130   M    M   4 12     13  90
17  87  64  76  -1   0  11 0.00  0.0    0  3.7 13 170   M    M   3 1      17 170
18  80  65  73  -4   0   8 0.10  0.0    0  4.4 16 200   M    M   7 1      21 170
19  86  70  78   1   0  13    T  0.0    0  8.1 20 200   M    M   6 1      25 180
20  75  62  69  -8   0   4 0.06  0.0    0  3.2 13 330   M    M   7 12     16 330
21  81  54  68  -9   0   3 0.00  0.0    0  2.0 13  60   M    M   3 12     17  60
22  82  51  67 -10   0   2 0.00  0.0    0  4.5 14 160   M    M   1 1      20 170
23  85  70  78   2   0  13    T  0.0    0 11.0 21 170   M    M   3        26 170
24  90  72  81   5   0  16 0.00  0.0    0 10.4 18 180   M    M   0        25 180
25  91  64  78   2   0  13 0.00  0.0    0  5.6 18 180   M    M   1 1      22 180
================================================================================
SM 2170 1681         0 309  0.97     0.0 117.7          M       70
================================================================================
AV 86.8 67.2                               4.7 FASTST   M    M   3    MAX(MPH)
                                 MISC ---->  # 30 260               # 40  270
================================================================================
NOTES:
# LAST OF SEVERAL OCCURRENCES

COLUMN 17 PEAK WIND IN M.P.H.

PRELIMINARY LOCAL CLIMATOLOGICAL DATA (WS FORM: F-6) , PAGE 2

                                          STATION:  FAYETTEVILLE ARKANSAS
                                          MONTH:    AUGUST
                                          YEAR:     2016
                                          LATITUDE:   36  0 N
                                          LONGITUDE:  94 10 W

[TEMPERATURE DATA]      [PRECIPITATION DATA]       SYMBOLS USED IN COLUMN 16

AVERAGE MONTHLY: 77.0   TOTAL FOR MONTH:   0.97    1 = FOG OR MIST
DPTR FM NORMAL:  -0.5   DPTR FM NORMAL:   -1.60    2 = FOG REDUCING VISIBILITY
HIGHEST:    94 ON  4    GRTST 24HR  0.40 ON  5- 5      TO 1/4 MILE OR LESS
LOWEST:     51 ON 22                               3 = THUNDER
                        SNOW, ICE PELLETS, HAIL    4 = ICE PELLETS
                        TOTAL MONTH:   0.0 INCH    5 = HAIL
                        GRTST 24HR     0.0         6 = FREEZING RAIN OR DRIZZLE
                        GRTST DEPTH:   0           7 = DUSTSTORM OR SANDSTORM:
                                                       VSBY 1/2 MILE OR LESS
                                                   8 = SMOKE OR HAZE
[NO. OF DAYS WITH]      [WEATHER - DAYS WITH]      9 = BLOWING SNOW
                                                   X = TORNADO
MAX 32 OR BELOW:   0    0.01 INCH OR MORE:   9
MAX 90 OR ABOVE:  11    0.10 INCH OR MORE:   3
MIN 32 OR BELOW:   0    0.50 INCH OR MORE:   0
MIN  0 OR BELOW:   0    1.00 INCH OR MORE:   0

[HDD (BASE 65) ]
TOTAL THIS MO.     0    CLEAR  (SCALE 0-3)  16
DPTR FM NORMAL     0    PTCLDY (SCALE 4-7)   9
TOTAL FM JUL 1     0    CLOUDY (SCALE 8-10)  0
DPTR FM NORMAL     0

[CDD (BASE 65) ]
TOTAL THIS MO.   309
DPTR FM NORMAL    -5    [PRESSURE DATA]
TOTAL FM JAN 1  1148    HIGHEST SLP M ON M
DPTR FM NORMAL    85    LOWEST  SLP 29.78 ON 12

[REMARKS]
