000
CXUS54 KOUN 240800
CF6GAG
PRELIMINARY LOCAL CLIMATOLOGICAL DATA (WS FORM: F-6)

                                          STATION:   GAGE
                                          MONTH:     APRIL
                                          YEAR:      2014
                                          LATITUDE:   36 17 N
                                          LONGITUDE:  99 46 W

  TEMPERATURE IN F:       :PCPN:    SNOW:  WIND      :SUNSHINE: SKY     :PK WND
================================================================================
1   2   3   4   5  6A  6B    7    8   9   10  11  12  13   14  15   16   17  18
                                     12Z  AVG MX 2MIN
DY MAX MIN AVG DEP HDD CDD  WTR  SNW DPTH SPD SPD DIR MIN PSBL S-S WX    SPD DR
================================================================================

 1  65  32  49  -3  16   0 0.00  0.0    0  9.8 17 150   M    M   2        23  30
 2  91  36  64  12   1   0 0.00  0.0    0 13.6 30 190   M    M   1 18     39 230
 3  68  36  52  -1  13   0 0.00  0.0    0 15.3 32 320   M    M   3 1      41 320
 4  64  26  45  -8  20   0 0.00  0.0    0  6.9 15  20   M    M   0        18 340
 5  69  40  55   2  10   0 0.14  0.0    0 13.1 25 160   M    M   4 1      32 110
 6  59  40  50  -4  15   0    T  0.0    0  4.6 15 140   M    M   5        20 140
 7  66  35  51  -3  14   0    T  0.0    0 11.5 31 350   M    M   4 13     41 340
 8  71  33  52  -2  13   0 0.00  0.0    0 10.9 26 320   M    M   1        35 350
 9  90  41  66  11   0   1 0.00  0.0    0 14.3 29 200   M    M   0        37 190
10  78  48  63   8   2   0 0.00  0.0    0 13.6 24 360   M    M   0        31 360
11  82  39  61   6   4   0 0.00  0.0    0  9.2 17 140   M    M   0        22 140
12  96  58  77  21   0  12 0.00  0.0    0 18.8 36 190   M    M   0        45 180
13  75  36  56   0   9   0 0.00  0.0    0 21.7 33 340   M    M   4        43 360
14  48  28  38 -18  27   0    T    M    0 18.2 29 340   M    M   5 16     37 360
15  67  22  45 -11  20   0 0.00  0.0    0 15.0 29 180   M    M   0        38 170
16  74  46  60   3   5   0 0.00  0.0    0 16.1 36 180   M    M   0        43 180
17  53  42  48  -9  17   0    T  0.0    0 10.3 21  50   M    M   7        25  40
18  72  44  58   0   7   0 0.00  0.0    0 12.9 24 170   M    M   3        32 170
19  82  54  68  10   0   3 0.00  0.0    0 20.4 35 190   M    M   0        43 180
20  80  56  68  10   0   3 0.22  0.0    0 15.4 31 210   M    M   5 13     43 200
21  81  51  66   8   0   1 0.00  0.0    0  8.6 21  10   M    M   5        26  10
22  80  42  61   2   4   0 0.00  0.0    0 10.7 26 170   M    M   1        36 160
23  84  60  72  13   0   7 0.00  0.0    0 26.8 40 150   M    M   1        52 150
================================================================================
SM 1695  945       197  27  0.36     0.0 317.7          M       51
================================================================================
AV 73.7 41.1                              13.8 FASTST   M    M   2    MAX(MPH)
                                 MISC ---->  # 40 150               # 52  150
================================================================================
NOTES:
# LAST OF SEVERAL OCCURRENCES

COLUMN 17 PEAK WIND IN M.P.H.

PRELIMINARY LOCAL CLIMATOLOGICAL DATA (WS FORM: F-6) , PAGE 2

                                          STATION:  GAGE
                                          MONTH:    APRIL
                                          YEAR:     2014
                                          LATITUDE:   36 17 N
                                          LONGITUDE:  99 46 W

[TEMPERATURE DATA]      [PRECIPITATION DATA]       SYMBOLS USED IN COLUMN 16

AVERAGE MONTHLY: 57.4   TOTAL FOR MONTH:   0.36    1 = FOG OR MIST
DPTR FM NORMAL:   1.8   DPTR FM NORMAL:   -0.89    2 = FOG REDUCING VISIBILITY
HIGHEST:    96 ON 12    GRTST 24HR  0.22 ON 20-20      TO 1/4 MILE OR LESS
LOWEST:     22 ON 15                               3 = THUNDER
                        SNOW, ICE PELLETS, HAIL    4 = ICE PELLETS
                        TOTAL MONTH:   0.0 INCH    5 = HAIL
                        GRTST 24HR     0.0         6 = FREEZING RAIN OR DRIZZLE
                        GRTST DEPTH:   0           7 = DUSTSTORM OR SANDSTORM:
                                                       VSBY 1/2 MILE OR LESS
                                                   8 = SMOKE OR HAZE
[NO. OF DAYS WITH]      [WEATHER - DAYS WITH]      9 = BLOWING SNOW
                                                   X = TORNADO
MAX 32 OR BELOW:   0    0.01 INCH OR MORE:   2
MAX 90 OR ABOVE:   3    0.10 INCH OR MORE:   2
MIN 32 OR BELOW:   4    0.50 INCH OR MORE:   0
MIN  0 OR BELOW:   0    1.00 INCH OR MORE:   0

[HDD (BASE 65) ]
TOTAL THIS MO.   197    CLEAR  (SCALE 0-3)  15
DPTR FM NORMAL   -38    PTCLDY (SCALE 4-7)   8
TOTAL FM JUL 1  4418    CLOUDY (SCALE 8-10)  0
DPTR FM NORMAL   158

[CDD (BASE 65) ]
TOTAL THIS MO.    27
DPTR FM NORMAL     7    [PRESSURE DATA]
TOTAL FM JAN 1    28    HIGHEST SLP M ON M
DPTR FM NORMAL     3    LOWEST  SLP 29.34 ON 13

[REMARKS]
