000
CXUS53 KUNR 230945
CF6GCC
PRELIMINARY LOCAL CLIMATOLOGICAL DATA (WS FORM: F-6)

                                          STATION:   GILLETTE AIRPORT WY
                                          MONTH:     JANUARY
                                          YEAR:      2018
                                          LATITUDE:   44 20 N
                                          LONGITUDE: 105 32 W

  TEMPERATURE IN F:       :PCPN:    SNOW:  WIND      :SUNSHINE: SKY     :PK WND
================================================================================
1   2   3   4   5  6A  6B    7    8   9   10  11  12  13   14  15   16   17  18
                                     12Z  AVG MX 2MIN
DY MAX MIN AVG DEP HDD CDD  WTR  SNW DPTH SPD SPD DIR MIN PSBL S-S WX    SPD DR
================================================================================

 1  13 -11   1 -24  64   0 0.00    M    M  8.7 21 150   M    M   2 18     26 160
 2  32   5  19  -6  46   0 0.00    M    M 12.3 22 300   M    M   0        27 300
 3  38  16  27   2  38   0 0.00    M    M  5.4 17 260   M    M   3        19 260
 4  42  16  29   4  36   0 0.00    M    M  5.5 16 270   M    M   0 8      19 260
 5  47  13  30   4  35   0 0.00    M    M  3.8 14 220   M    M   6        16 220
 6  49  33  41  15  24   0 0.06    M    M  8.3 23 340   M    M   3        28 350
 7  44  27  36  10  29   0 0.00    M    M  8.9 18 300   M    M   0        22 300
 8  48  25  37  11  28   0 0.00    M    M  4.2 18 220   M    M   0        23 200
 9  53  33  43  17  22   0 0.00    M    M 20.6 35 230   M    M   0        42 220
10  45   3  24  -2  41   0 0.11    M    M 15.1 32 330   M    M   7 126    37 320
11  17   1   9 -17  56   0 0.00    M    M  5.7 18 170   M    M   5 8      21 160
12  20  -2   9 -17  56   0 0.02    M    M  8.9 20 160   M    M  10 128    22 160
13  37  20  29   3  36   0 0.03    M    M 11.9 20 300   M    M   9 1      23 300
14  38  10  24  -2  41   0 0.07    M    M 15.8 23 340   M    M   7 18     27 320
15  10 -17  -3 -29  68   0 0.00    M    M  5.0 14 170   M    M   1 128    17 320
16   M   M   M   M   M   M 0.00    M    M 12.6 17 170   M    M   0 8       M  M
17  41  11  26   0  39   0 0.00    M    M  7.3 12 180   M    M   0         M  M
18   M  44   M   M   M   M 0.00    M    M 23.0 27 220   M    M   0        38 230
19  48  33  41  15  24   0 0.10    M    M  9.2 38 210   M    M   4 1      46 220
20  33  24  29   3  36   0 0.11    M    M  6.5 16 360   M    M   9 1      19  10
21  32  16  24  -2  41   0 0.00    M    M  6.4 15 240   M    M   5        16 240
22  31  15  23  -3  42   0 0.00    M    M 10.3 18 250   M    M   2        21 250
================================================================================
SM  718  315       802   0  0.50    M    215.4          M       73
================================================================================
AV 35.9 15.0                               9.8 FASTST   M    M   3    MAX(MPH)
                                 MISC ---->  # 38 210               # 46  220
================================================================================
NOTES:
# LAST OF SEVERAL OCCURRENCES

COLUMN 17 PEAK WIND IN M.P.H.

PRELIMINARY LOCAL CLIMATOLOGICAL DATA (WS FORM: F-6) , PAGE 2

                                          STATION:  GILLETTE AIRPORT WY
                                          MONTH:    JANUARY
                                          YEAR:     2018
                                          LATITUDE:   44 20 N
                                          LONGITUDE: 105 32 W

[TEMPERATURE DATA]      [PRECIPITATION DATA]       SYMBOLS USED IN COLUMN 16

AVERAGE MONTHLY: 25.5   TOTAL FOR MONTH:   0.50    1 = FOG OR MIST
DPTR FM NORMAL:  -0.4   DPTR FM NORMAL:    0.26    2 = FOG REDUCING VISIBILITY
HIGHEST:    53 ON  9    GRTST 24HR  0.11 ON 20-20      TO 1/4 MILE OR LESS
LOWEST:    -17 ON 15                               3 = THUNDER
                        SNOW, ICE PELLETS, HAIL    4 = ICE PELLETS
                        TOTAL MONTH:    M          5 = HAIL
                        GRTST 24HR    M  ON   M    6 = FREEZING RAIN OR DRIZZLE
                        GRTST DEPTH:  M  ON   M    7 = DUSTSTORM OR SANDSTORM:
                                                       VSBY 1/2 MILE OR LESS
                                                   8 = SMOKE OR HAZE
[NO. OF DAYS WITH]      [WEATHER - DAYS WITH]      9 = BLOWING SNOW
                                                   X = TORNADO
MAX 32 OR BELOW:   7    0.01 INCH OR MORE:   7
MAX 90 OR ABOVE:   0    0.10 INCH OR MORE:   3
MIN 32 OR BELOW:  17    0.50 INCH OR MORE:   0
MIN  0 OR BELOW:   3    1.00 INCH OR MORE:   0

[HDD (BASE 65) ]
TOTAL THIS MO.   802    CLEAR  (SCALE 0-3)  12
DPTR FM NORMAL   -61    PTCLDY (SCALE 4-7)   7
TOTAL FM JUL 1  3844    CLOUDY (SCALE 8-10)  3
DPTR FM NORMAL  -160

[CDD (BASE 65) ]
TOTAL THIS MO.     0
DPTR FM NORMAL     0    [PRESSURE DATA]
TOTAL FM JAN 1     0    HIGHEST SLP M ON M
DPTR FM NORMAL     0    LOWEST  SLP 29.16 ON 10

[REMARKS]
