000
CXUS56 KFGZ 300900
CF6GCN
PRELIMINARY LOCAL CLIMATOLOGICAL DATA (WS FORM: F-6)

                                          STATION:   GRAND CANYON AZ AIRPORT
                                          MONTH:     JUNE
                                          YEAR:      2015
                                          LATITUDE:   35 57 N
                                          LONGITUDE: 112  9 W

  TEMPERATURE IN F:       :PCPN:    SNOW:  WIND      :SUNSHINE: SKY     :PK WND
================================================================================
1   2   3   4   5  6A  6B    7    8   9   10  11  12  13   14  15   16   17  18
                                     12Z  AVG MX 2MIN
DY MAX MIN AVG DEP HDD CDD  WTR  SNW DPTH SPD SPD DIR MIN PSBL S-S WX    SPD DR
================================================================================

 1  82  38  60   5   5   0 0.00    M    M  9.8 29 220   M    M   0        38 220
 2  80  33  57   2   8   0 0.00    M    M  8.8 26 220   M    M   0        36 230
 3  77  29  53  -3  12   0 0.00    M    M  9.4 29 210   M    M   0 8      37 210
 4  78  29  54  -2  11   0 0.00    M    M 10.9 26 180   M    M   0 8      38 210
 5  73  42  58   2   7   0 0.02    M    M  9.9 26 180   M    M   4 38     35 180
 6  76  41  59   3   6   0 0.01    M    M  8.6 25 220   M    M   4 18     35 180
 7  77  33  55  -2  10   0 0.00    M    M  6.6 15  60   M    M   1 8      25  10
 8  83  51  67  10   0   2 0.00    M    M  6.8 21 220   M    M   0 8      26 220
 9  71  52  62   5   3   0 0.44    M    M  3.6 15 210   M    M   7 18     22 230
10  71  53  62   5   3   0 1.02    M    M  6.5 18 230   M    M   7 1      24 240
11  70  49  60   2   5   0 0.06    M    M  4.8 20 250   M    M   3        25 250
12  75  45  60   2   5   0    T    M    M  4.6 14  50   M    M   4 35     17  50
13  77  46  62   4   3   0 0.00    M    M  4.3 17 330   M    M   2 3      26  20
14   M   M   M   M   M   M    M    M    M   M   M   M   M    M   M 3       M  M
15  85  46  66   7   0   1 0.00    M    M  4.2 15 240   M    M   1        21 250
16  87  45  66   7   0   1 0.00    M    M  8.1 26 220   M    M   0        36 240
17  87  41  64   5   1   0 0.00    M    M  6.5 22 230   M    M   0        30 250
18  88  42  65   5   0   0 0.00    M    M  4.9 15 210   M    M   0        24 210
19  90  41  66   6   0   1 0.00    M    M  6.0 13 240   M    M   0        25 250
20  92  38  65   5   0   0 0.00    M    M  2.8 16 230   M    M   0 8      24 300
21  91  39  65   4   0   0 0.00    M    M  7.1 25 220   M    M   0        32 220
22  90  40  65   4   0   0 0.00    M    M  5.5 21 240   M    M   0        29 250
23  92  44  68   7   0   3 0.00    M    M  6.0 28 210   M    M   0        36 220
24  91  46  69   8   0   4 0.00    M    M  4.2 17 220   M    M   0        27 270
25  91  45  68   6   0   3 0.00    M    M  3.1 14  40   M    M   0        20  40
26  92  47  70   8   0   5 0.00    M    M  2.1 13  30   M    M   0        19  30
27  91  45  68   6   0   3 0.00    M    M  5.4 17 190   M    M   0        29 280
28  88  50  69   7   0   4    T    M    M  4.0 21 230   M    M   1 3      27 230
29  88  49  69   6   0   4 0.24    M    M  4.1 22 190   M    M   2 3      29 210
================================================================================
SM 2333 1199        79  31  1.79    M    168.6          M       36
================================================================================
AV 83.3 42.8                               6.0 FASTST   M    M   1    MAX(MPH)
                                 MISC ---->  # 29 220               # 38  220
================================================================================
NOTES:
# LAST OF SEVERAL OCCURRENCES

COLUMN 17 PEAK WIND IN M.P.H.

PRELIMINARY LOCAL CLIMATOLOGICAL DATA (WS FORM: F-6) , PAGE 2

                                          STATION:  GRAND CANYON AZ AIRPORT
                                          MONTH:    JUNE
                                          YEAR:     2015
                                          LATITUDE:   35 57 N
                                          LONGITUDE: 112  9 W

[TEMPERATURE DATA]      [PRECIPITATION DATA]       SYMBOLS USED IN COLUMN 16

AVERAGE MONTHLY: 63.1   TOTAL FOR MONTH:   1.79    1 = FOG OR MIST
DPTR FM NORMAL:   4.2   DPTR FM NORMAL:    1.50    2 = FOG REDUCING VISIBILITY
HIGHEST:    92 ON 26,23 GRTST 24HR  1.46 ON  9-10      TO 1/4 MILE OR LESS
LOWEST:     29 ON  4, 3                            3 = THUNDER
                        SNOW, ICE PELLETS, HAIL    4 = ICE PELLETS
                        TOTAL MONTH:    M          5 = HAIL
                        GRTST 24HR    M  ON   M    6 = FREEZING RAIN OR DRIZZLE
                        GRTST DEPTH:  M  ON   M    7 = DUSTSTORM OR SANDSTORM:
                                                       VSBY 1/2 MILE OR LESS
                                                   8 = SMOKE OR HAZE
[NO. OF DAYS WITH]      [WEATHER - DAYS WITH]      9 = BLOWING SNOW
                                                   X = TORNADO
MAX 32 OR BELOW:   0    0.01 INCH OR MORE:   6
MAX 90 OR ABOVE:   9    0.10 INCH OR MORE:   3
MIN 32 OR BELOW:   2    0.50 INCH OR MORE:   1
MIN  0 OR BELOW:   0    1.00 INCH OR MORE:   1

[HDD (BASE 65) ]
TOTAL THIS MO.    79    CLEAR  (SCALE 0-3)  23
DPTR FM NORMAL  -103    PTCLDY (SCALE 4-7)   5
TOTAL FM JUL 1  6026    CLOUDY (SCALE 8-10)  0
DPTR FM NORMAL -1178

[CDD (BASE 65) ]
TOTAL THIS MO.    31
DPTR FM NORMAL    30    [PRESSURE DATA]
TOTAL FM JAN 1    31    HIGHEST SLP M ON M
DPTR FM NORMAL    30    LOWEST  SLP 29.78 ON M

[REMARKS]
