000
CXUS54 KFWD 220730
CF6GDJ
PRELIMINARY LOCAL CLIMATOLOGICAL DATA (WS FORM: F-6)

                                          STATION:   GRANBURY
                                          MONTH:     SEPTEMBER
                                          YEAR:      2017
                                          LATITUDE:   32 26 N
                                          LONGITUDE:  97 48 W

  TEMPERATURE IN F:       :PCPN:    SNOW:  WIND      :SUNSHINE: SKY     :PK WND
================================================================================
1   2   3   4   5  6A  6B    7    8   9   10  11  12  13   14  15   16   17  18
                                     12Z  AVG MX 2MIN
DY MAX MIN AVG DEP HDD CDD  WTR  SNW DPTH SPD SPD DIR MIN PSBL S-S WX    SPD DR
================================================================================

 1  89  62  76  -6   0  11 0.00  0.0    0  0.5  5  70   M    M   0         M  M
 2  94  66  80  -2   0  15 0.00  0.0    0  3.1  8 140   M    M   1         M  M
 3  94  68  81   0   0  16 0.00  0.0    0  3.6  8 160   M    M   0         M  M
 4  94  70  82   1   0  17 0.00  0.0    0  4.3 10 170   M    M   0         M  M
 5  92  67  80  -1   0  15 0.00  0.0    0  5.6 13 360   M    M   1        21 360
 6  84  58  71  -9   0   6 0.00  0.0    0  4.3 10 340   M    M   1        20 340
 7  86  52  69 -11   0   4 0.00  0.0    0  3.6  9  90   M    M   0         M  M
 8  85  53  69 -10   0   4 0.00  0.0    0  4.4 13 110   M    M   0        18 110
 9  87  55  71  -8   0   6 0.00  0.0    0  3.0  9  60   M    M   0        10 110
10  86  56  71  -8   0   6 0.00  0.0    0  3.4  9  60   M    M   0         M  M
11  85  56  71  -7   0   6 0.00  0.0    0  2.6 10 350   M    M   1        18 360
12  89  55  72  -6   0   7 0.00  0.0    0  3.2 10 320   M    M   0        18 330
13  92  54  73  -4   0   8 0.00  0.0    0  1.9  7 120   M    M   0         M  M
14  99  68  84   7   0  19 0.00  0.0    0  8.3 12 140   M    M   0        21 130
15  95  72  84   8   0  19 0.00  0.0    0 10.3 15 150   M    M   1        21 130
16  97  72  85   9   0  20 0.00  0.0    0  8.9 13 150   M    M   0        20 140
17  95  73  84   8   0  19 0.00  0.0    0  6.0 10 100   M    M   0         M  M
18  95  67  81   6   0  16 0.00  0.0    0  4.2 10 130   M    M   0        16 130
19  99  75  87  12   0  22 0.00  0.0    0  9.7 17 150   M    M   2        24 150
20 100  78  89  15   0  24 0.00  0.0    0 11.5 17 130   M    M   1        23 140
21  96  79  88  14   0  23 0.00  0.0    0 10.6 15 140   M    M   2        23 140
================================================================================
SM 1933 1356         0 283  0.00     0.0 113.0          M       10
================================================================================
AV 92.1 64.6                               5.4 FASTST   M    M   0    MAX(MPH)
                                 MISC ---->    17   M                 24    M
================================================================================
NOTES:
# LAST OF SEVERAL OCCURRENCES

COLUMN 17 PEAK WIND IN M.P.H.

PRELIMINARY LOCAL CLIMATOLOGICAL DATA (WS FORM: F-6) , PAGE 2

                                          STATION:  GRANBURY
                                          MONTH:    SEPTEMBER
                                          YEAR:     2017
                                          LATITUDE:   32 26 N
                                          LONGITUDE:  97 48 W

[TEMPERATURE DATA]      [PRECIPITATION DATA]       SYMBOLS USED IN COLUMN 16

AVERAGE MONTHLY: 78.3   TOTAL FOR MONTH:   0.00    1 = FOG OR MIST
DPTR FM NORMAL:   0.2   DPTR FM NORMAL:       M    2 = FOG REDUCING VISIBILITY
HIGHEST:   100 ON 20    GRTST 24HR  0.00 ON 21-21      TO 1/4 MILE OR LESS
LOWEST:     52 ON  7                               3 = THUNDER
                        SNOW, ICE PELLETS, HAIL    4 = ICE PELLETS
                        TOTAL MONTH:   0.0 INCH    5 = HAIL
                        GRTST 24HR     0.0         6 = FREEZING RAIN OR DRIZZLE
                        GRTST DEPTH:   0           7 = DUSTSTORM OR SANDSTORM:
                                                       VSBY 1/2 MILE OR LESS
                                                   8 = SMOKE OR HAZE
[NO. OF DAYS WITH]      [WEATHER - DAYS WITH]      9 = BLOWING SNOW
                                                   X = TORNADO
MAX 32 OR BELOW:   0    0.01 INCH OR MORE:   0
MAX 90 OR ABOVE:  13    0.10 INCH OR MORE:   0
MIN 32 OR BELOW:   0    0.50 INCH OR MORE:   0
MIN  0 OR BELOW:   0    1.00 INCH OR MORE:   0

[HDD (BASE 65) ]
TOTAL THIS MO.     0    CLEAR  (SCALE 0-3)  21
DPTR FM NORMAL     0    PTCLDY (SCALE 4-7)   0
TOTAL FM JUL 1     0    CLOUDY (SCALE 8-10)  0
DPTR FM NORMAL     0

[CDD (BASE 65) ]
TOTAL THIS MO.   283
DPTR FM NORMAL     6    [PRESSURE DATA]
TOTAL FM JAN 1  2580    HIGHEST SLP M ON M
DPTR FM NORMAL   372    LOWEST  SLP M ON M

[REMARKS]
