000
CXUS56 KOTX 011500
CF6GEG
PRELIMINARY LOCAL CLIMATOLOGICAL DATA (WS FORM: F-6)

                                          STATION:   SPOKANE WA AIRPORT
                                          MONTH:     APRIL
                                          YEAR:      2016
                                          LATITUDE:   47 37 N
                                          LONGITUDE: 117 32 W

  TEMPERATURE IN F:       :PCPN:    SNOW:  WIND      :SUNSHINE: SKY     :PK WND
================================================================================
1   2   3   4   5  6A  6B    7    8   9   10  11  12  13   14  15   16   17  18
                                     12Z  AVG MX 2MIN
DY MAX MIN AVG DEP HDD CDD  WTR  SNW DPTH SPD SPD DIR MIN PSBL S-S WX    SPD DR
================================================================================

 1  68  42  55  11  10   0 0.00  0.0    0  6.1 13 250   M    M   1        17 240
 2  68  45  57  13   8   0 0.00  0.0    0 11.9 26 230   M    M   3        30 230
 3  64  41  53   8  12   0 0.00  0.0    0  6.6 16 220   M    M   6        20 220
 4  54  38  46   1  19   0 0.13  0.0    0 17.7 35 250   M    M   7 15     42 250
 5  54  33  44  -1  21   0 0.00  0.0    0 12.5 23 230   M    M   6        31 230
 6  63  37  50   5  15   0 0.00  0.0    0  8.1 16 220   M    M   6        20 200
 7  74  40  57  12   8   0 0.00  0.0    0  7.4 14  40   M    M   2        17  50
 8  78  48  63  17   2   0 0.00  0.0    0  7.1 15 220   M    M   3        17 220
 9  74  48  61  15   4   0 0.00  0.0    0  8.1 18 260   M    M   2        23 260
10  70  44  57  11   8   0 0.00  0.0    0  5.4 10 260   M    M   1        14  40
11  67  44  56  10   9   0 0.00  0.0    0 10.4 22 210   M    M   2        26 240
12  61  46  54   8  11   0    T  0.0    0 12.3 23 240   M    M   8        29 200
13  55  42  49   3  16   0    T    M    0 11.8 23 210   M    M   9 1      30 200
14  51  41  46   0  19   0 0.05    M    0  9.1 20 200   M    M   9 1      24 200
15  56  33  45  -2  20   0 0.00  0.0    0  3.0 12 230   M    M   6 12     17 230
16  63  37  50   3  15   0 0.00  0.0    0  4.7 12 140   M    M   5        14 200
17  72  41  57  10   8   0 0.00  0.0    0  5.2 12  50   M    M   2        14  50
18  78  48  63  16   2   0 0.00  0.0    0  5.9 14  60   M    M   1        18  70
19  80  46  63  15   2   0 0.00  0.0    0  4.8 10 330   M    M   3        13  70
20  85  50  68  20   0   3 0.00  0.0    0  5.1 14  70   M    M   2        16  60
21  80  56  68  20   0   3 0.00  0.0    0  5.9 13 150   M    M   7        18 160
22  74  54  64  16   1   0    T  0.0    0  8.5 31 220   M    M   9        37 230
23  64  48  56   8   9   0 0.06  0.0    0 10.2 21 200   M    M   9        26 200
24  60  42  51   2  14   0 0.00  0.0    0 11.7 21 220   M    M   7        27 220
25  62  33  48  -1  17   0    T  0.0    0  5.5 13 340   M    M   6        16 340
26  63  38  51   2  14   0 0.00  0.0    0  6.2 13 160   M    M   4        18 170
27  65  44  55   5  10   0    T  0.0    0  4.5 18  80   M    M   7 3      24  80
28  66  45  56   6   9   0 0.01  0.0    0  7.2 15  90   M    M   8        18  90
29  52  47  50   0  15   0 0.07  0.0    0  4.0 10  90   M    M   9 1      15 110
30  64  46  55   5  10   0    T  0.0    0  4.7 15 100   M    M   6 1      18 120
================================================================================
SM 1985 1297       308   6  0.32     0.0 231.6          M      156
================================================================================
AV 66.2 43.2                               7.7 FASTST   M    M   5    MAX(MPH)
                                 MISC ---->  # 35 250               # 42  250
================================================================================
NOTES:
# LAST OF SEVERAL OCCURRENCES

COLUMN 17 PEAK WIND IN M.P.H.

PRELIMINARY LOCAL CLIMATOLOGICAL DATA (WS FORM: F-6) , PAGE 2

                                          STATION:  SPOKANE WA AIRPORT
                                          MONTH:    APRIL
                                          YEAR:     2016
                                          LATITUDE:   47 37 N
                                          LONGITUDE: 117 32 W

[TEMPERATURE DATA]      [PRECIPITATION DATA]       SYMBOLS USED IN COLUMN 16

AVERAGE MONTHLY: 54.7   TOTAL FOR MONTH:   0.32    1 = FOG OR MIST
DPTR FM NORMAL:   7.7   DPTR FM NORMAL:   -0.96    2 = FOG REDUCING VISIBILITY
HIGHEST:    85 ON 20    GRTST 24HR  0.13 ON  4- 4      TO 1/4 MILE OR LESS
LOWEST:     33 ON 25,15                            3 = THUNDER
                        SNOW, ICE PELLETS, HAIL    4 = ICE PELLETS
                        TOTAL MONTH:   0.0 INCH    5 = HAIL
                        GRTST 24HR     0.0         6 = FREEZING RAIN OR DRIZZLE
                        GRTST DEPTH:   0           7 = DUSTSTORM OR SANDSTORM:
                                                       VSBY 1/2 MILE OR LESS
                                                   8 = SMOKE OR HAZE
[NO. OF DAYS WITH]      [WEATHER - DAYS WITH]      9 = BLOWING SNOW
                                                   X = TORNADO
MAX 32 OR BELOW:   0    0.01 INCH OR MORE:   5
MAX 90 OR ABOVE:   0    0.10 INCH OR MORE:   1
MIN 32 OR BELOW:   0    0.50 INCH OR MORE:   0
MIN  0 OR BELOW:   0    1.00 INCH OR MORE:   0

[HDD (BASE 65) ]
TOTAL THIS MO.   308    CLEAR  (SCALE 0-3)  11
DPTR FM NORMAL  -232    PTCLDY (SCALE 4-7)  13
TOTAL FM JUL 1  5280    CLOUDY (SCALE 8-10)  6
DPTR FM NORMAL  -856

[CDD (BASE 65) ]
TOTAL THIS MO.     6
DPTR FM NORMAL     6    [PRESSURE DATA]
TOTAL FM JAN 1     6    HIGHEST SLP 30.47 ON  5
DPTR FM NORMAL     6    LOWEST  SLP 29.50 ON 22

[REMARKS]
#FINAL-04-16#
