000
CXUS56 KOTX 301500
CF6GEG
PRELIMINARY LOCAL CLIMATOLOGICAL DATA (WS FORM: F-6)

                                          STATION:   SPOKANE WA AIRPORT
                                          MONTH:     SEPTEMBER
                                          YEAR:      2014
                                          LATITUDE:   47 37 N
                                          LONGITUDE: 117 32 W

  TEMPERATURE IN F:       :PCPN:    SNOW:  WIND      :SUNSHINE: SKY     :PK WND
================================================================================
1   2   3   4   5  6A  6B    7    8   9   10  11  12  13   14  15   16   17  18
                                     12Z  AVG MX 2MIN
DY MAX MIN AVG DEP HDD CDD  WTR  SNW DPTH SPD SPD DIR MIN PSBL S-S WX    SPD DR
================================================================================

 1  73  46  60  -5   5   0 0.00  0.0    0  8.6 18 240   M    M   2        25 230
 2  75  50  63  -2   2   0 0.13  0.0    0 12.8 23 240   M    M   6 3      33 220
 3  63  48  56  -9   9   0 0.09  0.0    0 11.6 22 300   M    M   7 1      27 290
 4  71  44  58  -6   7   0 0.00  0.0    0  4.8 12  50   M    M   3 1      16  60
 5  77  48  63  -1   2   0 0.00  0.0    0  6.8 16  40   M    M   1        20  50
 6  83  51  67   3   0   2 0.00  0.0    0  4.6 10  40   M    M   0        13  50
 7  85  50  68   5   0   3 0.00  0.0    0  5.6 15 210   M    M   1        19 260
 8  79  54  67   4   0   2 0.00  0.0    0 11.9 25 240   M    M   5        30 230
 9  75  50  63   0   2   0 0.00  0.0    0  7.5 21 260   M    M   3        25 260
10  65  45  55  -7  10   0 0.00  0.0    0 11.1 22  50   M    M   5        26  50
11  64  40  52 -10  13   0 0.00  0.0    0  9.8 20  40   M    M   1        26  40
12  70  39  55  -7  10   0 0.00  0.0    0  7.1 13  60   M    M   1        16  60
13  74  47  61   0   4   0 0.00  0.0    0  6.3 15  40   M    M   5        19  40
14  78  43  61   0   4   0 0.00  0.0    0  2.6 12  60   M    M   1 8      14  60
15  83  51  67   7   0   2 0.00  0.0    0  5.7 14  60   M    M   2        18  70
16  85  56  71  11   0   6 0.00  0.0    0  5.9 14  50   M    M   7        16  40
17  84  54  69   9   0   4 0.00  0.0    0  4.2 10  40   M    M   7        12 160
18  81  58  70  11   0   5 0.00  0.0    0 13.3 28 240   M    M   8        35 280
19  76  54  65   6   0   0 0.00  0.0    0 10.4 18 220   M    M   5        24 240
20  81  54  68   9   0   3 0.00  0.0    0  7.2 15  20   M    M   1        17  40
21  88  57  73  15   0   8 0.00  0.0    0  5.2 12  50   M    M   2        14  40
22  85  58  72  14   0   7 0.01  0.0    0  7.3 20 210   M    M   6 8      28 210
23  77  58  68  11   0   3 0.02  0.0    0  7.4 17 220   M    M   9        23 210
24  74  59  67  10   0   2 0.00  0.0    0  8.1 22 260   M    M   8        27 220
25  73  55  64   7   1   0    T  0.0    0  5.4 20 270   M    M   8        23 270
26  68  48  58   2   7   0 0.00  0.0    0  8.9 20 230   M    M   3        25 230
27  73  46  60   4   5   0 0.00  0.0    0  9.7 21  50   M    M   6        26  70
28  74  53  64   9   1   0 0.00  0.0    0  8.3 20  50   M    M   7        28  60
29  71  54  63   8   2   0    T  0.0    0  8.4 21 220   M    M   8        25 220
================================================================================
SM 2205 1470        84  47  0.25     0.0 226.5          M      128
================================================================================
AV 76.0 50.7                               7.8 FASTST   M    M   4    MAX(MPH)
                                 MISC ---->  # 28 240               # 35  280
================================================================================
NOTES:
# LAST OF SEVERAL OCCURRENCES

COLUMN 17 PEAK WIND IN M.P.H.

PRELIMINARY LOCAL CLIMATOLOGICAL DATA (WS FORM: F-6) , PAGE 2

                                          STATION:  SPOKANE WA AIRPORT
                                          MONTH:    SEPTEMBER
                                          YEAR:     2014
                                          LATITUDE:   47 37 N
                                          LONGITUDE: 117 32 W

[TEMPERATURE DATA]      [PRECIPITATION DATA]       SYMBOLS USED IN COLUMN 16

AVERAGE MONTHLY: 63.4   TOTAL FOR MONTH:   0.25    1 = FOG OR MIST
DPTR FM NORMAL:   3.0   DPTR FM NORMAL:   -0.40    2 = FOG REDUCING VISIBILITY
HIGHEST:    88 ON 21    GRTST 24HR  0.22 ON  2- 3      TO 1/4 MILE OR LESS
LOWEST:     39 ON 12                               3 = THUNDER
                        SNOW, ICE PELLETS, HAIL    4 = ICE PELLETS
                        TOTAL MONTH:   0.0 INCH    5 = HAIL
                        GRTST 24HR     0.0         6 = FREEZING RAIN OR DRIZZLE
                        GRTST DEPTH:   0           7 = DUSTSTORM OR SANDSTORM:
                                                       VSBY 1/2 MILE OR LESS
                                                   8 = SMOKE OR HAZE
[NO. OF DAYS WITH]      [WEATHER - DAYS WITH]      9 = BLOWING SNOW
                                                   X = TORNADO
MAX 32 OR BELOW:   0    0.01 INCH OR MORE:   4
MAX 90 OR ABOVE:   0    0.10 INCH OR MORE:   1
MIN 32 OR BELOW:   0    0.50 INCH OR MORE:   0
MIN  0 OR BELOW:   0    1.00 INCH OR MORE:   0

[HDD (BASE 65) ]
TOTAL THIS MO.    84    CLEAR  (SCALE 0-3)  12
DPTR FM NORMAL   -90    PTCLDY (SCALE 4-7)  15
TOTAL FM JUL 1    96    CLOUDY (SCALE 8-10)  2
DPTR FM NORMAL  -143

[CDD (BASE 65) ]
TOTAL THIS MO.    47
DPTR FM NORMAL    10    [PRESSURE DATA]
TOTAL FM JAN 1   653    HIGHEST SLP M ON M
DPTR FM NORMAL   205    LOWEST  SLP  0.00 ON M

[REMARKS]
