000
CXUS55 KALY 010710
CF6GFL
PRELIMINARY LOCAL CLIMATOLOGICAL DATA (WS FORM: F-6)

                                          STATION:   GLENS FALLS NY
                                          MONTH:     JULY
                                          YEAR:      2015
                                          LATITUDE:   43 20 N
                                          LONGITUDE:  73 37 W

  TEMPERATURE IN F:       :PCPN:    SNOW:  WIND      :SUNSHINE: SKY     :PK WND
================================================================================
1   2   3   4   5  6A  6B    7    8   9   10  11  12  13   14  15   16   17  18
                                     12Z  AVG MX 2MIN
DY MAX MIN AVG DEP HDD CDD  WTR  SNW DPTH SPD SPD DIR MIN PSBL S-S WX    SPD DR
================================================================================

 1  76  62  69   1   0   4 0.19    M    M  4.8 16 280   M    M   7 13     26 270
 2  77  55  66  -2   0   1 0.00    M    M  4.5 14 290   M    M   3        18 300
 3  76  50  63  -5   2   0 0.00    M    M  3.6 13 160   M    M   1        16 180
 4  67  55  61  -7   4   0 0.07    M    M  2.7 14 180   M    M   4 1      17 180
 5  80  59  70   2   0   5 0.00    M    M  3.4 10 160   M    M   6 128    15 160
 6  83  54  69   1   0   4 0.00    M    M  3.5 13 150   M    M   1 128    18 150
 7  82  65  74   6   0   9 0.17    M    M  4.9 15 200   M    M   6 138    21 200
 8  77  60  69   0   0   4 0.01    M    M  7.4 17  50   M    M   4 1      21 350
 9  73  58  66  -3   0   1 0.12    M    M  2.8 10 140   M    M   5 18     14 150
10  84  61  73   4   0   8 0.00    M    M  5.2 13 320   M    M   3 1      16 340
11  84  57  71   2   0   6 0.00    M    M  5.3 15 160   M    M   0 18     19 150
12  85  59  72   3   0   7 0.00    M    M  4.0 14 150   M    M   0        16 200
13  86  63  75   6   0  10    T    M    M  3.6 17 170   M    M   2 138    22 170
14  83  61  72   3   0   7 0.00    M    M  5.9 17 170   M    M   2 1      24 170
15  73  53  63  -6   2   0    T    M    M  9.5 24  40   M    M   5        30  30
16  75  49  62  -7   3   0 0.00    M    M  5.0 15  40   M    M   0        22  10
17  80  49  65  -4   0   0 0.09    M    M  2.8 14 190   M    M   M 1      18 190
18  85  65  75   6   0  10 0.12    M    M  5.6 13 200   M    M   M        17 200
19  89  65  77   8   0  12    T    M    M  7.5 24 200   M    M   M        34 210
20  88  67  78   9   0  13 0.00    M    M  4.6 15 290   M    M   M 1      22 310
21  85  61  73   4   0   8 0.20    M    M  5.3 20 260   M    M   2 13     30 240
22  80  57  69   0   0   4 0.00    M    M  5.6 17 320   M    M   6        22 320
23  77  54  66  -3   0   1 0.02    M    M  3.9 15 330   M    M   6        19 320
24   M   M   M   M   M   M 0.32    M    M  2.8  6 170   M    M   3 13      M  M
25  81  55  68  -1   0   3    T    M    M  3.1 13 160   M    M   6 12     15 160
26  82  66  74   5   0   9 0.04    M    M  6.1 13 150   M    M   6 138    15 220
27  86  63  75   6   0  10    T    M    M  3.0 15 350   M    M   4 138    21 350
28  89  64  77   8   0  12 0.00    M    M  2.7  9 140   M    M   2 18     12 100
29  91  64  78   9   0  13 0.00    M    M  3.9 15 200   M    M   0 1      22 170
30  85  65  75   6   0  10 0.87    M    M  5.5 15 220   M    M   3 123    20 240
31  85  57  71   2   0   6 0.00    M    M  5.3 15 310   M    M   3 1      23 310
================================================================================
SM 2444 1773        11 177  2.22    M    143.8          M       90
================================================================================
AV 81.5 59.1                               4.6 FASTST   M    M   3    MAX(MPH)
                                 MISC ---->  # 24  40               # 34  210
================================================================================
NOTES:
# LAST OF SEVERAL OCCURRENCES

COLUMN 17 PEAK WIND IN M.P.H.

PRELIMINARY LOCAL CLIMATOLOGICAL DATA (WS FORM: F-6) , PAGE 2

                                          STATION:  GLENS FALLS NY
                                          MONTH:    JULY
                                          YEAR:     2015
                                          LATITUDE:   43 20 N
                                          LONGITUDE:  73 37 W

[TEMPERATURE DATA]      [PRECIPITATION DATA]       SYMBOLS USED IN COLUMN 16

AVERAGE MONTHLY: 70.3   TOTAL FOR MONTH:   2.22    1 = FOG OR MIST
DPTR FM NORMAL:   1.5   DPTR FM NORMAL:   -1.87    2 = FOG REDUCING VISIBILITY
HIGHEST:    91 ON 29    GRTST 24HR  0.87 ON 29-30      TO 1/4 MILE OR LESS
LOWEST:     49 ON 17,16                            3 = THUNDER
                        SNOW, ICE PELLETS, HAIL    4 = ICE PELLETS
                        TOTAL MONTH:    M          5 = HAIL
                        GRTST 24HR    M  ON   M    6 = FREEZING RAIN OR DRIZZLE
                        GRTST DEPTH:  M  ON   M    7 = DUSTSTORM OR SANDSTORM:
                                                       VSBY 1/2 MILE OR LESS
                                                   8 = SMOKE OR HAZE
[NO. OF DAYS WITH]      [WEATHER - DAYS WITH]      9 = BLOWING SNOW
                                                   X = TORNADO
MAX 32 OR BELOW:   0    0.01 INCH OR MORE:  12
MAX 90 OR ABOVE:   1    0.10 INCH OR MORE:   7
MIN 32 OR BELOW:   0    0.50 INCH OR MORE:   1
MIN  0 OR BELOW:   0    1.00 INCH OR MORE:   0

[HDD (BASE 65) ]
TOTAL THIS MO.    11    CLEAR  (SCALE 0-3)  14
DPTR FM NORMAL   -10    PTCLDY (SCALE 4-7)  13
TOTAL FM JUL 1    11    CLOUDY (SCALE 8-10)  0
DPTR FM NORMAL   -10

[CDD (BASE 65) ]
TOTAL THIS MO.   177
DPTR FM NORMAL    38    [PRESSURE DATA]
TOTAL FM JAN 1   319    HIGHEST SLP M ON M
DPTR FM NORMAL    99    LOWEST  SLP 29.54 ON 14

[REMARKS]
#FINAL-07-15#
