000
CXUS54 KSHV 011300
CF6GGG
PRELIMINARY LOCAL CLIMATOLOGICAL DATA (WS FORM: F-6)

                                          STATION:   LONGVIEW
                                          MONTH:     JUNE
                                          YEAR:      2015
                                          LATITUDE:   32 22 N
                                          LONGITUDE:  94 43 W

  TEMPERATURE IN F:       :PCPN:    SNOW:  WIND      :SUNSHINE: SKY     :PK WND
================================================================================
1   2   3   4   5  6A  6B    7    8   9   10  11  12  13   14  15   16   17  18
                                     12Z  AVG MX 2MIN
DY MAX MIN AVG DEP HDD CDD  WTR  SNW DPTH SPD SPD DIR MIN PSBL S-S WX    SPD DR
================================================================================

 1  84  59  72  -5   0   7 0.00  0.0    0  2.4  9  80   M    M   4        13  80
 2  86  65  76  -1   0  11 0.00  0.0    0  3.4  9 100   M    M   1        13 110
 3  88  65  77   0   0  12 0.00  0.0    0  4.3 10 160   M    M   1        15 160
 4  90  68  79   2   0  14 0.00  0.0    0  3.7  9  80   M    M   1        14 110
 5  91  70  81   3   0  16 0.00  0.0    0  2.5  9  90   M    M   2        13 100
 6  93  68  81   3   0  16 0.00  0.0    0  2.1  9 140   M    M   0 18     11 160
 7  94  71  83   5   0  18 0.00  0.0    0  3.8  9 180   M    M   1        12 250
 8  95  74  85   7   0  20 0.00  0.0    0  6.1 13 270   M    M   1        16 270
 9  95  74  85   7   0  20 0.01  0.0    0  6.1 16 210   M    M   3 3      20 140
10  94  71  83   4   0  18 0.00  0.0    0  4.2 14 160   M    M   1 8      20 160
11  93  76  85   6   0  20 0.00  0.0    0  9.6 15 230   M    M   2        19 170
12  91  73  82   3   0  17    T  0.0    0  8.0 24 180   M    M   3 3      30 190
13  86  74  80   1   0  15 1.49  0.0    0  9.4 20 230   M    M   5 138    28 220
14  88  74  81   2   0  16 0.46  0.0    0  8.4 23 200   M    M   6 138    28 100
15  91  75  83   3   0  18 0.33  0.0    0  7.0 29 180   M    M   4 13     37 180
16  88  75  82   2   0  17 0.22  0.0    0  6.9 13 130   M    M   7 13     21 130
17  80  75  78  -2   0  13 1.18  0.0    0 14.1 28 180   M    M   9 1      36 180
18  88  74  81   1   0  16 0.20  0.0    0 13.0 24 210   M    M   6 1      31 220
19  92  76  84   4   0  19 0.00  0.0    0  9.3 16 250   M    M   5        22 240
20  89  77  83   2   0  18 0.00  0.0    0  8.5 17 220   M    M   2        21 220
21  89  76  83   2   0  18 0.08  0.0    0  6.7 20 180   M    M   3 18     24 170
22  92  77  85   4   0  20 0.00  0.0    0  7.0 15 190   M    M   2        19 190
23  93  76  85   4   0  20 0.00  0.0    0  4.2 12 180   M    M   1        13 170
24  94  75  85   4   0  20 0.00  0.0    0  4.1 12 150   M    M   1        16 190
25  94  77  86   4   0  21 0.00  0.0    0  6.5  8 210   M    M   0         M  M
26  93  75  84   2   0  19 0.00  0.0    M  8.0 14 220   M    M   2        18 220
27  85  71  78  -4   0  13 2.68  0.0    0  5.2 25 250   M    M   6 13     30 250
28  91  71  81  -1   0  16 0.00  0.0    0  1.9  7 180   M    M   2 1      10  80
29  92  74  83   1   0  18    T  0.0    0  8.3 17 240   M    M   3 3      23 250
30   M   M   M   M   M   M 0.00  0.0    0  9.0 16 200   M    M   1 1      28 200
================================================================================
SM 2619 2106         0 486  6.65     0.0 193.7          M       85
================================================================================
AV 90.3 72.6                               6.5 FASTST   M    M   3    MAX(MPH)
                                 MISC ---->  # 29 180               # 37  180
================================================================================
NOTES:
# LAST OF SEVERAL OCCURRENCES

COLUMN 17 PEAK WIND IN M.P.H.

PRELIMINARY LOCAL CLIMATOLOGICAL DATA (WS FORM: F-6) , PAGE 2

                                          STATION:  LONGVIEW
                                          MONTH:    JUNE
                                          YEAR:     2015
                                          LATITUDE:   32 22 N
                                          LONGITUDE:  94 43 W

[TEMPERATURE DATA]      [PRECIPITATION DATA]       SYMBOLS USED IN COLUMN 16

AVERAGE MONTHLY: 81.5   TOTAL FOR MONTH:   6.65    1 = FOG OR MIST
DPTR FM NORMAL:   1.9   DPTR FM NORMAL:    1.64    2 = FOG REDUCING VISIBILITY
HIGHEST:    95 ON  9, 8 GRTST 24HR  2.68 ON 27-27      TO 1/4 MILE OR LESS
LOWEST:     59 ON  1                               3 = THUNDER
                        SNOW, ICE PELLETS, HAIL    4 = ICE PELLETS
                        TOTAL MONTH:   0.0 INCH    5 = HAIL
                        GRTST 24HR     0.0         6 = FREEZING RAIN OR DRIZZLE
                        GRTST DEPTH:   0           7 = DUSTSTORM OR SANDSTORM:
                                                       VSBY 1/2 MILE OR LESS
                                                   8 = SMOKE OR HAZE
[NO. OF DAYS WITH]      [WEATHER - DAYS WITH]      9 = BLOWING SNOW
                                                   X = TORNADO
MAX 32 OR BELOW:   0    0.01 INCH OR MORE:   9
MAX 90 OR ABOVE:  18    0.10 INCH OR MORE:   7
MIN 32 OR BELOW:   0    0.50 INCH OR MORE:   3
MIN  0 OR BELOW:   0    1.00 INCH OR MORE:   3

[HDD (BASE 65) ]
TOTAL THIS MO.     0    CLEAR  (SCALE 0-3)  21
DPTR FM NORMAL     0    PTCLDY (SCALE 4-7)   8
TOTAL FM JUL 1  2282    CLOUDY (SCALE 8-10)  1
DPTR FM NORMAL    24

[CDD (BASE 65) ]
TOTAL THIS MO.   486
DPTR FM NORMAL    47    [PRESSURE DATA]
TOTAL FM JAN 1   944    HIGHEST SLP 30.16 ON 23
DPTR FM NORMAL   126    LOWEST  SLP 29.75 ON 10

[REMARKS]
#FINAL-06-15#
