000
CXUS54 KOUN 220700
CF6GOK
PRELIMINARY LOCAL CLIMATOLOGICAL DATA (WS FORM: F-6)

                                          STATION:   GUTHRIE MUNICIPAL
                                          MONTH:     OCTOBER
                                          YEAR:      2017
                                          LATITUDE:   35 50 N
                                          LONGITUDE:  97 25 W

  TEMPERATURE IN F:       :PCPN:    SNOW:  WIND      :SUNSHINE: SKY     :PK WND
================================================================================
1   2   3   4   5  6A  6B    7    8   9   10  11  12  13   14  15   16   17  18
                                     12Z  AVG MX 2MIN
DY MAX MIN AVG DEP HDD CDD  WTR  SNW DPTH SPD SPD DIR MIN PSBL S-S WX    SPD DR
================================================================================

 1  83  64  74   7   0   9 0.00  0.0    0 11.2 20 190   M    M   1        27 170
 2  88  68  78  11   0  13 0.00  0.0    0 14.6 25 180   M    M   1        32 180
 3  85  71  78  12   0  13 0.00  0.0    0 10.4 20 170   M    M   5        25 160
 4  75  70  73   7   0   8 3.21  0.0    0  6.8 14 210   M    M  10 13     18 190
 5  79  70  75   9   0  10 0.03  0.0    0  6.6 12 170   M    M   4 1      18 170
 6  86  70  78  13   0  13 0.00  0.0    0 13.2 28 200   M    M   3        35 180
 7  79  57  68   3   0   3 0.50  0.0    0  6.1 25 300   M    M   1 138    36 310
 8  83  55  69   4   0   4 0.00  0.0    0  9.6 18 170   M    M   0        25 180
 9  84  53  69   5   0   4 0.00  0.0    0 10.4 20 310   M    M   2        29 310
10  61  43  52 -12  13   0 0.00  0.0    0  8.1 17 330   M    M   6        29 310
11  68  39  54  -9  11   0 0.00  0.0    0  3.7  9 140   M    M   0 1      12 140
12  84  53  69   6   0   4 0.00  0.0    0 12.1 22 180   M    M   0        29 190
13  88  67  78  15   0  13 0.00  0.0    0 11.1 18 190   M    M   0        24 200
14  91  61  76  14   0  11 0.46  0.0    0 14.9 25 190   M    M   1 13     39  10
15  66  45  56  -6   9   0    T  0.0    0  6.2 16 350   M    M   1        27  10
16  70  40  55  -7  10   0 0.00  0.0    0  3.9 10 120   M    M   0        15 130
17  74  47  61   0   4   0 0.00  0.0    0 10.1 20 190   M    M   0        26 190
18  82  55  69   8   0   4 0.00  0.0    0 11.4 21 180   M    M   0        27 180
19  79  56  68   8   0   3 0.00  0.0    0  9.2 18 190   M    M   0        22 180
20  80  59  70  10   0   5 0.00  0.0    0 15.0 25 170   M    M   1        34 180
21  81  55  68   8   0   3 1.60  0.0    0 13.9 26 200   M    M   8 13     37 180
================================================================================
SM 1666 1198        47 120  5.80     0.0 208.5          M       44
================================================================================
AV 79.3 57.1                               9.9 FASTST   M    M   2    MAX(MPH)
                                 MISC ---->  # 28 200               # 39   10
================================================================================
NOTES:
# LAST OF SEVERAL OCCURRENCES

COLUMN 17 PEAK WIND IN M.P.H.

PRELIMINARY LOCAL CLIMATOLOGICAL DATA (WS FORM: F-6) , PAGE 2

                                          STATION:  GUTHRIE MUNICIPAL
                                          MONTH:    OCTOBER
                                          YEAR:     2017
                                          LATITUDE:   35 50 N
                                          LONGITUDE:  97 25 W

[TEMPERATURE DATA]      [PRECIPITATION DATA]       SYMBOLS USED IN COLUMN 16

AVERAGE MONTHLY: 68.2   TOTAL FOR MONTH:   5.80    1 = FOG OR MIST
DPTR FM NORMAL:   4.8   DPTR FM NORMAL:    3.18    2 = FOG REDUCING VISIBILITY
HIGHEST:    91 ON 14    GRTST 24HR  3.21 ON  4- 4      TO 1/4 MILE OR LESS
LOWEST:     39 ON 11                               3 = THUNDER
                        SNOW, ICE PELLETS, HAIL    4 = ICE PELLETS
                        TOTAL MONTH:   0.0 INCH    5 = HAIL
                        GRTST 24HR     0.0         6 = FREEZING RAIN OR DRIZZLE
                        GRTST DEPTH:   0           7 = DUSTSTORM OR SANDSTORM:
                                                       VSBY 1/2 MILE OR LESS
                                                   8 = SMOKE OR HAZE
[NO. OF DAYS WITH]      [WEATHER - DAYS WITH]      9 = BLOWING SNOW
                                                   X = TORNADO
MAX 32 OR BELOW:   0    0.01 INCH OR MORE:   5
MAX 90 OR ABOVE:   1    0.10 INCH OR MORE:   4
MIN 32 OR BELOW:   0    0.50 INCH OR MORE:   3
MIN  0 OR BELOW:   0    1.00 INCH OR MORE:   2

[HDD (BASE 65) ]
TOTAL THIS MO.    47    CLEAR  (SCALE 0-3)  16
DPTR FM NORMAL   -43    PTCLDY (SCALE 4-7)   4
TOTAL FM JUL 1    49    CLOUDY (SCALE 8-10)  1
DPTR FM NORMAL   -60

[CDD (BASE 65) ]
TOTAL THIS MO.   120
DPTR FM NORMAL    61    [PRESSURE DATA]
TOTAL FM JAN 1  2137    HIGHEST SLP M ON M
DPTR FM NORMAL    79    LOWEST  SLP 29.56 ON  8

[REMARKS]
