000
CXUS54 KOUN 300700
CF6GOK
PRELIMINARY LOCAL CLIMATOLOGICAL DATA (WS FORM: F-6)

                                          STATION:   GUTHRIE MUNICIPAL
                                          MONTH:     APRIL
                                          YEAR:      2017
                                          LATITUDE:   35 50 N
                                          LONGITUDE:  97 25 W

  TEMPERATURE IN F:       :PCPN:    SNOW:  WIND      :SUNSHINE: SKY     :PK WND
================================================================================
1   2   3   4   5  6A  6B    7    8   9   10  11  12  13   14  15   16   17  18
                                     12Z  AVG MX 2MIN
DY MAX MIN AVG DEP HDD CDD  WTR  SNW DPTH SPD SPD DIR MIN PSBL S-S WX    SPD DR
================================================================================

 1  75  44  60   4   5   0 0.06  0.0    0  8.2 17 150   M    M   5 13     24  60
 2  59  54  57   0   8   0 0.76  0.0    0  4.1 14  50   M    M  10 123    20 320
 3  72  52  62   5   3   0 0.16  0.0    0  7.7 16 280   M    M   4 1      24 310
 4  62  47  55  -2  10   0 0.40  0.0    0 12.1 30 290   M    M   7 13     43 290
 5  65  41  53  -5  12   0 0.01  0.0    0 12.4 28 300   M    M   5 1      41 300
 6  69  36  53  -5  12   0 0.00  0.0    0  4.6 12  40   M    M   0        17  20
 7  77  46  62   4   3   0 0.00  0.0    0 11.8 21 200   M    M   0        28 170
 8  83  61  72  14   0   7 0.00  0.0    0 20.2 30 190   M    M   0        38 210
 9  83  66  75  16   0  10 0.00  0.0    0 20.6 31 180   M    M   0        39 180
10  73  50  62   3   3   0 0.00  0.0    0  7.6 23 190   M    M   0        30 180
11  73  43  58  -1   7   0 0.00  0.0    0  6.5 14  50   M    M   0        19  70
12  77  54  66   6   0   1 0.00  0.0    0 10.0 21 190   M    M   2        26 170
13  77  58  68   8   0   3 1.34  0.0    0  8.5 24 240   M    M   5 13     50 100
14  81  61  71  11   0   6 0.00  0.0    0 14.6 26 210   M    M   2        34 210
15  82  66  74  13   0   9 0.00  0.0    0 16.1 24 180   M    M   3        33 180
16  76  61  69   8   0   4 0.21  0.0    0 10.1 21 180   M    M   5 13     28 150
17  74  59  67   6   0   2 0.00  0.0    0  6.3 17 150   M    M   4 13     24 140
18  82  53  68   6   0   3 0.00  0.0    0  8.8 20 180   M    M   0 1      32 120
19  80  63  72  10   0   7 0.00  0.0    0 16.4 25 170   M    M   3        33 180
20  71  61  66   4   0   1 0.04  0.0    0  8.0 23 190   M    M   8 1      31 180
21  64  48  56  -6   9   0 2.22  0.0    0 11.9 32  50   M    M  10 13     44  70
22  60  46  53 -10  12   0 0.00  0.0    0  7.8 17  30   M    M   9        29  40
23  70  38  54  -9  11   0 0.00  0.0    0  3.5  9 110   M    M   0        14 300
24  77  46  62  -1   3   0 0.00  0.0    0 14.0 26 170   M    M   0        39 190
25  87  55  71   7   0   6 0.01  0.0    0 12.7 24 180   M    M   0 3      36 170
26  57  42  50 -14  15   0 0.01  0.0    0  7.1 16  10   M    M   8 1      29  10
27  68  39  54 -10  11   0 0.01  0.0    0  8.8 20 140   M    M   2 13     27 170
28  77  52  65   0   0   0    T  0.0    0  8.5 24  70   M    M   3 3      43 260
29  67  48  58  -7   7   0 1.45  0.0    0 10.7 38 290   M    M   8 138    50 290
================================================================================
SM 2118 1490       131  59  6.68     0.0 299.6          M      103
================================================================================
AV 73.0 51.4                              10.3 FASTST   M    M   4    MAX(MPH)
                                 MISC ---->  # 38 290               # 50  100
================================================================================
NOTES:
# LAST OF SEVERAL OCCURRENCES

COLUMN 17 PEAK WIND IN M.P.H.

PRELIMINARY LOCAL CLIMATOLOGICAL DATA (WS FORM: F-6) , PAGE 2

                                          STATION:  GUTHRIE MUNICIPAL
                                          MONTH:    APRIL
                                          YEAR:     2017
                                          LATITUDE:   35 50 N
                                          LONGITUDE:  97 25 W

[TEMPERATURE DATA]      [PRECIPITATION DATA]       SYMBOLS USED IN COLUMN 16

AVERAGE MONTHLY: 62.2   TOTAL FOR MONTH:   6.68    1 = FOG OR MIST
DPTR FM NORMAL:   1.6   DPTR FM NORMAL:    3.52    2 = FOG REDUCING VISIBILITY
HIGHEST:    87 ON 25    GRTST 24HR  2.22 ON 21-21      TO 1/4 MILE OR LESS
LOWEST:     36 ON  6                               3 = THUNDER
                        SNOW, ICE PELLETS, HAIL    4 = ICE PELLETS
                        TOTAL MONTH:   0.0 INCH    5 = HAIL
                        GRTST 24HR     0.0         6 = FREEZING RAIN OR DRIZZLE
                        GRTST DEPTH:   0           7 = DUSTSTORM OR SANDSTORM:
                                                       VSBY 1/2 MILE OR LESS
                                                   8 = SMOKE OR HAZE
[NO. OF DAYS WITH]      [WEATHER - DAYS WITH]      9 = BLOWING SNOW
                                                   X = TORNADO
MAX 32 OR BELOW:   0    0.01 INCH OR MORE:  13
MAX 90 OR ABOVE:   0    0.10 INCH OR MORE:   7
MIN 32 OR BELOW:   0    0.50 INCH OR MORE:   4
MIN  0 OR BELOW:   0    1.00 INCH OR MORE:   3

[HDD (BASE 65) ]
TOTAL THIS MO.   131    CLEAR  (SCALE 0-3)  14
DPTR FM NORMAL   -52    PTCLDY (SCALE 4-7)  11
TOTAL FM JUL 1  2725    CLOUDY (SCALE 8-10)  4
DPTR FM NORMAL  -800

[CDD (BASE 65) ]
TOTAL THIS MO.    59
DPTR FM NORMAL     5    [PRESSURE DATA]
TOTAL FM JAN 1   128    HIGHEST SLP M ON M
DPTR FM NORMAL    60    LOWEST  SLP 29.31 ON 25

[REMARKS]
