000
CXUS54 KFWD 220730
CF6GOP
PRELIMINARY LOCAL CLIMATOLOGICAL DATA (WS FORM: F-6)

                                          STATION:   GATESVILLE
                                          MONTH:     JANUARY
                                          YEAR:      2017
                                          LATITUDE:   31 25 N
                                          LONGITUDE:  97 48 W

  TEMPERATURE IN F:       :PCPN:    SNOW:  WIND      :SUNSHINE: SKY     :PK WND
================================================================================
1   2   3   4   5  6A  6B    7    8   9   10  11  12  13   14  15   16   17  18
                                     12Z  AVG MX 2MIN
DY MAX MIN AVG DEP HDD CDD  WTR  SNW DPTH SPD SPD DIR MIN PSBL S-S WX    SPD DR
================================================================================

 1  72  43  58  13   7   0 0.02  0.0    0  1.5  7 140   M    M   1 18      M  M
 2  73  48  61  16   4   0 0.15    M    0  6.0 31 320   M    M   2 13     47 320
 3  66  39  53   8  12   0 0.00  0.0    0  6.7 16 350   M    M   0        24 320
 4  43  32  38  -7  27   0 0.00  0.0    0  5.0 12 360   M    M   0        17 360
 5  46  30  38  -7  27   0 0.00  0.0    0  6.8 16 340   M    M   3 8      21 340
 6  32  21  27 -18  38   0 0.00  0.0    0 12.8 18 360   M    M   7        25 360
 7  39  14  27 -18  38   0 0.00  0.0    0  3.6  8 360   M    M   0         M  M
 8  48  18  33 -12  32   0 0.00  0.0    0  5.3 15 180   M    M   0        23 180
 9  70  34  52   7  13   0 0.00  0.0    0 10.0 24 210   M    M   0        32 210
10  79  57  68  23   0   3 0.00  0.0    0  8.6 17 200   M    M   0        24 200
11  79  59  69  24   0   4 0.00  0.0    0 10.1 21 190   M    M   0        32 190
12  77  66  72  27   0   7 0.00  0.0    0  8.4 15 200   M    M   7        25 200
13  70  43  57  12   8   0 0.27  0.0    0  5.3  9  10   M    M  10 1       M  M
14  45  39  42  -3  23   0 0.01  0.0    0  4.8  9 340   M    M  10 12      M  M
15  66  45  56  11   9   0 0.93  0.0    0  4.2 17 160   M    M   9 123    23 160
16  72  45  59  14   6   0 0.00  0.0    0  2.1  9 280   M    M   4 12      M  M
17  57  45  51   6  14   0 0.32    M    0  5.4 10 350   M    M   7 13      M  M
18  52  46  49   4  16   0 0.06    M    0  4.4 13 260   M    M   9 1       M  M
19  73  50  62  17   3   0 0.00  0.0    0  7.4 14 220   M    M   4 1      18 200
20  75  54  65  19   0   0 0.00  0.0    0  7.9 13 240   M    M   0        20 240
21  73  45  59  13   6   0 0.00  0.0    0  5.3 31 290   M    M   0 3      46 290
================================================================================
SM 1307  873       283  14  1.76     0.0 131.6          M       73
================================================================================
AV 62.2 41.6                               6.3 FASTST   M    M   3    MAX(MPH)
                                 MISC ---->    31   M                 47    M
================================================================================
NOTES:
# LAST OF SEVERAL OCCURRENCES

COLUMN 17 PEAK WIND IN M.P.H.

PRELIMINARY LOCAL CLIMATOLOGICAL DATA (WS FORM: F-6) , PAGE 2

                                          STATION:  GATESVILLE
                                          MONTH:    JANUARY
                                          YEAR:     2017
                                          LATITUDE:   31 25 N
                                          LONGITUDE:  97 48 W

[TEMPERATURE DATA]      [PRECIPITATION DATA]       SYMBOLS USED IN COLUMN 16

AVERAGE MONTHLY: 51.9   TOTAL FOR MONTH:   1.76    1 = FOG OR MIST
DPTR FM NORMAL:   6.8   DPTR FM NORMAL:       M    2 = FOG REDUCING VISIBILITY
HIGHEST:    79 ON 11,10 GRTST 24HR  0.93 ON 15-15      TO 1/4 MILE OR LESS
LOWEST:     14 ON  7                               3 = THUNDER
                        SNOW, ICE PELLETS, HAIL    4 = ICE PELLETS
                        TOTAL MONTH:   0.0 INCH    5 = HAIL
                        GRTST 24HR     0.0         6 = FREEZING RAIN OR DRIZZLE
                        GRTST DEPTH:   0           7 = DUSTSTORM OR SANDSTORM:
                                                       VSBY 1/2 MILE OR LESS
                                                   8 = SMOKE OR HAZE
[NO. OF DAYS WITH]      [WEATHER - DAYS WITH]      9 = BLOWING SNOW
                                                   X = TORNADO
MAX 32 OR BELOW:   1    0.01 INCH OR MORE:   7
MAX 90 OR ABOVE:   0    0.10 INCH OR MORE:   4
MIN 32 OR BELOW:   5    0.50 INCH OR MORE:   1
MIN  0 OR BELOW:   0    1.00 INCH OR MORE:   0

[HDD (BASE 65) ]
TOTAL THIS MO.   283    CLEAR  (SCALE 0-3)  11
DPTR FM NORMAL  -136    PTCLDY (SCALE 4-7)   6
TOTAL FM JUL 1   872    CLOUDY (SCALE 8-10)  4
DPTR FM NORMAL  -517

[CDD (BASE 65) ]
TOTAL THIS MO.    14
DPTR FM NORMAL    14    [PRESSURE DATA]
TOTAL FM JAN 1    14    HIGHEST SLP M ON M
DPTR FM NORMAL    14    LOWEST  SLP M ON M

[REMARKS]
