000
CXUS54 KFWD 210730
CF6GOP
PRELIMINARY LOCAL CLIMATOLOGICAL DATA (WS FORM: F-6)

                                          STATION:   GATESVILLE
                                          MONTH:     AUGUST
                                          YEAR:      2014
                                          LATITUDE:   31 25 N
                                          LONGITUDE:  97 48 W

  TEMPERATURE IN F:       :PCPN:    SNOW:  WIND      :SUNSHINE: SKY     :PK WND
================================================================================
1   2   3   4   5  6A  6B    7    8   9   10  11  12  13   14  15   16   17  18
                                     12Z  AVG MX 2MIN
DY MAX MIN AVG DEP HDD CDD  WTR  SNW DPTH SPD SPD DIR MIN PSBL S-S WX    SPD DR
================================================================================

 1  84  66  75  -8   0  10 0.00  0.0    0  5.5  9  70   M    M   5         M  M
 2  88  64  76  -7   0  11 0.00  0.0    0  4.4 10  50   M    M   2 8      16  60
 3  91  66  79  -4   0  14 0.00  0.0    0  4.9 10  40   M    M   1 8      18  70
 4  93  70  82  -1   0  17 0.00  0.0    0  2.2 10  70   M    M   1 18      M  M
 5  97  70  84   1   0  19 0.00  0.0    0  2.6  8 130   M    M   0 18      M  M
 6  99  73  86   3   0  21 0.00  0.0    0  4.7  9 150   M    M   0 8       M  M
 7 102  75  89   6   0  24 0.00  0.0    0  6.6 10 160   M    M   0 8       M  M
 8 102  79  91   8   0  26 0.00  0.0    0  6.5 14 190   M    M   0 8       M  M
 9 100  75  88   5   0  23 0.00  0.0    0  5.2 10 250   M    M   0 8       M  M
10 100  75  88   5   0  23 0.00  0.0    0  4.8 10 220   M    M   0 8       M  M
11  99  75  87   4   0  22 0.20  0.0    0  5.6 13 250   M    M   0 138    18 280
12  97  72  85   2   0  20 0.00  0.0    0  4.0 13  20   M    M   0 18     20  20
13  93  64  79  -4   0  14 0.00  0.0    0  2.6  8  30   M    M   0 8       M  M
14  95  64  80  -3   0  15 0.00  0.0    0  3.0  9  80   M    M   0 8       M  M
15  99  70  85   2   0  20 0.00  0.0    0  5.2 12 200   M    M   0        18 200
16 100  77  89   6   0  24 0.00  0.0    0  7.3 13 200   M    M   0        17 200
17  93  73  83   0   0  18 0.01  0.0    0  6.4 15 160   M    M   0 38     18  60
18  93  73  83   0   0  18 0.00  0.0    0  3.5  9 190   M    M   1 18      M  M
19  93  73  83   0   0  18 0.00  0.0    0  5.1 15 210   M    M   0 8      22 190
20  99  77  88   5   0  23 0.00  0.0    0  9.1 15 200   M    M   0 8      22 200
================================================================================
SM 1917 1431         0 380  0.21     0.0  99.2          M       10
================================================================================
AV 95.8 71.6                               5.0 FASTST   M    M   1    MAX(MPH)
                                 MISC ---->  # 15 160                 22    M
================================================================================
NOTES:
# LAST OF SEVERAL OCCURRENCES

COLUMN 17 PEAK WIND IN M.P.H.

PRELIMINARY LOCAL CLIMATOLOGICAL DATA (WS FORM: F-6) , PAGE 2

                                          STATION:  GATESVILLE
                                          MONTH:    AUGUST
                                          YEAR:     2014
                                          LATITUDE:   31 25 N
                                          LONGITUDE:  97 48 W

[TEMPERATURE DATA]      [PRECIPITATION DATA]       SYMBOLS USED IN COLUMN 16

AVERAGE MONTHLY: 83.7   TOTAL FOR MONTH:   0.21    1 = FOG OR MIST
DPTR FM NORMAL:   0.7   DPTR FM NORMAL:       M    2 = FOG REDUCING VISIBILITY
HIGHEST:   102 ON  8, 7 GRTST 24HR  0.20 ON 11-11      TO 1/4 MILE OR LESS
LOWEST:     64 ON 14,13                            3 = THUNDER
                        SNOW, ICE PELLETS, HAIL    4 = ICE PELLETS
                        TOTAL MONTH:   0.0 INCH    5 = HAIL
                        GRTST 24HR     0.0         6 = FREEZING RAIN OR DRIZZLE
                        GRTST DEPTH:   0           7 = DUSTSTORM OR SANDSTORM:
                                                       VSBY 1/2 MILE OR LESS
                                                   8 = SMOKE OR HAZE
[NO. OF DAYS WITH]      [WEATHER - DAYS WITH]      9 = BLOWING SNOW
                                                   X = TORNADO
MAX 32 OR BELOW:   0    0.01 INCH OR MORE:   2
MAX 90 OR ABOVE:  18    0.10 INCH OR MORE:   1
MIN 32 OR BELOW:   0    0.50 INCH OR MORE:   0
MIN  0 OR BELOW:   0    1.00 INCH OR MORE:   0

[HDD (BASE 65) ]
TOTAL THIS MO.     0    CLEAR  (SCALE 0-3)  19
DPTR FM NORMAL     0    PTCLDY (SCALE 4-7)   1
TOTAL FM JUL 1     0    CLOUDY (SCALE 8-10)  0
DPTR FM NORMAL     0

[CDD (BASE 65) ]
TOTAL THIS MO.   380
DPTR FM NORMAL    20    [PRESSURE DATA]
TOTAL FM JAN 1  1807    HIGHEST SLP M ON M
DPTR FM NORMAL   165    LOWEST  SLP M ON M

[REMARKS]
