000
CXUS54 KFWD 270730
CF6GOP
PRELIMINARY LOCAL CLIMATOLOGICAL DATA (WS FORM: F-6)

                                          STATION:   GATESVILLE
                                          MONTH:     FEBRUARY
                                          YEAR:      2015
                                          LATITUDE:   31 25 N
                                          LONGITUDE:  97 48 W

  TEMPERATURE IN F:       :PCPN:    SNOW:  WIND      :SUNSHINE: SKY     :PK WND
================================================================================
1   2   3   4   5  6A  6B    7    8   9   10  11  12  13   14  15   16   17  18
                                     12Z  AVG MX 2MIN
DY MAX MIN AVG DEP HDD CDD  WTR  SNW DPTH SPD SPD DIR MIN PSBL S-S WX    SPD DR
================================================================================

 1  64  39  52   5  13   0 0.00  0.0    0  8.8 18 360   M    M   5 1      24 360
 2  45  30  38  -9  27   0 0.00  0.0    0  4.2 16 360   M    M   0        23 360
 3  48  34  41  -6  24   0 0.00  0.0    0  4.1 12 200   M    M   2 1       M  M
 4  55  41  48   1  17   0 0.00  0.0    0  6.2 17 200   M    M   9 1      23 200
 5  41  34  38  -9  27   0 0.00  0.0    0  8.0 17 350   M    M   9        22 350
 6  61  34  48   1  17   0 0.00  0.0    0  3.8  9 210   M    M   3 1       M  M
 7  72  39  56   8   9   0 0.00  0.0    0  7.7 15 190   M    M   0 1      21 200
 8  77  48  63  15   2   0 0.00  0.0    0  6.2 13 210   M    M   0        18 240
 9  79  43  61  13   4   0 0.00  0.0    0  1.3  9  50   M    M   0         M  M
10  81  39  60  12   5   0 0.00  0.0    0  4.8 16 200   M    M   0        21 190
11  75  48  62  14   3   0 0.00  0.0    0  3.5 10  10   M    M   0        16  20
12  55  37  46  -2  19   0 0.00  0.0    0  7.5 13  20   M    M   1        24  30
13  70  34  52   4  13   0 0.00  0.0    0  3.5 10 190   M    M   0         M  M
14  79  43  61  12   4   0 0.00  0.0    0  2.1 10 200   M    M   0         M  M
15  70  55  63  14   2   0 0.00  0.0    0  7.0 15 180   M    M   2        23 190
16  64  32  48  -1  17   0 0.20    M    0  8.1 16 340   M    M   6 1      23 340
17  54  32  43  -6  22   0 0.00  0.0    0  4.3 10 340   M    M   0         M  M
18  63  30  47  -2  18   0 0.00  0.0    0  0.3  4 320   M    M   0         M  M
19  68  34  51   1  14   0 0.00  0.0    0  6.4 18 190   M    M   0        27 190
20  72  48  60  10   5   0 0.00  0.0    0 12.3 23 200   M    M   6        30 200
21  66  46  56   6   9   0 0.00  0.0    0  8.6 21 190   M    M   5        29 190
22  48  32  40 -10  25   0 0.08    M    0  8.0 15  10   M    M   9 1      23  20
23  32  28  30 -20  35   0 0.02    M    0  5.5 14 360   M    M  10 1      23  10
24  36  28  32 -19  33   0 0.00  0.0    0  1.0  7  80   M    M  10 1       M  M
25  57  34  46  -5  19   0 0.15    M    0  3.7  8 320   M    M   3 1       M  M
26  39  32  36 -15  29   0 0.00  0.0    0  7.5 15  10   M    M   4 18     21  10
================================================================================
SM 1571  974       412   0  0.45     0.0 144.4          M       84
================================================================================
AV 60.4 37.5                               5.6 FASTST   M    M   3    MAX(MPH)
                                 MISC ---->  # 23 200                 30    M
================================================================================
NOTES:
# LAST OF SEVERAL OCCURRENCES

COLUMN 17 PEAK WIND IN M.P.H.

PRELIMINARY LOCAL CLIMATOLOGICAL DATA (WS FORM: F-6) , PAGE 2

                                          STATION:  GATESVILLE
                                          MONTH:    FEBRUARY
                                          YEAR:     2015
                                          LATITUDE:   31 25 N
                                          LONGITUDE:  97 48 W

[TEMPERATURE DATA]      [PRECIPITATION DATA]       SYMBOLS USED IN COLUMN 16

AVERAGE MONTHLY: 48.9   TOTAL FOR MONTH:   0.45    1 = FOG OR MIST
DPTR FM NORMAL:   0.2   DPTR FM NORMAL:       M    2 = FOG REDUCING VISIBILITY
HIGHEST:    81 ON 10    GRTST 24HR  0.20 ON 16-16      TO 1/4 MILE OR LESS
LOWEST:     28 ON 24,23                            3 = THUNDER
                        SNOW, ICE PELLETS, HAIL    4 = ICE PELLETS
                        TOTAL MONTH:   0.0 INCH    5 = HAIL
                        GRTST 24HR     0.0         6 = FREEZING RAIN OR DRIZZLE
                        GRTST DEPTH:   0           7 = DUSTSTORM OR SANDSTORM:
                                                       VSBY 1/2 MILE OR LESS
                                                   8 = SMOKE OR HAZE
[NO. OF DAYS WITH]      [WEATHER - DAYS WITH]      9 = BLOWING SNOW
                                                   X = TORNADO
MAX 32 OR BELOW:   1    0.01 INCH OR MORE:   4
MAX 90 OR ABOVE:   0    0.10 INCH OR MORE:   2
MIN 32 OR BELOW:   8    0.50 INCH OR MORE:   0
MIN  0 OR BELOW:   0    1.00 INCH OR MORE:   0

[HDD (BASE 65) ]
TOTAL THIS MO.   412    CLEAR  (SCALE 0-3)  16
DPTR FM NORMAL   -15    PTCLDY (SCALE 4-7)   5
TOTAL FM JUL 1  1697    CLOUDY (SCALE 8-10)  5
DPTR FM NORMAL  -310

[CDD (BASE 65) ]
TOTAL THIS MO.     0
DPTR FM NORMAL     0    [PRESSURE DATA]
TOTAL FM JAN 1     0    HIGHEST SLP M ON M
DPTR FM NORMAL    -1    LOWEST  SLP M ON M

[REMARKS]
