000
CXUS55 KMSO 270800
CF6GPI
PRELIMINARY LOCAL CLIMATOLOGICAL DATA (WS FORM: F-6)

                                          STATION:   KALISPELL MT
                                          MONTH:     FEBRUARY
                                          YEAR:      2015
                                          LATITUDE:   48 17 N
                                          LONGITUDE: 114 16 W

  TEMPERATURE IN F:       :PCPN:    SNOW:  WIND      :SUNSHINE: SKY     :PK WND
================================================================================
1   2   3   4   5  6A  6B    7    8   9   10  11  12  13   14  15   16   17  18
                                     12Z  AVG MX 2MIN
DY MAX MIN AVG DEP HDD CDD  WTR  SNW DPTH SPD SPD DIR MIN PSBL S-S WX    SPD DR
================================================================================

 1  27  15  21  -5  44   0 0.14  2.1    5  4.0 15  40   M    M   8 1      17  40
 2  34  26  30   4  35   0 0.04    T    7  1.1  9 220   M    M  10 12     11 220
 3  41  24  33   7  32   0 0.00  0.0    7  4.0 14 180   M    M   6 1      16 180
 4  42  26  34   8  31   0 0.02  6.0    0  2.8 13  20   M    M   8        15  20
 5  39  31  35   9  30   0 0.09  0.0    6  2.5 12 220   M    M  10 1      13 240
 6  46  33  40  14  25   0    T  0.0    5  4.4 15 170   M    M   9 1      19 190
 7  45  34  40  14  25   0 0.25  0.0    5  6.6 16 170   M    M  10 1      21 140
 8  51  28  40  14  25   0    T  0.0    1  4.9 15 180   M    M   7        19 180
 9  40  31  36  10  29   0 0.46  0.0    1  4.6 14  20   M    M  10 1      16  20
10  41  34  38  12  27   0 0.02  0.0    1  2.8  9 220   M    M   9 12     11 220
11  46  32  39  13  26   0 0.00  0.0    1  1.1  6 290   M    M   8 12      7 330
12  46  29  38  12  27   0 0.00  0.0    T  0.9  7  70   M    M   9 12      8  60
13  56  28  42  15  23   0 0.00  0.0    T  0.7  7  40   M    M   4         7  40
14  47  23  35   8  30   0 0.00  0.0    T  1.3  9 190   M    M   3 1      14 200
15  46  19  33   6  32   0 0.00  0.0    T  2.4 13  10   M    M   2 12     15 360
16  45  19  32   5  33   0 0.00  0.0    T  3.2 21  40   M    M   1        24  40
17  42  14  28   1  37   0 0.00  0.0    0  1.2  8 190   M    M   1        11 180
18  43  16  30   3  35   0 0.00  0.0    0  1.4  7  40   M    M   0         8 310
19  45  17  31   3  34   0 0.00  0.0    0  2.7 10 220   M    M   3        14 150
20  39  23  31   3  34   0 0.10    T    0  3.8 15  20   M    M  10 1      20  30
21  37  14  26  -2  39   0 0.00  0.0    0 13.5 26  60   M    M   5        33  60
22  33   8  21  -7  44   0 0.00  0.0    0  2.5 12  40   M    M   0        14  30
23  34   9  22  -6  43   0 0.00  0.0    0  1.8  8  40   M    M   0        11  10
24  39  13  26  -3  39   0 0.00  0.0    0  1.8  7 100   M    M   5         7 230
25  45  20  33   4  32   0    T  0.2    0  6.4 24  20   M    M   8 1      30  20
26  37  22  30   1  35   0    T  0.2    T  6.6 21  20   M    M   4 8      25  20
================================================================================
SM 1086  588       846   0  1.12     8.5  89.0          M      150
================================================================================
AV 41.8 22.6                               3.4 FASTST   M    M   6    MAX(MPH)
                                 MISC ---->  # 26  60               # 33   60
================================================================================
NOTES:
# LAST OF SEVERAL OCCURRENCES

COLUMN 17 PEAK WIND IN M.P.H.

PRELIMINARY LOCAL CLIMATOLOGICAL DATA (WS FORM: F-6) , PAGE 2

                                          STATION:  KALISPELL MT
                                          MONTH:    FEBRUARY
                                          YEAR:     2015
                                          LATITUDE:   48 17 N
                                          LONGITUDE: 114 16 W

[TEMPERATURE DATA]      [PRECIPITATION DATA]       SYMBOLS USED IN COLUMN 16

AVERAGE MONTHLY: 32.2   TOTAL FOR MONTH:   1.12    1 = FOG OR MIST
DPTR FM NORMAL:   5.2   DPTR FM NORMAL:    0.22    2 = FOG REDUCING VISIBILITY
HIGHEST:    56 ON 13    GRTST 24HR  0.46 ON  9- 9      TO 1/4 MILE OR LESS
LOWEST:      8 ON 22                               3 = THUNDER
                        SNOW, ICE PELLETS, HAIL    4 = ICE PELLETS
                        TOTAL MONTH:   8.5 INCHES  5 = HAIL
                        GRTST 24HR   6.0 ON  4- 4  6 = FREEZING RAIN OR DRIZZLE
                        GRTST DEPTH:   7 ON  3, 2  7 = DUSTSTORM OR SANDSTORM:
                                                       VSBY 1/2 MILE OR LESS
                                                   8 = SMOKE OR HAZE
[NO. OF DAYS WITH]      [WEATHER - DAYS WITH]      9 = BLOWING SNOW
                                                   X = TORNADO
MAX 32 OR BELOW:   1    0.01 INCH OR MORE:   8
MAX 90 OR ABOVE:   0    0.10 INCH OR MORE:   4
MIN 32 OR BELOW:  23    0.50 INCH OR MORE:   0
MIN  0 OR BELOW:   0    1.00 INCH OR MORE:   0

[HDD (BASE 65) ]
TOTAL THIS MO.   846    CLEAR  (SCALE 0-3)   8
DPTR FM NORMAL  -143    PTCLDY (SCALE 4-7)   8
TOTAL FM JUL 1  5375    CLOUDY (SCALE 8-10) 10
DPTR FM NORMAL  -405

[CDD (BASE 65) ]
TOTAL THIS MO.     0
DPTR FM NORMAL     0    [PRESSURE DATA]
TOTAL FM JAN 1     0    HIGHEST SLP M ON M
DPTR FM NORMAL     0    LOWEST  SLP 29.56 ON  7

[REMARKS]
