000
CXUS55 KMSO 220800
CF6GPI
PRELIMINARY LOCAL CLIMATOLOGICAL DATA (WS FORM: F-6)

                                          STATION:   KALISPELL MT
                                          MONTH:     OCTOBER
                                          YEAR:      2014
                                          LATITUDE:   48 17 N
                                          LONGITUDE: 114 16 W

  TEMPERATURE IN F:       :PCPN:    SNOW:  WIND      :SUNSHINE: SKY     :PK WND
================================================================================
1   2   3   4   5  6A  6B    7    8   9   10  11  12  13   14  15   16   17  18
                                     12Z  AVG MX 2MIN
DY MAX MIN AVG DEP HDD CDD  WTR  SNW DPTH SPD SPD DIR MIN PSBL S-S WX    SPD DR
================================================================================

 1  57  36  47  -1  18   0 0.01  0.0    0  5.6 18 210   M    M   8 12     25 210
 2  53  29  41  -7  24   0 0.00  0.0    0  9.7 20  40   M    M   4        26  40
 3  60  23  42  -5  23   0 0.00  0.0    0  3.6 13 160   M    M   0        16 190
 4  69  35  52   5  13   0 0.00  0.0    0  2.6 14 170   M    M   7        17 170
 5  73  33  53   7  12   0 0.00  0.0    0  2.5 10 260   M    M   0 1      14 220
 6  75  39  57  11   8   0 0.00  0.0    0  4.5 14 150   M    M   5        17 150
 7  77  43  60  15   5   0 0.00  0.0    0  3.0 12 160   M    M   3 1      17 140
 8  72  38  55  10  10   0 0.00  0.0    0  1.1  6 290   M    M   2         7 350
 9  74  40  57  12   8   0 0.00  0.0    0  3.5 10 350   M    M   0        14  30
10  69  33  51   7  14   0 0.00  0.0    0  4.3 13 170   M    M   0 1      18 140
11  66  44  55  11  10   0 0.05  0.0    0  8.1 20 210   M    M   7 3      29 280
12  61  35  48   4  17   0    T  0.0    0  4.8 14 250   M    M   7 1      18 250
13  62  35  49   6  16   0 0.00  0.0    0  5.3 18 160   M    M   3        23 170
14  72  28  50   7  15   0 0.00  0.0    0  2.5 25 240   M    M   2        37 220
15  59  37  48   6  17   0 0.07  0.0    0  4.6 20 220   M    M   6 1      24 220
16  56  29  43   1  22   0    T  0.0    0  4.6 15 190   M    M   6 1      19 210
17  59  24  42   0  23   0 0.00  0.0    0  1.7 10  50   M    M   2 1      13  40
18  65  34  50   9  15   0    T  0.0    0  2.5 10 220   M    M   7 1      13 230
19  67  31  49   8  16   0 0.00  0.0    0  1.5  9  40   M    M   4 12     11  80
20  72  27  50   9  15   0 0.00  0.0    0  0.5  7  60   M    M   3 12      9 360
21  51  38  45   5  20   0 0.18  0.0    0  4.1 14 180   M    M   9 1      24 170
================================================================================
SM 1369  711       321   0  0.31     0.0  80.6          M       85
================================================================================
AV 65.2 33.9                               3.8 FASTST   M    M   4    MAX(MPH)
                                 MISC ---->  # 25 240               # 37  220
================================================================================
NOTES:
# LAST OF SEVERAL OCCURRENCES

COLUMN 17 PEAK WIND IN M.P.H.

PRELIMINARY LOCAL CLIMATOLOGICAL DATA (WS FORM: F-6) , PAGE 2

                                          STATION:  KALISPELL MT
                                          MONTH:    OCTOBER
                                          YEAR:     2014
                                          LATITUDE:   48 17 N
                                          LONGITUDE: 114 16 W

[TEMPERATURE DATA]      [PRECIPITATION DATA]       SYMBOLS USED IN COLUMN 16

AVERAGE MONTHLY: 49.5   TOTAL FOR MONTH:   0.31    1 = FOG OR MIST
DPTR FM NORMAL:   5.5   DPTR FM NORMAL:   -0.31    2 = FOG REDUCING VISIBILITY
HIGHEST:    77 ON  7    GRTST 24HR  0.37 ON 30- 1      TO 1/4 MILE OR LESS
LOWEST:     23 ON  3                               3 = THUNDER
                        SNOW, ICE PELLETS, HAIL    4 = ICE PELLETS
                        TOTAL MONTH:   0.0 INCH    5 = HAIL
                        GRTST 24HR     0.0         6 = FREEZING RAIN OR DRIZZLE
                        GRTST DEPTH:   0           7 = DUSTSTORM OR SANDSTORM:
                                                       VSBY 1/2 MILE OR LESS
                                                   8 = SMOKE OR HAZE
[NO. OF DAYS WITH]      [WEATHER - DAYS WITH]      9 = BLOWING SNOW
                                                   X = TORNADO
MAX 32 OR BELOW:   0    0.01 INCH OR MORE:   4
MAX 90 OR ABOVE:   0    0.10 INCH OR MORE:   1
MIN 32 OR BELOW:   7    0.50 INCH OR MORE:   0
MIN  0 OR BELOW:   0    1.00 INCH OR MORE:   0

[HDD (BASE 65) ]
TOTAL THIS MO.   321    CLEAR  (SCALE 0-3)  10
DPTR FM NORMAL  -122    PTCLDY (SCALE 4-7)   9
TOTAL FM JUL 1   686    CLOUDY (SCALE 8-10)  2
DPTR FM NORMAL  -257

[CDD (BASE 65) ]
TOTAL THIS MO.     0
DPTR FM NORMAL     0    [PRESSURE DATA]
TOTAL FM JAN 1   217    HIGHEST SLP M ON M
DPTR FM NORMAL    70    LOWEST  SLP 29.59 ON 15

[REMARKS]
