000
CXUS53 KGRR 201017
CF6GRR
PRELIMINARY LOCAL CLIMATOLOGICAL DATA (WS FORM: F-6)

                                          STATION:   GRAND RAPIDS
                                          MONTH:     FEBRUARY
                                          YEAR:      2017
                                          LATITUDE:   42 52 N
                                          LONGITUDE:  85 31 W

  TEMPERATURE IN F:       :PCPN:    SNOW:  WIND      :SUNSHINE: SKY     :PK WND
================================================================================
1   2   3   4   5  6A  6B    7    8   9   10  11  12  13   14  15   16   17  18
                                     12Z  AVG MX 2MIN
DY MAX MIN AVG DEP HDD CDD  WTR  SNW DPTH SPD SPD DIR MIN PSBL S-S WX    SPD DR
================================================================================

 1  36  23  30   6  35   0 0.11  1.2    5  9.3 20 270 213   36   8 1      26 320
 2  24  16  20  -5  45   0    T    T    4 15.3 23 270  61   10   8 8      30 290
 3  20   9  15 -10  50   0    T    T    4 13.3 25 300 439   73   6        31 280
 4  30   4  17  -8  48   0    T    T    3  9.8 23 220 191   32   6        28 210
 5  35  19  27   2  38   0    T    T    3 11.2 20 290   0    0   8        25 300
 6  43  16  30   5  35   0 0.00  0.0    3  6.2 10  60 428   70   5 18     13 170
 7  38  33  36  11  29   0 0.42  0.0    2 11.6 26 280   0    0  10 128    35 270
 8  34  20  27   2  38   0    T    T    T 10.9 25 290   0    0   9 1      33 280
 9  20  12  16 -10  49   0 0.01  0.7    1 12.0 22 290 104   17   7 18     29 310
10  40  16  28   2  37   0 0.00  0.0    T 13.9 24 180 322   52   7        29 170
11  45  34  40  14  25   0 0.05  0.0    T  4.6 16 250   6    1   8 18     20 250
12  41  33  37  11  28   0 0.04    T    T 13.8 33 290 132   21   8 1      45 290
13  42  27  35   9  30   0 0.00  0.0    T 10.9 20 250 618   98   1        23 260
14  44  32  38  12  27   0 0.01    T    0 14.9 26 320 602   95   4        38 310
15  32  25  29   2  36   0    T    T    0 14.0 25 320   0    0   9        36 320
16  33  21  27   0  38   0    T    T    0  6.0 14 330 407   64   8        17 320
17  54  27  41  14  24   0 0.00  0.0    0  7.4 13 200 509   79   3        16 200
18  59  35  47  20  18   0 0.00  0.0    0 11.7 20 250 631   98   1        26 240
19  62  33  48  20  17   0 0.00  0.0    0  6.6 14 280 619   96   3        22 310
================================================================================
SM  732  435       647   0  0.64     1.9 203.4         5282    119
================================================================================
AV 38.5 22.9                              10.7 FASTST  278  44   6    MAX(MPH)
                                 MISC ---->  # 33 290               # 45  290
================================================================================
NOTES:
# LAST OF SEVERAL OCCURRENCES

COLUMN 17 PEAK WIND IN M.P.H.

PRELIMINARY LOCAL CLIMATOLOGICAL DATA (WS FORM: F-6) , PAGE 2

                                          STATION:  GRAND RAPIDS
                                          MONTH:    FEBRUARY
                                          YEAR:     2017
                                          LATITUDE:   42 52 N
                                          LONGITUDE:  85 31 W

[TEMPERATURE DATA]      [PRECIPITATION DATA]       SYMBOLS USED IN COLUMN 16

AVERAGE MONTHLY: 30.7   TOTAL FOR MONTH:   0.64    1 = FOG OR MIST
DPTR FM NORMAL:   4.9   DPTR FM NORMAL:   -0.50    2 = FOG REDUCING VISIBILITY
HIGHEST:    62 ON 19    GRTST 24HR  0.42 ON  6- 7      TO 1/4 MILE OR LESS
LOWEST:      4 ON  4                               3 = THUNDER
                        SNOW, ICE PELLETS, HAIL    4 = ICE PELLETS
                        TOTAL MONTH:   1.9 INCHES  5 = HAIL
                        GRTST 24HR   1.2 ON   M    6 = FREEZING RAIN OR DRIZZLE
                        GRTST DEPTH:   5 ON  1     7 = DUSTSTORM OR SANDSTORM:
                                                       VSBY 1/2 MILE OR LESS
                                                   8 = SMOKE OR HAZE
[NO. OF DAYS WITH]      [WEATHER - DAYS WITH]      9 = BLOWING SNOW
                                                   X = TORNADO
MAX 32 OR BELOW:   5    0.01 INCH OR MORE:   6
MAX 90 OR ABOVE:   0    0.10 INCH OR MORE:   2
MIN 32 OR BELOW:  14    0.50 INCH OR MORE:   0
MIN  0 OR BELOW:   0    1.00 INCH OR MORE:   0

[HDD (BASE 65) ]
TOTAL THIS MO.   647    CLEAR  (SCALE 0-3)   3
DPTR FM NORMAL   -96    PTCLDY (SCALE 4-7)  11
TOTAL FM JUL 1  3859    CLOUDY (SCALE 8-10)  5
DPTR FM NORMAL  -591

[CDD (BASE 65) ]
TOTAL THIS MO.     0
DPTR FM NORMAL     0    [PRESSURE DATA]
TOTAL FM JAN 1     0    HIGHEST SLP M ON M
DPTR FM NORMAL     0    LOWEST  SLP 29.25 ON  7

[REMARKS]
